000
CDUS43 KDVN 232122
CLIIOW


CLIMATE REPORT
NATIONAL WEATHER SERVICE QUAD CITIES IA IL
422 PM CDT MON OCT 23 2017


...................................

...THE IOWA CITY IA CLIMATE SUMMARY FOR OCTOBER 23 2017...
VALID TODAY AS OF 0400 PM LOCAL TIME.

CLIMATE NORMAL PERIOD 1981 TO 2010
CLIMATE RECORD PERIOD 9999 TO 9999


WEATHER ITEM   OBSERVED TIME   RECORD YEAR NORMAL DEPARTURE LAST
                VALUE   (LST)  VALUE       VALUE  FROM      YEAR
                                                  NORMAL
..................................................................
TEMPERATURE (F)
 TODAY
  MAXIMUM         61    149 PM  MM      MM  60      1       74
  MINIMUM         42    624 AM  MM      MM  39      3       43
  AVERAGE         52                        50      2       59

PRECIPITATION (IN)
  TODAY            T            MM      MM   0.10  -0.10     0.00
  MONTH TO DATE    3.70                      2.11   1.59     1.08
  SINCE SEP 1      4.19                      5.50  -1.31     3.91
  SINCE JAN 1     29.72                     31.65  -1.93    29.55

DEGREE DAYS
 HEATING
  TODAY           13                        16     -3        6
  MONTH TO DATE  107                       275   -168      148
  SINCE SEP 1    139                       379   -240      168
  SINCE JUL 1    139                       387   -248      170

 COOLING
  TODAY            0                         0      0        0
  MONTH TO DATE   29                        10     19       32
  SINCE SEP 1    201                        90    111      212
  SINCE JAN 1   1073                       912    161     1188
..................................................................


WIND (MPH)
  HIGHEST WIND SPEED    24   HIGHEST WIND DIRECTION    NW (320)
  HIGHEST GUST SPEED    36   HIGHEST GUST DIRECTION    NW (320)
  AVERAGE WIND SPEED     5.1


SKY COVER
  POSSIBLE SUNSHINE  MM
  AVERAGE SKY COVER 0.3


WEATHER CONDITIONS
 THE FOLLOWING WEATHER WAS RECORDED TODAY.
  LIGHT RAIN
  FOG
  FOG W/VISIBILITY <= 1/4 MILE


RELATIVE HUMIDITY (PERCENT)
 HIGHEST   100          1200 AM
 LOWEST     53          1200 PM
 AVERAGE    77

..........................................................


THE IOWA CITY IA CLIMATE NORMALS FOR TOMORROW
                         NORMAL    RECORD    YEAR
 MAXIMUM TEMPERATURE (F)   59        MM        MM
 MINIMUM TEMPERATURE (F)   39        MM        MM


SUNRISE AND SUNSET
OCTOBER 23 2017.......SUNRISE   728 AM CDT   SUNSET   613 PM CDT
OCTOBER 24 2017.......SUNRISE   729 AM CDT   SUNSET   611 PM CDT


-  INDICATES NEGATIVE NUMBERS.
R  INDICATES RECORD WAS SET OR TIED.
MM INDICATES DATA IS MISSING.
T  INDICATES TRACE AMOUNT.




$$
