000
CDUS43 KDVN 310905
CLIIOW


CLIMATE REPORT
NATIONAL WEATHER SERVICE QUAD CITIES IA IL
405 AM CDT MON AUG 31 2015


...................................

...THE IOWA CITY IA CLIMATE SUMMARY FOR AUGUST 30 2015...

CLIMATE NORMAL PERIOD 1981 TO 2010
CLIMATE RECORD PERIOD 9999 TO 9999


WEATHER ITEM   OBSERVED TIME   RECORD YEAR NORMAL DEPARTURE LAST
                VALUE   (LST)  VALUE       VALUE  FROM      YEAR
                                                  NORMAL
..................................................................
TEMPERATURE (F)
 YESTERDAY
  MAXIMUM         77    448 PM  MM      MM  81     -4       80
  MINIMUM         61   1229 AM  MM      MM  60      1       65
  AVERAGE         69                        70     -1       73

PRECIPITATION (IN)
  YESTERDAY        0.00         MM      MM   0.16  -0.16     0.04
  MONTH TO DATE    3.59                      4.35  -0.76     3.35
  SINCE JUN 1     12.15                     13.91  -1.76    16.11
  SINCE JAN 1     22.00                     26.00  -4.00    27.16

DEGREE DAYS
 HEATING
  YESTERDAY        0                         0      0        0
  MONTH TO DATE   11                         0     11        0
  SINCE JUN 1     20                        19      1       16
  SINCE JUL 1     13                         2     11       12

 COOLING
  YESTERDAY        4                         6     -2        8
  MONTH TO DATE  190                       239    -49      239
  SINCE JUN 1    672                       756    -84      617
  SINCE JAN 1    735                       817    -82      706
..................................................................


WIND (MPH)
  HIGHEST WIND SPEED     8   HIGHEST WIND DIRECTION     W (280)
  HIGHEST GUST SPEED    10   HIGHEST GUST DIRECTION     W (270)
  AVERAGE WIND SPEED     2.1


SKY COVER
  POSSIBLE SUNSHINE  MM
  AVERAGE SKY COVER 0.7


WEATHER CONDITIONS
 THE FOLLOWING WEATHER WAS RECORDED YESTERDAY.
  FOG
  FOG W/VISIBILITY <= 1/4 MILE


RELATIVE HUMIDITY (PERCENT)
 HIGHEST   100          1200 AM
 LOWEST     64           300 PM
 AVERAGE    82

..........................................................


THE IOWA CITY IA CLIMATE NORMALS FOR TODAY
                         NORMAL    RECORD    YEAR
 MAXIMUM TEMPERATURE (F)   81        MM        MM
 MINIMUM TEMPERATURE (F)   59        MM        MM


SUNRISE AND SUNSET
AUGUST 31 2015........SUNRISE   631 AM CDT   SUNSET   741 PM CDT
SEPTEMBER  1 2015.....SUNRISE   632 AM CDT   SUNSET   740 PM CDT


-  INDICATES NEGATIVE NUMBERS.
R  INDICATES RECORD WAS SET OR TIED.
MM INDICATES DATA IS MISSING.
T  INDICATES TRACE AMOUNT.




$$
