000
CDUS43 KDVN 220915
CLIIOW


CLIMATE REPORT
NATIONAL WEATHER SERVICE QUAD CITIES IA IL
414 AM CDT TUE AUG 22 2017


...................................

...THE IOWA CITY IA CLIMATE SUMMARY FOR AUGUST 21 2017...

CLIMATE NORMAL PERIOD 1981 TO 2010
CLIMATE RECORD PERIOD 9999 TO 9999


WEATHER ITEM   OBSERVED TIME   RECORD YEAR NORMAL DEPARTURE LAST
                VALUE   (LST)  VALUE       VALUE  FROM      YEAR
                                                  NORMAL
..................................................................
TEMPERATURE (F)
 YESTERDAY
  MAXIMUM         82    502 PM  MM      MM  82      0       75
  MINIMUM         68    337 AM  MM      MM  62      6       56
  AVERAGE         75                        72      3       66

PRECIPITATION (IN)
  YESTERDAY        0.76         MM      MM   0.15   0.61     0.00
  MONTH TO DATE    1.02                      3.03  -2.01     4.24
  SINCE JUN 1     11.71                     12.59  -0.88    14.24
  SINCE JAN 1     25.43                     24.68   0.75    22.85

DEGREE DAYS
 HEATING
  YESTERDAY        0                         0      0        0
  MONTH TO DATE    0                         0      0        0
  SINCE JUN 1      7                        19    -12        4
  SINCE JUL 1      0                         2     -2        2

 COOLING
  YESTERDAY       10                         7      3        1
  MONTH TO DATE  139                       180    -41      222
  SINCE JUN 1    787                       697     90      814
  SINCE JAN 1    840                       758     82      886
..................................................................


WIND (MPH)
  HIGHEST WIND SPEED    33   HIGHEST WIND DIRECTION    NW (330)
  HIGHEST GUST SPEED    38   HIGHEST GUST DIRECTION    NW (320)
  AVERAGE WIND SPEED     8.0


SKY COVER
  POSSIBLE SUNSHINE  MM
  AVERAGE SKY COVER 0.5


WEATHER CONDITIONS
 THE FOLLOWING WEATHER WAS RECORDED YESTERDAY.
  THUNDERSTORM
  HEAVY RAIN
  RAIN
  LIGHT RAIN
  FOG


RELATIVE HUMIDITY (PERCENT)
 HIGHEST   100           800 AM
 LOWEST     74           200 PM
 AVERAGE    87

..........................................................


THE IOWA CITY IA CLIMATE NORMALS FOR TODAY
                         NORMAL    RECORD    YEAR
 MAXIMUM TEMPERATURE (F)   82        MM        MM
 MINIMUM TEMPERATURE (F)   62        MM        MM


SUNRISE AND SUNSET
AUGUST 22 2017........SUNRISE   622 AM CDT   SUNSET   755 PM CDT
AUGUST 23 2017........SUNRISE   623 AM CDT   SUNSET   753 PM CDT


-  INDICATES NEGATIVE NUMBERS.
R  INDICATES RECORD WAS SET OR TIED.
MM INDICATES DATA IS MISSING.
T  INDICATES TRACE AMOUNT.




$$
