000
CDUS43 KDVN 230908
CLIIOW


CLIMATE REPORT
NATIONAL WEATHER SERVICE QUAD CITIES IA IL
407 AM CDT WED APR 23 2014


...................................

...THE IOWA CITY IA CLIMATE SUMMARY FOR APRIL 22 2014...

CLIMATE NORMAL PERIOD 1981 TO 2010
CLIMATE RECORD PERIOD 9999 TO 9999


WEATHER ITEM   OBSERVED TIME   RECORD YEAR NORMAL DEPARTURE LAST
                VALUE   (LST)  VALUE       VALUE  FROM      YEAR
                                                  NORMAL
..................................................................
TEMPERATURE (F)
 YESTERDAY
  MAXIMUM         63    422 PM  MM      MM  64     -1       69
  MINIMUM         44    602 AM  MM      MM  42      2       46
  AVERAGE         54                        53      1       58

PRECIPITATION (IN)
  YESTERDAY        0.00         MM      MM   0.13  -0.13      T
  MONTH TO DATE    2.66                      2.31   0.35     8.30
  SINCE MAR 1      3.29                      4.53  -1.24    10.73
  SINCE JAN 1      5.12                      6.69  -1.57    13.18

DEGREE DAYS
 HEATING
  YESTERDAY       11                        12     -1        7
  MONTH TO DATE  367                       341     26      428
  SINCE MAR 1   1410                      1158    252     1482
  SINCE JUL 1   7203                      6108   1095     6168

 COOLING
  YESTERDAY        0                         0      0        0
  MONTH TO DATE    3                         0      3        0
  SINCE MAR 1      3                         0      3        0
  SINCE JAN 1      3                         0      3        0
..................................................................


WIND (MPH)
  HIGHEST WIND SPEED    21   HIGHEST WIND DIRECTION     N (340)
  HIGHEST GUST SPEED    27   HIGHEST GUST DIRECTION    NW (330)
  AVERAGE WIND SPEED    11.3


SKY COVER
  POSSIBLE SUNSHINE  MM
  AVERAGE SKY COVER 0.0


WEATHER CONDITIONS
 THE FOLLOWING WEATHER WAS RECORDED YESTERDAY.
  NO SIGNIFICANT WEATHER WAS OBSERVED.


RELATIVE HUMIDITY (PERCENT)
 HIGHEST    76           400 AM
 LOWEST     30           400 PM
 AVERAGE    53

..........................................................


THE IOWA CITY IA CLIMATE NORMALS FOR TODAY
                         NORMAL    RECORD    YEAR
 MAXIMUM TEMPERATURE (F)   64        MM        MM
 MINIMUM TEMPERATURE (F)   43        MM        MM


SUNRISE AND SUNSET
APRIL 23 2014.........SUNRISE   614 AM CDT   SUNSET   756 PM CDT
APRIL 24 2014.........SUNRISE   613 AM CDT   SUNSET   757 PM CDT


-  INDICATES NEGATIVE NUMBERS.
R  INDICATES RECORD WAS SET OR TIED.
MM INDICATES DATA IS MISSING.
T  INDICATES TRACE AMOUNT.




$$
