000
CDUS41 KCTP 200629
CLIIPT


CLIMATE REPORT
NATIONAL WEATHER SERVICE STATE COLLEGE PA
228 AM EDT SAT SEP 20 2014


...................................

...THE WILLIAMSPORT PA CLIMATE SUMMARY FOR SEPTEMBER 19 2014...

CLIMATE NORMAL PERIOD 1981 TO 2010
CLIMATE RECORD PERIOD 1895 TO 2014


WEATHER ITEM   OBSERVED TIME   RECORD YEAR NORMAL DEPARTURE LAST
                VALUE   (LST)  VALUE       VALUE  FROM      YEAR
                                                  NORMAL
..................................................................
TEMPERATURE (F)
 YESTERDAY
  MAXIMUM         70    349 PM  89    1946  72     -2       76
  MINIMUM         45    539 AM  34    1943  52     -7       42
  AVERAGE         58                        62     -4       59

PRECIPITATION (IN)
  YESTERDAY        0.00          1.38 1989   0.14  -0.14     0.00
  MONTH TO DATE    0.69                      2.64  -1.95     1.30
  SINCE SEP 1      0.69                      2.64  -1.95     1.30
  SINCE JAN 1     29.50                     29.67  -0.17    22.92

DEGREE DAYS
 HEATING
  YESTERDAY        7                         4      3        6
  MONTH TO DATE   51                        45      6       70
  SINCE SEP 1     51                        45      6       70
  SINCE JUL 1     56                        59     -3       75

 COOLING
  YESTERDAY        0                         1     -1        0
  MONTH TO DATE   76                        53     23       73
  SINCE SEP 1     76                        53     23       73
  SINCE JAN 1    693                       687      6      832
..................................................................


WIND (MPH)
  HIGHEST WIND SPEED    21   HIGHEST WIND DIRECTION    SE (150)
  HIGHEST GUST SPEED    27   HIGHEST GUST DIRECTION    SE (150)
  AVERAGE WIND SPEED     6.2


SKY COVER
  POSSIBLE SUNSHINE  MM
  AVERAGE SKY COVER 0.1


WEATHER CONDITIONS
 THE FOLLOWING WEATHER WAS RECORDED YESTERDAY.
  NO SIGNIFICANT WEATHER WAS OBSERVED.


RELATIVE HUMIDITY (PERCENT)
 HIGHEST    93           200 AM
 LOWEST     44          1200 PM
 AVERAGE    69

..........................................................


THE WILLIAMSPORT PA CLIMATE NORMALS FOR TODAY
                         NORMAL    RECORD    YEAR
 MAXIMUM TEMPERATURE (F)   72        90      1895
 MINIMUM TEMPERATURE (F)   52        34      1929


SUNRISE AND SUNSET
SEPTEMBER 20 2014.....SUNRISE   653 AM EDT   SUNSET   708 PM EDT
SEPTEMBER 21 2014.....SUNRISE   654 AM EDT   SUNSET   707 PM EDT


-  INDICATES NEGATIVE NUMBERS.
R  INDICATES RECORD WAS SET OR TIED.
MM INDICATES DATA IS MISSING.
T  INDICATES TRACE AMOUNT.




$$
