000
CDUS41 KCTP 020640
CLIIPT


CLIMATE REPORT
NATIONAL WEATHER SERVICE STATE COLLEGE PA
240 AM EDT THU OCT 2 2014


...................................

...THE WILLIAMSPORT PA CLIMATE SUMMARY FOR OCTOBER 1 2014...

CLIMATE NORMAL PERIOD 1981 TO 2010
CLIMATE RECORD PERIOD 1895 TO 2014


WEATHER ITEM   OBSERVED TIME   RECORD YEAR NORMAL DEPARTURE LAST
                VALUE   (LST)  VALUE       VALUE  FROM      YEAR
                                                  NORMAL
..................................................................
TEMPERATURE (F)
 YESTERDAY
  MAXIMUM         73    330 PM  91    1927  68      5       80
  MINIMUM         60   1159 PM  31    1993  47     13       52
                                      1947
  AVERAGE         67                        57     10       66

PRECIPITATION (IN)
  YESTERDAY        0.09          1.20 1939   0.13  -0.04     0.00
  MONTH TO DATE    0.09                      0.13  -0.04     0.00
  SINCE SEP 1      1.19                      4.29  -3.10     1.60
  SINCE JAN 1     30.00                     31.32  -1.32    23.22

DEGREE DAYS
 HEATING
  YESTERDAY        0                         8     -8        0
  MONTH TO DATE    0                         8     -8        0
  SINCE SEP 1     76                       122    -46      121
  SINCE JUL 1     81                       136    -55      126

 COOLING
  YESTERDAY        2                         1      1        1
  MONTH TO DATE    2                         1      1        1
  SINCE SEP 1     92                        64     28       75
  SINCE JAN 1    709                       698     11      834
..................................................................


WIND (MPH)
  HIGHEST WIND SPEED     9   HIGHEST WIND DIRECTION     E (110)
  HIGHEST GUST SPEED    11   HIGHEST GUST DIRECTION     E (110)
  AVERAGE WIND SPEED     2.2


SKY COVER
  POSSIBLE SUNSHINE  MM
  AVERAGE SKY COVER 0.8


WEATHER CONDITIONS
 THE FOLLOWING WEATHER WAS RECORDED YESTERDAY.
  LIGHT RAIN
  FOG
  HAZE


RELATIVE HUMIDITY (PERCENT)
 HIGHEST    93           800 PM
 LOWEST     57           400 PM
 AVERAGE    75

..........................................................


THE WILLIAMSPORT PA CLIMATE NORMALS FOR TODAY
                         NORMAL    RECORD    YEAR
 MAXIMUM TEMPERATURE (F)   67        93      1927
 MINIMUM TEMPERATURE (F)   47        29      1899


SUNRISE AND SUNSET
OCTOBER  2 2014.......SUNRISE   705 AM EDT   SUNSET   648 PM EDT
OCTOBER  3 2014.......SUNRISE   706 AM EDT   SUNSET   646 PM EDT


-  INDICATES NEGATIVE NUMBERS.
R  INDICATES RECORD WAS SET OR TIED.
MM INDICATES DATA IS MISSING.
T  INDICATES TRACE AMOUNT.




$$
