239
CDUS41 KCTP 280623
CLIIPT


CLIMATE REPORT
NATIONAL WEATHER SERVICE STATE COLLEGE PA
123 AM EST TUE FEB 28 2017


...................................

...THE WILLIAMSPORT PA CLIMATE SUMMARY FOR FEBRUARY 27 2017...

CLIMATE NORMAL PERIOD 1981 TO 2010
CLIMATE RECORD PERIOD 1895 TO 2017


WEATHER ITEM   OBSERVED TIME   RECORD YEAR NORMAL DEPARTURE LAST
                VALUE   (LST)  VALUE       VALUE  FROM      YEAR
                                                  NORMAL
..................................................................
TEMPERATURE (F)
 YESTERDAY
  MAXIMUM         48    622 PM  69    1997  42      6       41
  MINIMUM         22    652 AM  -5    1963  24     -2       22
  AVERAGE         35                        32      3       32

PRECIPITATION (IN)
  YESTERDAY        T             1.20 1958   0.08  -0.08     0.00
  MONTH TO DATE    1.87                      2.25  -0.38     4.32
  SINCE DEC 1      8.26                      7.88   0.38     9.74
  SINCE JAN 1      5.30                      4.95   0.35     6.38

SNOWFALL (IN)
  YESTERDAY        0.0           6.0  1934   0.3   -0.3      0.0
  MONTH TO DATE    6.2                       8.5   -2.3      4.4
  SINCE DEC 1     18.4                      25.9   -7.5      5.7
  SINCE JUL 1     18.5                      27.7   -9.2      5.7
  SNOW DEPTH       0

DEGREE DAYS
 HEATING
  YESTERDAY       30                        33     -3       33
  MONTH TO DATE  729                       956   -227      877
  SINCE DEC 1   2685                      3190   -505     2677
  SINCE JUL 1   3619                      4435   -816     3604

 COOLING
  YESTERDAY        0                         0      0        0
  MONTH TO DATE    0                         0      0        0
  SINCE DEC 1      0                         0      0        0
  SINCE JAN 1      0                         0      0        0
..................................................................


WIND (MPH)
  HIGHEST WIND SPEED    15   HIGHEST WIND DIRECTION     S (200)
  HIGHEST GUST SPEED    20   HIGHEST GUST DIRECTION     S (190)
  AVERAGE WIND SPEED     3.6


SKY COVER
  POSSIBLE SUNSHINE  MM
  AVERAGE SKY COVER 0.6


WEATHER CONDITIONS
 THE FOLLOWING WEATHER WAS RECORDED YESTERDAY.
  LIGHT RAIN


RELATIVE HUMIDITY (PERCENT)
 HIGHEST    81           300 AM
 LOWEST     34           200 PM
 AVERAGE    58

..........................................................


THE WILLIAMSPORT PA CLIMATE NORMALS FOR TODAY
                         NORMAL    RECORD    YEAR
 MAXIMUM TEMPERATURE (F)   42        68      2016
 MINIMUM TEMPERATURE (F)   24       -18      1934


SUNRISE AND SUNSET
FEBRUARY 28 2017......SUNRISE   643 AM EST   SUNSET   558 PM EST
MARCH  1 2017.........SUNRISE   642 AM EST   SUNSET   559 PM EST


-  INDICATES NEGATIVE NUMBERS.
R  INDICATES RECORD WAS SET OR TIED.
MM INDICATES DATA IS MISSING.
T  INDICATES TRACE AMOUNT.




$$
