000
CDUS41 KCTP 260633
CLIIPT


CLIMATE REPORT
NATIONAL WEATHER SERVICE STATE COLLEGE PA
233 AM EDT THU MAY 26 2016


...................................

...THE WILLIAMSPORT PA CLIMATE SUMMARY FOR MAY 25 2016...

CLIMATE NORMAL PERIOD 1981 TO 2010
CLIMATE RECORD PERIOD 1895 TO 2016


WEATHER ITEM   OBSERVED TIME   RECORD YEAR NORMAL DEPARTURE LAST
                VALUE   (LST)  VALUE       VALUE  FROM      YEAR
                                                  NORMAL
..................................................................
TEMPERATURE (F)
 YESTERDAY
  MAXIMUM         89    426 PM  92    1991  74     15       87
  MINIMUM         46    453 AM  31    1956  51     -5       57
  AVERAGE         68                        62      6       72

PRECIPITATION (IN)
  YESTERDAY        0.00          1.34 1947   0.12  -0.12     0.00
  MONTH TO DATE    2.22                      2.94  -0.72     1.66
  SINCE MAR 1      4.92                      9.15  -4.23     8.22
  SINCE JAN 1     11.34                     14.19  -2.85    11.01

SNOWFALL (IN)
  YESTERDAY        0.0           T    1925   0.0    0.0      0.0
                                      2001
  MONTH TO DATE    T                         0.0    0.0      0.0
  SINCE MAR 1      2.0                       8.0   -6.0     11.4
  SINCE JUL 1      7.7                      36.0  -28.3     44.4
  SNOW DEPTH       0

DEGREE DAYS
 HEATING
  YESTERDAY        0                         5     -5        0
  MONTH TO DATE  207                       181     26       93
  SINCE MAR 1   1264                      1469   -205     1517
  SINCE JUL 1   4907                      5936  -1029     6154

 COOLING
  YESTERDAY        3                         2      1        7
  MONTH TO DATE   10                        24    -14       82
  SINCE MAR 1     10                        29    -19       82
  SINCE JAN 1     10                        29    -19       82
..................................................................


WIND (MPH)
  HIGHEST WIND SPEED    17   HIGHEST WIND DIRECTION    SW (230)
  HIGHEST GUST SPEED    21   HIGHEST GUST DIRECTION    SW (240)
  AVERAGE WIND SPEED     4.7


SKY COVER
  POSSIBLE SUNSHINE  MM
  AVERAGE SKY COVER 0.0


WEATHER CONDITIONS
 THE FOLLOWING WEATHER WAS RECORDED YESTERDAY.
  NO SIGNIFICANT WEATHER WAS OBSERVED.


RELATIVE HUMIDITY (PERCENT)
 HIGHEST    86           500 AM
 LOWEST     20           100 PM
 AVERAGE    53

..........................................................


THE WILLIAMSPORT PA CLIMATE NORMALS FOR TODAY
                         NORMAL    RECORD    YEAR
 MAXIMUM TEMPERATURE (F)   74        93      1914
 MINIMUM TEMPERATURE (F)   51        35      1925


SUNRISE AND SUNSET
MAY 26 2016...........SUNRISE   540 AM EDT   SUNSET   830 PM EDT
MAY 27 2016...........SUNRISE   539 AM EDT   SUNSET   831 PM EDT


-  INDICATES NEGATIVE NUMBERS.
R  INDICATES RECORD WAS SET OR TIED.
MM INDICATES DATA IS MISSING.
T  INDICATES TRACE AMOUNT.




$$
