000
CDUS41 KCTP 240642
CLIIPT


CLIMATE REPORT
NATIONAL WEATHER SERVICE STATE COLLEGE PA
142 AM EST MON NOV 24 2014


...................................

...THE WILLIAMSPORT PA CLIMATE SUMMARY FOR NOVEMBER 23 2014...

CLIMATE NORMAL PERIOD 1981 TO 2010
CLIMATE RECORD PERIOD 1895 TO 2014


WEATHER ITEM   OBSERVED TIME   RECORD YEAR NORMAL DEPARTURE LAST
                VALUE   (LST)  VALUE       VALUE  FROM      YEAR
                                                  NORMAL
..................................................................
TEMPERATURE (F)
 YESTERDAY
  MAXIMUM         52    954 PM  66    1992  47      5       44
                                      1979
                                      1931
  MINIMUM         31    245 AM  14    1964  31      0       22
  AVERAGE         42                        39      3       33

PRECIPITATION (IN)
  YESTERDAY        0.05          0.80 1953   0.13  -0.08      T
  MONTH TO DATE    0.91                      2.82  -1.91     1.04
  SINCE SEP 1      4.51                     10.40  -5.89     5.63
  SINCE JAN 1     33.32                     37.43  -4.11    27.25

SNOWFALL (IN)
  YESTERDAY        0.0
  MONTH TO DATE    T
  SINCE SEP 1      T
  SINCE JUL 1      T
  SNOW DEPTH       0

DEGREE DAYS
 HEATING
  YESTERDAY       23                        26     -3       32
  MONTH TO DATE  594                       509     85      532
  SINCE SEP 1    977                      1038    -61      973
  SINCE JUL 1    982                      1052    -70      978

 COOLING
  YESTERDAY        0                         0      0        0
  MONTH TO DATE    0                         0      0        0
  SINCE SEP 1     96                        68     28      104
  SINCE JAN 1    713                       702     11      863
..................................................................


WIND (MPH)
  HIGHEST WIND SPEED    16   HIGHEST WIND DIRECTION     E (100)
  HIGHEST GUST SPEED    21   HIGHEST GUST DIRECTION     E (100)
  AVERAGE WIND SPEED     4.0


SKY COVER
  POSSIBLE SUNSHINE  MM
  AVERAGE SKY COVER 0.6


WEATHER CONDITIONS
 THE FOLLOWING WEATHER WAS RECORDED YESTERDAY.
  RAIN
  LIGHT RAIN
  FOG
  HAZE


RELATIVE HUMIDITY (PERCENT)
 HIGHEST    85          1200 AM
 LOWEST     39           200 PM
 AVERAGE    62

..........................................................


THE WILLIAMSPORT PA CLIMATE NORMALS FOR TODAY
                         NORMAL    RECORD    YEAR
 MAXIMUM TEMPERATURE (F)   46        66      1931
 MINIMUM TEMPERATURE (F)   31        15      1914


SUNRISE AND SUNSET
NOVEMBER 24 2014......SUNRISE   706 AM EST   SUNSET   442 PM EST
NOVEMBER 25 2014......SUNRISE   707 AM EST   SUNSET   442 PM EST


-  INDICATES NEGATIVE NUMBERS.
R  INDICATES RECORD WAS SET OR TIED.
MM INDICATES DATA IS MISSING.
T  INDICATES TRACE AMOUNT.




$$
