000
CDUS41 KCTP 050712
CLIIPT


CLIMATE REPORT
NATIONAL WEATHER SERVICE STATE COLLEGE PA
211 AM EST MON DEC 5 2016


...................................

...THE WILLIAMSPORT PA CLIMATE SUMMARY FOR DECEMBER 4 2016...

CLIMATE NORMAL PERIOD 1981 TO 2010
CLIMATE RECORD PERIOD 1895 TO 2016


WEATHER ITEM   OBSERVED TIME   RECORD YEAR NORMAL DEPARTURE LAST
                VALUE   (LST)  VALUE       VALUE  FROM      YEAR
                                                  NORMAL
..................................................................
TEMPERATURE (F)
 YESTERDAY
  MAXIMUM         46    112 PM  68    1998  42      4       50
  MINIMUM         38    557 PM   4    1940  28     10       30
  AVERAGE         42                        35      7       40

PRECIPITATION (IN)
  YESTERDAY        0.00          1.85 1900   0.12  -0.12     0.00
  MONTH TO DATE    0.17                      0.47  -0.30     1.13
  SINCE DEC 1      0.17                      0.47  -0.30     1.13
  SINCE JAN 1     31.70                     38.82  -7.12    38.33

SNOWFALL (IN)
  YESTERDAY        0.0           3.5  1911   0.1   -0.1      0.0
  MONTH TO DATE    0.0                       0.6   -0.6      0.0
  SINCE DEC 1      0.0                       0.6   -0.6      0.0
  SINCE JUL 1      0.1                       2.4   -2.3       T
  SNOW DEPTH       0

DEGREE DAYS
 HEATING
  YESTERDAY       23                        30     -7       25
  MONTH TO DATE   83                       118    -35       88
  SINCE DEC 1     83                       118    -35       88
  SINCE JUL 1   1017                      1363   -346     1015

 COOLING
  YESTERDAY        0                         0      0        0
  MONTH TO DATE    0                         0      0        0
  SINCE DEC 1      0                         0      0        0
  SINCE JAN 1   1148                       702    446      937
..................................................................


WIND (MPH)
  HIGHEST WIND SPEED    17   HIGHEST WIND DIRECTION    NE (60)
  HIGHEST GUST SPEED    26   HIGHEST GUST DIRECTION     E (100)
  AVERAGE WIND SPEED     7.5


SKY COVER
  POSSIBLE SUNSHINE  MM
  AVERAGE SKY COVER 0.7


WEATHER CONDITIONS
 THE FOLLOWING WEATHER WAS RECORDED YESTERDAY.
  NO SIGNIFICANT WEATHER WAS OBSERVED.


RELATIVE HUMIDITY (PERCENT)
 HIGHEST    65          1200 AM
 LOWEST     41           300 PM
 AVERAGE    53

..........................................................


THE WILLIAMSPORT PA CLIMATE NORMALS FOR TODAY
                         NORMAL    RECORD    YEAR
 MAXIMUM TEMPERATURE (F)   41        66      2001
 MINIMUM TEMPERATURE (F)   28         8      1926


SUNRISE AND SUNSET
DECEMBER  5 2016......SUNRISE   718 AM EST   SUNSET   439 PM EST
DECEMBER  6 2016......SUNRISE   719 AM EST   SUNSET   438 PM EST


-  INDICATES NEGATIVE NUMBERS.
R  INDICATES RECORD WAS SET OR TIED.
MM INDICATES DATA IS MISSING.
T  INDICATES TRACE AMOUNT.




$$
