000
CDUS43 KEAX 311232
CLIIRK


CLIMATE REPORT
NATIONAL WEATHER SERVICE KANSAS CITY/PLEASANT HILL MO
731 AM CDT FRI OCT 31 2014


...................................

...THE KIRKSVILLE MO CLIMATE SUMMARY FOR OCTOBER 31 2014...
VALID AS OF 0700 AM LOCAL TIME.

CLIMATE NORMAL PERIOD 1981 TO 2010
CLIMATE RECORD PERIOD 9999 TO 9999


WEATHER ITEM   OBSERVED TIME   NORMAL DEPARTURE LAST
                VALUE   (LST)  VALUE  FROM      YEAR
                                      NORMAL
......................................................
TEMPERATURE (F)
 TODAY
  MAXIMUM         50   1245 AM  58     -8       63
  MINIMUM         33    559 AM  37     -4       43
  AVERAGE         42            48     -6       53

PRECIPITATION (IN)
  TODAY            T             0.09  -0.09     1.32
  MONTH TO DATE    4.04          3.32   0.72     3.71
  SINCE SEP 1     14.11          7.43   6.68     5.40
  SINCE JAN 1     42.20         34.84   7.36    35.29

DEGREE DAYS
 HEATING
  TODAY           23            17      6       12
  MONTH TO DATE  323           380    -57      393
  SINCE SEP 1    423           482    -59      450
  SINCE JUL 1    429           489    -60      463

 COOLING
  TODAY            0             0      0        0
  MONTH TO DATE    3            12     -9       32
  SINCE SEP 1     92            95     -3      218
  SINCE JAN 1    958           939     19     1028
......................................................


WIND (MPH)
  HIGHEST WIND SPEED    28   HIGHEST WIND DIRECTION     N (360)
  HIGHEST GUST SPEED    35   HIGHEST GUST DIRECTION    NW (330)
  AVERAGE WIND SPEED    19.1


SKY COVER
  AVERAGE SKY COVER 0.7


WEATHER CONDITIONS
 THE FOLLOWING WEATHER WAS RECORDED TODAY.
  NO SIGNIFICANT WEATHER WAS OBSERVED.


RELATIVE HUMIDITY (PERCENT)
 HIGHEST    74          1200 AM
 LOWEST     56           600 AM
 AVERAGE    65

..........................................................


THE KIRKSVILLE MO CLIMATE NORMALS FOR TOMORROW
                         NORMAL
 MAXIMUM TEMPERATURE (F)   58
 MINIMUM TEMPERATURE (F)   37


SUNRISE AND SUNSET
OCTOBER 31 2014.......SUNRISE   738 AM CDT   SUNSET   609 PM CDT
NOVEMBER  1 2014......SUNRISE   739 AM CDT   SUNSET   608 PM CDT


-  INDICATES NEGATIVE NUMBERS.
R  INDICATES RECORD WAS SET OR TIED.
MM INDICATES DATA IS MISSING.
T  INDICATES TRACE AMOUNT.




$$
