000
CDUS43 KEAX 230634
CLIIRK


CLIMATE REPORT
NATIONAL WEATHER SERVICE KANSAS CITY/PLEASANT HILL MO
134 AM CDT WED JUL 23 2014


...................................

...THE KIRKSVILLE MO CLIMATE SUMMARY FOR JULY 22 2014...

CLIMATE NORMAL PERIOD 1981 TO 2010
CLIMATE RECORD PERIOD 9999 TO 9999


WEATHER ITEM   OBSERVED TIME   NORMAL DEPARTURE LAST
                VALUE   (LST)  VALUE  FROM      YEAR
                                      NORMAL
......................................................
TEMPERATURE (F)
 YESTERDAY
  MAXIMUM         93    320 PM  86      7       91
  MINIMUM         71    115 AM  65      6       62
  AVERAGE         82            76      6       77

PRECIPITATION (IN)
  YESTERDAY        0.04          0.17  -0.13     0.47
  MONTH TO DATE    2.70          3.21  -0.51     0.63
  SINCE JUN 1     10.12          7.99   2.13     4.07
  SINCE JAN 1     19.22         22.14  -2.92    28.54

DEGREE DAYS
 HEATING
  YESTERDAY        0             0      0        0
  MONTH TO DATE    6             0      6        0
  SINCE JUN 1     12            16     -4       36
  SINCE JUL 1      6             0      6        0

 COOLING
  YESTERDAY       17            11      6       12
  MONTH TO DATE  138           217    -79      223
  SINCE JUN 1    385           409    -24      430
  SINCE JAN 1    507           471     36      498
......................................................


WIND (MPH)
  HIGHEST WIND SPEED    15   HIGHEST WIND DIRECTION    SW (220)
  HIGHEST GUST SPEED    20   HIGHEST GUST DIRECTION    SW (230)
  AVERAGE WIND SPEED     7.8


SKY COVER
  AVERAGE SKY COVER 0.2


WEATHER CONDITIONS
 THE FOLLOWING WEATHER WAS RECORDED YESTERDAY.
  THUNDERSTORM
  RAIN
  FOG
  HAZE


RELATIVE HUMIDITY (PERCENT)
 HIGHEST    94          1000 PM
 LOWEST     66           200 PM
 AVERAGE    80

..........................................................


THE KIRKSVILLE MO CLIMATE NORMALS FOR TODAY
                         NORMAL
 MAXIMUM TEMPERATURE (F)   86
 MINIMUM TEMPERATURE (F)   65


SUNRISE AND SUNSET
JULY 23 2014..........SUNRISE   600 AM CDT   SUNSET   833 PM CDT
JULY 24 2014..........SUNRISE   601 AM CDT   SUNSET   832 PM CDT


-  INDICATES NEGATIVE NUMBERS.
R  INDICATES RECORD WAS SET OR TIED.
MM INDICATES DATA IS MISSING.
T  INDICATES TRACE AMOUNT.




$$
