000
CDUS43 KEAX 170633
CLIIRK


CLIMATE REPORT
NATIONAL WEATHER SERVICE KANSAS CITY/PLEASANT HILL MO
132 AM CDT TUE OCT 17 2017


...................................

...THE KIRKSVILLE MO CLIMATE SUMMARY FOR OCTOBER 16 2017...

CLIMATE NORMAL PERIOD 1981 TO 2010
CLIMATE RECORD PERIOD 9999 TO 9999


WEATHER ITEM   OBSERVED TIME   NORMAL DEPARTURE LAST
                VALUE   (LST)  VALUE  FROM      YEAR
                                      NORMAL
......................................................
TEMPERATURE (F)
 YESTERDAY
  MAXIMUM         67    325 PM  64      3       83
  MINIMUM         38    323 AM  42     -4       65
  AVERAGE         53            53      0       74

PRECIPITATION (IN)
  YESTERDAY        0.00          0.12  -0.12     0.00
  MONTH TO DATE    5.10          1.77   3.33     1.95
  SINCE SEP 1      5.33          5.88  -0.55     4.07
  SINCE JAN 1     29.60         33.29  -3.69    27.21

DEGREE DAYS
 HEATING
  YESTERDAY       12            12      0        0
  MONTH TO DATE   64           159    -95       81
  SINCE SEP 1    101           259   -158      110
  SINCE JUL 1    102           266   -164      116

 COOLING
  YESTERDAY        0             0      0        9
  MONTH TO DATE   34            10     24       30
  SINCE SEP 1    190            93     97      206
  SINCE JAN 1   1115           937    178     1284
......................................................


WIND (MPH)
  HIGHEST WIND SPEED    12   HIGHEST WIND DIRECTION     W (280)
  HIGHEST GUST SPEED    18   HIGHEST GUST DIRECTION    NW (310)
  AVERAGE WIND SPEED     6.1


SKY COVER
  AVERAGE SKY COVER 0.0


WEATHER CONDITIONS
 THE FOLLOWING WEATHER WAS RECORDED YESTERDAY.
  NO SIGNIFICANT WEATHER WAS OBSERVED.


RELATIVE HUMIDITY (PERCENT)
 HIGHEST   100          1200 AM
 LOWEST     34           200 PM
 AVERAGE    67

..........................................................


THE KIRKSVILLE MO CLIMATE NORMALS FOR TODAY
                         NORMAL
 MAXIMUM TEMPERATURE (F)   64
 MINIMUM TEMPERATURE (F)   42


SUNRISE AND SUNSET
OCTOBER 17 2017.......SUNRISE   723 AM CDT   SUNSET   627 PM CDT
OCTOBER 18 2017.......SUNRISE   724 AM CDT   SUNSET   626 PM CDT


-  INDICATES NEGATIVE NUMBERS.
R  INDICATES RECORD WAS SET OR TIED.
MM INDICATES DATA IS MISSING.
T  INDICATES TRACE AMOUNT.




$$
