000
CDUS43 KEAX 240635
CLIIRK


CLIMATE REPORT
NATIONAL WEATHER SERVICE KANSAS CITY/PLEASANT HILL MO
133 AM CDT SUN MAY 24 2015


...................................

...THE KIRKSVILLE MO CLIMATE SUMMARY FOR MAY 23 2015...

CLIMATE NORMAL PERIOD 1981 TO 2010
CLIMATE RECORD PERIOD 9999 TO 9999


WEATHER ITEM   OBSERVED TIME   NORMAL DEPARTURE LAST
                VALUE   (LST)  VALUE  FROM      YEAR
                                      NORMAL
......................................................
TEMPERATURE (F)
 YESTERDAY
  MAXIMUM         74    256 PM  75     -1       80
  MINIMUM         50    253 AM  54     -4       48
  AVERAGE         62            64     -2       64

PRECIPITATION (IN)
  YESTERDAY        0.02          0.17  -0.15     0.00
  MONTH TO DATE    2.50          3.65  -1.15     1.31
  SINCE MAR 1      7.03         10.04  -3.01     5.36
  SINCE JAN 1      9.08         12.84  -3.76     8.91

DEGREE DAYS
 HEATING
  YESTERDAY        3             3      0        1
  MONTH TO DATE  106           133    -27      154
  SINCE MAR 1   1074          1290   -216     1457
  SINCE JUL 1   5753          5823    -70     6427

 COOLING
  YESTERDAY        0             2     -2        0
  MONTH TO DATE   42            32     10       57
  SINCE MAR 1     45            39      6       62
  SINCE JAN 1     45            39      6       62
......................................................


WIND (MPH)
  HIGHEST WIND SPEED    21   HIGHEST WIND DIRECTION     S (190)
  HIGHEST GUST SPEED    30   HIGHEST GUST DIRECTION     S (180)
  AVERAGE WIND SPEED     9.0


SKY COVER
  AVERAGE SKY COVER 0.7


WEATHER CONDITIONS
 THE FOLLOWING WEATHER WAS RECORDED YESTERDAY.
  RAIN
  FOG


RELATIVE HUMIDITY (PERCENT)
 HIGHEST   100           100 AM
 LOWEST     49           300 PM
 AVERAGE    75

..........................................................


THE KIRKSVILLE MO CLIMATE NORMALS FOR TODAY
                         NORMAL
 MAXIMUM TEMPERATURE (F)   75
 MINIMUM TEMPERATURE (F)   55


SUNRISE AND SUNSET
MAY 24 2015...........SUNRISE   548 AM CDT   SUNSET   827 PM CDT
MAY 25 2015...........SUNRISE   547 AM CDT   SUNSET   828 PM CDT


-  INDICATES NEGATIVE NUMBERS.
R  INDICATES RECORD WAS SET OR TIED.
MM INDICATES DATA IS MISSING.
T  INDICATES TRACE AMOUNT.




$$
