000
CDUS43 KEAX 300633
CLIIRK


CLIMATE REPORT
NATIONAL WEATHER SERVICE KANSAS CITY/PLEASANT HILL MO
133 AM CDT SUN AUG 30 2015


...................................

...THE KIRKSVILLE MO CLIMATE SUMMARY FOR AUGUST 29 2015...

CLIMATE NORMAL PERIOD 1981 TO 2010
CLIMATE RECORD PERIOD 9999 TO 9999


WEATHER ITEM   OBSERVED TIME   NORMAL DEPARTURE LAST
                VALUE   (LST)  VALUE  FROM      YEAR
                                      NORMAL
......................................................
TEMPERATURE (F)
 YESTERDAY
  MAXIMUM         79    103 PM  82     -3       88
  MINIMUM         65   1150 PM  60      5       68
  AVERAGE         72            71      1       78

PRECIPITATION (IN)
  YESTERDAY        0.00          0.15  -0.15     0.24
  MONTH TO DATE    2.43          3.48  -1.05     8.51
  SINCE JUN 1     20.47         12.92   7.55    18.74
  SINCE JAN 1     31.23         27.07   4.16    27.84

DEGREE DAYS
 HEATING
  YESTERDAY        0             0      0        0
  MONTH TO DATE    8             0      8        0
  SINCE JUN 1     28            17     11       12
  SINCE JUL 1     13             1     12        6

 COOLING
  YESTERDAY        7             7      0       13
  MONTH TO DATE  211           263    -52      285
  SINCE JUN 1    785           768     17      723
  SINCE JAN 1    853           830     23      845
......................................................


WIND (MPH)
  HIGHEST WIND SPEED     9   HIGHEST WIND DIRECTION     N (10)
  HIGHEST GUST SPEED    12   HIGHEST GUST DIRECTION     N (350)
  AVERAGE WIND SPEED     3.7


SKY COVER
  AVERAGE SKY COVER 0.9


WEATHER CONDITIONS
 THE FOLLOWING WEATHER WAS RECORDED YESTERDAY.
  FOG
  FOG W/VISIBILITY <= 1/4 MILE


RELATIVE HUMIDITY (PERCENT)
 HIGHEST    93          1000 PM
 LOWEST     71           100 PM
 AVERAGE    82

..........................................................


THE KIRKSVILLE MO CLIMATE NORMALS FOR TODAY
                         NORMAL
 MAXIMUM TEMPERATURE (F)   82
 MINIMUM TEMPERATURE (F)   60


SUNRISE AND SUNSET
AUGUST 30 2015........SUNRISE   636 AM CDT   SUNSET   745 PM CDT
AUGUST 31 2015........SUNRISE   637 AM CDT   SUNSET   744 PM CDT


-  INDICATES NEGATIVE NUMBERS.
R  INDICATES RECORD WAS SET OR TIED.
MM INDICATES DATA IS MISSING.
T  INDICATES TRACE AMOUNT.




$$
