000
CDUS43 KEAX 160637
CLIIRK


CLIMATE REPORT
NATIONAL WEATHER SERVICE KANSAS CITY/PLEASANT HILL MO
135 AM CDT TUE SEP 16 2014


...................................

...THE KIRKSVILLE MO CLIMATE SUMMARY FOR SEPTEMBER 15 2014...

CLIMATE NORMAL PERIOD 1981 TO 2010
CLIMATE RECORD PERIOD 9999 TO 9999


WEATHER ITEM   OBSERVED TIME   NORMAL DEPARTURE LAST
                VALUE   (LST)  VALUE  FROM      YEAR
                                      NORMAL
......................................................
TEMPERATURE (F)
 YESTERDAY
  MAXIMUM         67    313 PM  76     -9       68
  MINIMUM         52   1159 PM  53     -1       56
  AVERAGE         60            65     -5       62

PRECIPITATION (IN)
  YESTERDAY        0.10          0.13  -0.03     0.25
  MONTH TO DATE   10.07          2.25   7.82     0.88
  SINCE SEP 1     10.07          2.25   7.82     0.88
  SINCE JAN 1     38.16         29.66   8.50    30.77

DEGREE DAYS
 HEATING
  YESTERDAY        5             3      2        3
  MONTH TO DATE   68            23     45       10
  SINCE SEP 1     68            23     45       10
  SINCE JUL 1     74            30     44       23

 COOLING
  YESTERDAY        0             2     -2        0
  MONTH TO DATE   59            60     -1      145
  SINCE SEP 1     59            60     -1      145
  SINCE JAN 1    925           904     21      955
......................................................


WIND (MPH)
  HIGHEST WIND SPEED    17   HIGHEST WIND DIRECTION     N (340)
  HIGHEST GUST SPEED    23   HIGHEST GUST DIRECTION     N (340)
  AVERAGE WIND SPEED     6.3


SKY COVER
  AVERAGE SKY COVER 1.0


WEATHER CONDITIONS
 THE FOLLOWING WEATHER WAS RECORDED YESTERDAY.
  THUNDERSTORM
  RAIN
  LIGHT RAIN
  FOG


RELATIVE HUMIDITY (PERCENT)
 HIGHEST    93           700 AM
 LOWEST     75           600 PM
 AVERAGE    84

..........................................................


THE KIRKSVILLE MO CLIMATE NORMALS FOR TODAY
                         NORMAL
 MAXIMUM TEMPERATURE (F)   76
 MINIMUM TEMPERATURE (F)   53


SUNRISE AND SUNSET
SEPTEMBER 16 2014.....SUNRISE   652 AM CDT   SUNSET   717 PM CDT
SEPTEMBER 17 2014.....SUNRISE   653 AM CDT   SUNSET   716 PM CDT


-  INDICATES NEGATIVE NUMBERS.
R  INDICATES RECORD WAS SET OR TIED.
MM INDICATES DATA IS MISSING.
T  INDICATES TRACE AMOUNT.




$$
