000
CDUS43 KBIS 280738
CLIISN


CLIMATE REPORT
NATIONAL WEATHER SERVICE BISMARCK ND
238 AM CDT THU MAY 28 2015


...................................

...THE WILLISTON ND CLIMATE SUMMARY FOR MAY 27 2015...

CLIMATE NORMAL PERIOD 1981 TO 2010
CLIMATE RECORD PERIOD 1894 TO 2015


WEATHER ITEM   OBSERVED TIME   RECORD YEAR NORMAL DEPARTURE LAST
                VALUE   (LST)  VALUE       VALUE  FROM      YEAR
                                                  NORMAL
..................................................................
TEMPERATURE (F)
 YESTERDAY
  MAXIMUM         83   1253 PM 101    1900  71     12       81
  MINIMUM         47    519 AM  28    1947  44      3       56
  AVERAGE         65                        58      7       69

PRECIPITATION (IN)
  YESTERDAY        0.38          1.04 2012   0.07   0.31      T
  MONTH TO DATE    1.82                      1.61   0.21     1.33
  SINCE MAR 1      2.56                      3.32  -0.76     3.36
  SINCE JAN 1      3.50                      4.30  -0.80     3.80

SNOWFALL (IN)
  YESTERDAY       MM             0.2  1959   0.0   MM       MM
  MONTH TO DATE   MM                         1.3   MM       MM
  SINCE MAR 1     MM                        11.2   MM       MM
  SINCE JUL 1     MM                        45.3   MM       MM
  SNOW DEPTH      MM

DEGREE DAYS
 HEATING
  YESTERDAY        0                         8     -8        0
  MONTH TO DATE  338                       319     19      345
  SINCE MAR 1   1810                      2076   -266     2274
  SINCE JUL 1   8326                      8844   -518     9223

 COOLING
  YESTERDAY        0                         1     -1        4
  MONTH TO DATE    1                         3     -2       15
  SINCE MAR 1      1                         4     -3       15
  SINCE JAN 1      1                         4     -3       15
..................................................................


WIND (MPH)
  HIGHEST WIND SPEED    20   HIGHEST WIND DIRECTION     S (180)
  HIGHEST GUST SPEED    26   HIGHEST GUST DIRECTION     S (190)
  AVERAGE WIND SPEED     5.4


SKY COVER
  POSSIBLE SUNSHINE  MM
  AVERAGE SKY COVER 0.3


WEATHER CONDITIONS
 THE FOLLOWING WEATHER WAS RECORDED YESTERDAY.
  THUNDERSTORM
  HEAVY RAIN
  RAIN
  LIGHT RAIN
  FOG


RELATIVE HUMIDITY (PERCENT)
 HIGHEST    86          1100 PM
 LOWEST     23           100 PM
 AVERAGE    55

..........................................................


THE WILLISTON ND CLIMATE NORMALS FOR TODAY
                         NORMAL    RECORD    YEAR
 MAXIMUM TEMPERATURE (F)   71        96      1919
 MINIMUM TEMPERATURE (F)   45        21      1947


SUNRISE AND SUNSET
MAY 28 2015...........SUNRISE   602 AM CDT   SUNSET   943 PM CDT
MAY 29 2015...........SUNRISE   601 AM CDT   SUNSET   944 PM CDT


-  INDICATES NEGATIVE NUMBERS.
R  INDICATES RECORD WAS SET OR TIED.
MM INDICATES DATA IS MISSING.
T  INDICATES TRACE AMOUNT.




$$
