000
CDUS43 KBIS 050741
CLIISN


CLIMATE REPORT
NATIONAL WEATHER SERVICE BISMARCK ND
140 AM CST FRI FEB 5 2016


...................................

...THE WILLISTON ND CLIMATE SUMMARY FOR FEBRUARY 4 2016...

CLIMATE NORMAL PERIOD 1981 TO 2010
CLIMATE RECORD PERIOD 1894 TO 2016


WEATHER ITEM   OBSERVED TIME   RECORD YEAR NORMAL DEPARTURE LAST
                VALUE   (LST)  VALUE       VALUE  FROM      YEAR
                                                  NORMAL
..................................................................
TEMPERATURE (F)
 YESTERDAY
  MAXIMUM         34    501 PM  53    1991  24     10       11
  MINIMUM         12    749 AM -49    1907   3      9      -16
  AVERAGE         23                        14      9       -2

PRECIPITATION (IN)
  YESTERDAY        0.04          0.29 1967   0.01   0.03     0.00
  MONTH TO DATE    0.04                      0.05  -0.01     0.16
  SINCE DEC 1      0.97                      1.26  -0.29     0.67
  SINCE JAN 1      0.42                      0.64  -0.22     0.64

SNOWFALL (IN)
  YESTERDAY       MM
  SNOW DEPTH      MM

DEGREE DAYS
 HEATING
  YESTERDAY       42                        51     -9       67
  MONTH TO DATE  171                       207    -36      259
  SINCE DEC 1   3000                      3466   -466     3113
  SINCE JUL 1   4750                      5628   -878     5306

 COOLING
  YESTERDAY        0                         0      0        0
  MONTH TO DATE    0                         0      0        0
  SINCE DEC 1      0                         0      0        0
  SINCE JAN 1      0                         0      0        0
..................................................................


WIND (MPH)
  HIGHEST WIND SPEED    15   HIGHEST WIND DIRECTION    SW (210)
  HIGHEST GUST SPEED    19   HIGHEST GUST DIRECTION    SW (220)
  AVERAGE WIND SPEED     4.9


SKY COVER
  POSSIBLE SUNSHINE  MM
  AVERAGE SKY COVER 0.5


WEATHER CONDITIONS
 THE FOLLOWING WEATHER WAS RECORDED YESTERDAY.
  LIGHT SNOW
  FOG


RELATIVE HUMIDITY (PERCENT)
 HIGHEST    92           800 AM
 LOWEST     51           200 PM
 AVERAGE    72

..........................................................


THE WILLISTON ND CLIMATE NORMALS FOR TODAY
                         NORMAL    RECORD    YEAR
 MAXIMUM TEMPERATURE (F)   25        55      1963
 MINIMUM TEMPERATURE (F)    3       -35      1907


SUNRISE AND SUNSET
FEBRUARY  5 2016......SUNRISE   818 AM CST   SUNSET   600 PM CST
FEBRUARY  6 2016......SUNRISE   816 AM CST   SUNSET   602 PM CST


-  INDICATES NEGATIVE NUMBERS.
R  INDICATES RECORD WAS SET OR TIED.
MM INDICATES DATA IS MISSING.
T  INDICATES TRACE AMOUNT.




$$
