000
CDUS43 KBIS 160744
CLIISN


CLIMATE REPORT
NATIONAL WEATHER SERVICE BISMARCK ND
144 AM CST MON JAN 16 2017


...................................

...THE WILLISTON ND CLIMATE SUMMARY FOR JANUARY 15 2017...

CLIMATE NORMAL PERIOD 1981 TO 2010
CLIMATE RECORD PERIOD 1894 TO 2017


WEATHER ITEM   OBSERVED TIME   RECORD YEAR NORMAL DEPARTURE LAST
                VALUE   (LST)  VALUE       VALUE  FROM      YEAR
                                                  NORMAL
..................................................................
TEMPERATURE (F)
 YESTERDAY
  MAXIMUM         19    441 PM  47    1914  22     -3       21
  MINIMUM         -5    223 AM -42    1907   0     -5       -2
  AVERAGE          7                        11     -4       10

PRECIPITATION (IN)
  YESTERDAY        0.00          0.40 1943   0.02  -0.02      T
  MONTH TO DATE    0.40                      0.32   0.08     0.20
  SINCE DEC 1      1.36                      0.94   0.42     0.75
  SINCE JAN 1      0.40                      0.32   0.08     0.20

SNOWFALL (IN)
  YESTERDAY       MM
  SNOW DEPTH      MM

DEGREE DAYS
 HEATING
  YESTERDAY       58                        54      4       55
  MONTH TO DATE 1016                       820    196      756
  SINCE DEC 1   2525                      2405    120     2100
  SINCE JUL 1   4104                      4567   -463     3850

 COOLING
  YESTERDAY        0                         0      0        0
  MONTH TO DATE    0                         0      0        0
  SINCE DEC 1      0                         0      0        0
  SINCE JAN 1      0                         0      0        0
..................................................................


WIND (MPH)
  HIGHEST WIND SPEED    17   HIGHEST WIND DIRECTION    SW (240)
  HIGHEST GUST SPEED    19   HIGHEST GUST DIRECTION    SW (240)
  AVERAGE WIND SPEED     5.5


SKY COVER
  POSSIBLE SUNSHINE  MM
  AVERAGE SKY COVER 0.0


WEATHER CONDITIONS
 THE FOLLOWING WEATHER WAS RECORDED YESTERDAY.
  NO SIGNIFICANT WEATHER WAS OBSERVED.


RELATIVE HUMIDITY (PERCENT)
 HIGHEST    87           700 AM
 LOWEST     59           100 PM
 AVERAGE    73

..........................................................


THE WILLISTON ND CLIMATE NORMALS FOR TODAY
                         NORMAL    RECORD    YEAR
 MAXIMUM TEMPERATURE (F)   22        48      1974
                                             1961
 MINIMUM TEMPERATURE (F)    0       -34      1978


SUNRISE AND SUNSET
JANUARY 16 2017.......SUNRISE   839 AM CST   SUNSET   530 PM CST
JANUARY 17 2017.......SUNRISE   838 AM CST   SUNSET   532 PM CST


-  INDICATES NEGATIVE NUMBERS.
R  INDICATES RECORD WAS SET OR TIED.
MM INDICATES DATA IS MISSING.
T  INDICATES TRACE AMOUNT.




$$
