000
CDUS43 KBIS 270725
CLIISN


CLIMATE REPORT
NATIONAL WEATHER SERVICE BISMARCK ND
224 AM CDT MON MAR 27 2017


...................................

...THE WILLISTON ND CLIMATE SUMMARY FOR MARCH 26 2017...

CLIMATE NORMAL PERIOD 1981 TO 2010
CLIMATE RECORD PERIOD 1894 TO 2017


WEATHER ITEM   OBSERVED TIME   RECORD YEAR NORMAL DEPARTURE LAST
                VALUE   (LST)  VALUE       VALUE  FROM      YEAR
                                                  NORMAL
..................................................................
TEMPERATURE (F)
 YESTERDAY
  MAXIMUM         65    331 PM  74    1999  46     19       52
                                      1918
  MINIMUM         30    651 AM -15    1914  22      8       12
  AVERAGE         48                        34     14       32

PRECIPITATION (IN)
  YESTERDAY        0.00          0.92 1910   0.02  -0.02      T
  MONTH TO DATE    0.64                      0.58   0.06     0.09
  SINCE MAR 1      0.64                      0.58   0.06     0.09
  SINCE JAN 1      1.78                      1.56   0.22     1.22

SNOWFALL (IN)
  YESTERDAY       MM
  SNOW DEPTH      MM

DEGREE DAYS
 HEATING
  YESTERDAY       17                        31    -14       33
  MONTH TO DATE  949                       960    -11      744
  SINCE MAR 1    949                       960    -11      744
  SINCE JUL 1   6971                      7728   -757     6354

 COOLING
  YESTERDAY        0                         0      0        0
  MONTH TO DATE    0                         0      0        0
  SINCE MAR 1      0                         0      0        0
  SINCE JAN 1      0                         0      0        0
..................................................................


WIND (MPH)
  HIGHEST WIND SPEED    18   HIGHEST WIND DIRECTION     W (280)
  HIGHEST GUST SPEED    22   HIGHEST GUST DIRECTION    SW (240)
  AVERAGE WIND SPEED     6.5


SKY COVER
  POSSIBLE SUNSHINE  MM
  AVERAGE SKY COVER 0.2


WEATHER CONDITIONS
 THE FOLLOWING WEATHER WAS RECORDED YESTERDAY.
  NO SIGNIFICANT WEATHER WAS OBSERVED.


RELATIVE HUMIDITY (PERCENT)
 HIGHEST    92           700 AM
 LOWEST     24           300 PM
 AVERAGE    58

..........................................................


THE WILLISTON ND CLIMATE NORMALS FOR TODAY
                         NORMAL    RECORD    YEAR
 MAXIMUM TEMPERATURE (F)   47        79      1946
 MINIMUM TEMPERATURE (F)   23       -15      1898


SUNRISE AND SUNSET
MARCH 27 2017.........SUNRISE   742 AM CDT   SUNSET   818 PM CDT
MARCH 28 2017.........SUNRISE   740 AM CDT   SUNSET   820 PM CDT


-  INDICATES NEGATIVE NUMBERS.
R  INDICATES RECORD WAS SET OR TIED.
MM INDICATES DATA IS MISSING.
T  INDICATES TRACE AMOUNT.




$$
