000
CDUS43 KBIS 050753
CLIISN


CLIMATE REPORT
NATIONAL WEATHER SERVICE BISMARCK ND
252 AM CDT SAT SEP 5 2015


...................................

...THE WILLISTON ND CLIMATE SUMMARY FOR SEPTEMBER 4 2015...

CLIMATE NORMAL PERIOD 1981 TO 2010
CLIMATE RECORD PERIOD 1894 TO 2015


WEATHER ITEM   OBSERVED TIME   RECORD YEAR NORMAL DEPARTURE LAST
                VALUE   (LST)  VALUE       VALUE  FROM      YEAR
                                                  NORMAL
..................................................................
TEMPERATURE (F)
 YESTERDAY
  MAXIMUM         78    359 PM 101    1998  77      1       67
  MINIMUM         59   1159 PM  33    1956  47     12       49
  AVERAGE         69                        62      7       58

PRECIPITATION (IN)
  YESTERDAY        0.02          1.01 1971   0.04  -0.02      T
  MONTH TO DATE    0.02                      0.16  -0.14     0.37
  SINCE SEP 1      0.02                      0.16  -0.14     0.37
  SINCE JAN 1      7.86                     11.28  -3.42     8.80

SNOWFALL (IN)
  YESTERDAY       MM             0.0  2002   0.0   MM       MM
                                      2001
  MONTH TO DATE   MM                         0.0   MM       MM
  SINCE SEP 1     MM                         0.0   MM       MM
  SINCE JUL 1      0.0                       0.0    0.0     MM
  SNOW DEPTH      MM

DEGREE DAYS
 HEATING
  YESTERDAY        0                         5     -5        7
  MONTH TO DATE    0                        18    -18       14
  SINCE SEP 1      0                        18    -18       14
  SINCE JUL 1     39                        89    -50       71

 COOLING
  YESTERDAY        4                         2      2        0
  MONTH TO DATE   32                         8     24        0
  SINCE SEP 1     32                         8     24        0
  SINCE JAN 1    594                       437    157      391
..................................................................


WIND (MPH)
  HIGHEST WIND SPEED    26   HIGHEST WIND DIRECTION     N (360)
  HIGHEST GUST SPEED    34   HIGHEST GUST DIRECTION     N (360)
  AVERAGE WIND SPEED    14.9


SKY COVER
  POSSIBLE SUNSHINE  MM
  AVERAGE SKY COVER 0.6


WEATHER CONDITIONS
 THE FOLLOWING WEATHER WAS RECORDED YESTERDAY.
  LIGHT RAIN
  FOG


RELATIVE HUMIDITY (PERCENT)
 HIGHEST    90          1100 PM
 LOWEST     37           100 AM
 AVERAGE    64

..........................................................


THE WILLISTON ND CLIMATE NORMALS FOR TODAY
                         NORMAL    RECORD    YEAR
 MAXIMUM TEMPERATURE (F)   77        97      1978
 MINIMUM TEMPERATURE (F)   47        30      1965


SUNRISE AND SUNSET
SEPTEMBER  5 2015.....SUNRISE   717 AM CDT   SUNSET   828 PM CDT
SEPTEMBER  6 2015.....SUNRISE   719 AM CDT   SUNSET   826 PM CDT


-  INDICATES NEGATIVE NUMBERS.
R  INDICATES RECORD WAS SET OR TIED.
MM INDICATES DATA IS MISSING.
T  INDICATES TRACE AMOUNT.




$$
