000
CDUS43 KBIS 220802
CLIISN


CLIMATE REPORT
NATIONAL WEATHER SERVICE BISMARCK ND
302 AM CDT TUE AUG 22 2017


...................................

...THE WILLISTON ND CLIMATE SUMMARY FOR AUGUST 21 2017...

CLIMATE NORMAL PERIOD 1981 TO 2010
CLIMATE RECORD PERIOD 1894 TO 2017


WEATHER ITEM   OBSERVED TIME   RECORD YEAR NORMAL DEPARTURE LAST
                VALUE   (LST)  VALUE       VALUE  FROM      YEAR
                                                  NORMAL
..................................................................
TEMPERATURE (F)
 YESTERDAY
  MAXIMUM         77    425 PM  99    1971  83     -6       91
                                      1969
  MINIMUM         45   1159 PM  34    1907  53     -8       48
  AVERAGE         61                        68     -7       70

PRECIPITATION (IN)
  YESTERDAY        0.00          3.04 1993   0.04  -0.04     0.00
  MONTH TO DATE    2.18                      1.00   1.18     0.44
  SINCE JUN 1      4.26                      6.06  -1.80     4.67
  SINCE JAN 1      7.73                     10.67  -2.94     9.74

DEGREE DAYS
 HEATING
  YESTERDAY        4                         2      2        0
  MONTH TO DATE   15                        23     -8        1
  SINCE JUN 1     46                       167   -121       18
  SINCE JUL 1     15                        47    -32        2

 COOLING
  YESTERDAY        0                         5     -5        5
  MONTH TO DATE   48                       131    -83      129
  SINCE JUN 1    514                       381    133      434
  SINCE JAN 1    537                       394    143      444
..................................................................


WIND (MPH)
  HIGHEST WIND SPEED    24   HIGHEST WIND DIRECTION    NW (310)
  HIGHEST GUST SPEED    32   HIGHEST GUST DIRECTION    NW (300)
  AVERAGE WIND SPEED    10.5


SKY COVER
  POSSIBLE SUNSHINE  MM
  AVERAGE SKY COVER 0.0


WEATHER CONDITIONS
 THE FOLLOWING WEATHER WAS RECORDED YESTERDAY.
  NO SIGNIFICANT WEATHER WAS OBSERVED.


RELATIVE HUMIDITY (PERCENT)
 HIGHEST    72           500 AM
 LOWEST     23           600 PM
 AVERAGE    48

..........................................................


THE WILLISTON ND CLIMATE NORMALS FOR TODAY
                         NORMAL    RECORD    YEAR
 MAXIMUM TEMPERATURE (F)   83       103      1969
 MINIMUM TEMPERATURE (F)   53        32      1911
                                             1908


SUNRISE AND SUNSET
AUGUST 22 2017........SUNRISE   659 AM CDT   SUNSET   855 PM CDT
AUGUST 23 2017........SUNRISE   700 AM CDT   SUNSET   853 PM CDT


-  INDICATES NEGATIVE NUMBERS.
R  INDICATES RECORD WAS SET OR TIED.
MM INDICATES DATA IS MISSING.
T  INDICATES TRACE AMOUNT.




$$
