000
CDUS43 KBIS 280723
CLIISN


CLIMATE REPORT
NATIONAL WEATHER SERVICE BISMARCK ND
222 AM CDT SAT MAY 28 2016


...................................

...THE WILLISTON ND CLIMATE SUMMARY FOR MAY 27 2016...

CLIMATE NORMAL PERIOD 1981 TO 2010
CLIMATE RECORD PERIOD 1894 TO 2016


WEATHER ITEM   OBSERVED TIME   RECORD YEAR NORMAL DEPARTURE LAST
                VALUE   (LST)  VALUE       VALUE  FROM      YEAR
                                                  NORMAL
..................................................................
TEMPERATURE (F)
 YESTERDAY
  MAXIMUM         68    413 PM 101    1900  71     -3       83
  MINIMUM         46    406 AM  28    1947  44      2       47
  AVERAGE         57                        58     -1       65

PRECIPITATION (IN)
  YESTERDAY        T             1.04 2012   0.07  -0.07     0.38
  MONTH TO DATE    0.56                      1.61  -1.05     1.82
  SINCE MAR 1      2.69                      3.32  -0.63     2.56
  SINCE JAN 1      3.82                      4.30  -0.48     3.50

SNOWFALL (IN)
  YESTERDAY       MM
  SNOW DEPTH      MM

DEGREE DAYS
 HEATING
  YESTERDAY        8                         8      0        0
  MONTH TO DATE  239                       319    -80      338
  SINCE MAR 1   1706                      2076   -370     1810
  SINCE JUL 1   7316                      8844  -1528     8326

 COOLING
  YESTERDAY        0                         1     -1        0
  MONTH TO DATE   10                         3      7        1
  SINCE MAR 1     10                         4      6        1
  SINCE JAN 1     10                         4      6        1
..................................................................


WIND (MPH)
  HIGHEST WIND SPEED    15   HIGHEST WIND DIRECTION     N (10)
  HIGHEST GUST SPEED    19   HIGHEST GUST DIRECTION    NE (40)
  AVERAGE WIND SPEED     6.6


SKY COVER
  POSSIBLE SUNSHINE  MM
  AVERAGE SKY COVER 0.8


WEATHER CONDITIONS
 THE FOLLOWING WEATHER WAS RECORDED YESTERDAY.
  LIGHT RAIN
  FOG


RELATIVE HUMIDITY (PERCENT)
 HIGHEST    93           200 AM
 LOWEST     52           100 PM
 AVERAGE    73

..........................................................


THE WILLISTON ND CLIMATE NORMALS FOR TODAY
                         NORMAL    RECORD    YEAR
 MAXIMUM TEMPERATURE (F)   71        96      1919
 MINIMUM TEMPERATURE (F)   45        21      1947


SUNRISE AND SUNSET
MAY 28 2016...........SUNRISE   601 AM CDT   SUNSET   943 PM CDT
MAY 29 2016...........SUNRISE   600 AM CDT   SUNSET   944 PM CDT


-  INDICATES NEGATIVE NUMBERS.
R  INDICATES RECORD WAS SET OR TIED.
MM INDICATES DATA IS MISSING.
T  INDICATES TRACE AMOUNT.




$$
