000
CDUS43 KBIS 210727
CLIISN


CLIMATE REPORT
NATIONAL WEATHER SERVICE BISMARCK ND
225 AM CDT SAT OCT 21 2017


...................................

...THE WILLISTON ND CLIMATE SUMMARY FOR OCTOBER 20 2017...

CLIMATE NORMAL PERIOD 1981 TO 2010
CLIMATE RECORD PERIOD 1894 TO 2017


WEATHER ITEM   OBSERVED TIME   RECORD YEAR NORMAL DEPARTURE LAST
                VALUE   (LST)  VALUE       VALUE  FROM      YEAR
                                                  NORMAL
..................................................................
TEMPERATURE (F)
 YESTERDAY
  MAXIMUM         MM        MM  78    2014  54     MM       57
                                      1901
  MINIMUM         MM        MM  12    1896  28     MM       40
  AVERAGE         MM                        41     MM       49

PRECIPITATION (IN)
  YESTERDAY       MM             0.47 1996   0.03  MM        0.00
                                      1943
  MONTH TO DATE    0.37                      0.62  -0.25     0.49
  SINCE SEP 1      2.20                      1.68   0.52     4.03
  SINCE JAN 1     11.48                     12.80  -1.32    13.78

DEGREE DAYS
 HEATING
  YESTERDAY       MM                        24     MM       16
  MONTH TO DATE  350                       389    -39      378
  SINCE SEP 1    582                       664    -82      569
  SINCE JUL 1    601                       735   -134      579

 COOLING
  YESTERDAY       MM                         0     MM        0
  MONTH TO DATE    0                         0      0        0
  SINCE SEP 1     38                        26     12       31
  SINCE JAN 1    643                       455    188      521
..................................................................


WIND (MPH)
  HIGHEST WIND SPEED     7   HIGHEST WIND DIRECTION     S (190)
  HIGHEST GUST SPEED    MM   HIGHEST GUST DIRECTION    MM
  AVERAGE WIND SPEED     3.4


SKY COVER
  POSSIBLE SUNSHINE   0 PERCENT
  AVERAGE SKY COVER 0.0


WEATHER CONDITIONS
 THE FOLLOWING WEATHER WAS RECORDED YESTERDAY.
  NO SIGNIFICANT WEATHER WAS OBSERVED.


RELATIVE HUMIDITY (PERCENT)
 HIGHEST     0          1200 AM
 LOWEST      0          1200 AM
 AVERAGE     0

..........................................................


THE WILLISTON ND CLIMATE NORMALS FOR TODAY
                         NORMAL    RECORD    YEAR
 MAXIMUM TEMPERATURE (F)   54        83      1992
 MINIMUM TEMPERATURE (F)   28        11      1930


SUNRISE AND SUNSET
OCTOBER 21 2017.......SUNRISE   823 AM CDT   SUNSET   654 PM CDT
OCTOBER 22 2017.......SUNRISE   825 AM CDT   SUNSET   652 PM CDT


-  INDICATES NEGATIVE NUMBERS.
R  INDICATES RECORD WAS SET OR TIED.
MM INDICATES DATA IS MISSING.
T  INDICATES TRACE AMOUNT.




$$
