000
CDUS43 KBIS 210034
CLIISN


CLIMATE REPORT
NATIONAL WEATHER SERVICE BISMARCK ND
633 PM CST SAT DEC 20 2014


...................................

...THE WILLISTON ND CLIMATE SUMMARY FOR DECEMBER 20 2014...
VALID TODAY AS OF 0600 PM LOCAL TIME.

CLIMATE NORMAL PERIOD 1981 TO 2010
CLIMATE RECORD PERIOD 1894 TO 2014


WEATHER ITEM   OBSERVED TIME   RECORD YEAR NORMAL DEPARTURE LAST
                VALUE   (LST)  VALUE       VALUE  FROM      YEAR
                                                  NORMAL
..................................................................
TEMPERATURE (F)
 TODAY
  MAXIMUM         42    328 PM  55    1941  23     19        7
  MINIMUM         10    348 AM -33    1916   2      8      -13
  AVERAGE         26                        12     14       -3

PRECIPITATION (IN)
  TODAY            T             0.58 2010   0.02  -0.02     0.00
  MONTH TO DATE    0.01                      0.39  -0.38     0.67
  SINCE DEC 1      0.01                      0.39  -0.38     0.67
  SINCE JAN 1     10.66                     14.14  -3.48    20.88

SNOWFALL (IN)
  TODAY           MM

DEGREE DAYS
 HEATING
  TODAY           39                        53    -14       68
  MONTH TO DATE  858                       995   -137     1162
  SINCE DEC 1    858                       995   -137     1162
  SINCE JUL 1   3051                      3157   -106     3236

 COOLING
  TODAY            0                         0      0        0
  MONTH TO DATE    0                         0      0        0
  SINCE DEC 1      0                         0      0        0
  SINCE JAN 1    425                       456    -31      405
..................................................................


WIND (MPH)
  HIGHEST WIND SPEED    13   HIGHEST WIND DIRECTION    SW (240)
  HIGHEST GUST SPEED    17   HIGHEST GUST DIRECTION    SW (240)
  AVERAGE WIND SPEED     3.0


SKY COVER
  POSSIBLE SUNSHINE  MM
  AVERAGE SKY COVER 0.6


WEATHER CONDITIONS
 THE FOLLOWING WEATHER WAS RECORDED TODAY.
  FOG
  FOG W/VISIBILITY <= 1/4 MILE


RELATIVE HUMIDITY (PERCENT)
 HIGHEST    92           100 AM
 LOWEST     64           400 PM
 AVERAGE    78

..........................................................


THE WILLISTON ND CLIMATE NORMALS FOR TOMORROW
                         NORMAL    RECORD    YEAR
 MAXIMUM TEMPERATURE (F)   23        49      1957
                                             1954
 MINIMUM TEMPERATURE (F)    2       -37      1989


SUNRISE AND SUNSET
DECEMBER 20 2014......SUNRISE   842 AM CST   SUNSET   503 PM CST
DECEMBER 21 2014......SUNRISE   842 AM CST   SUNSET   503 PM CST


-  INDICATES NEGATIVE NUMBERS.
R  INDICATES RECORD WAS SET OR TIED.
MM INDICATES DATA IS MISSING.
T  INDICATES TRACE AMOUNT.




$$
