000
CDUS43 KBIS 030729
CLIISN


CLIMATE REPORT
NATIONAL WEATHER SERVICE BISMARCK ND
228 AM CDT TUE MAY 3 2016


...................................

...THE WILLISTON ND CLIMATE SUMMARY FOR MAY 2 2016...

CLIMATE NORMAL PERIOD 1981 TO 2010
CLIMATE RECORD PERIOD 1894 TO 2016


WEATHER ITEM   OBSERVED TIME   RECORD YEAR NORMAL DEPARTURE LAST
                VALUE   (LST)  VALUE       VALUE  FROM      YEAR
                                                  NORMAL
..................................................................
TEMPERATURE (F)
 YESTERDAY
  MAXIMUM         75    428 PM  94    1982  64     11       78
  MINIMUM         41   1154 PM  16    1911  36      5       39
  AVERAGE         58                        50      8       59

PRECIPITATION (IN)
  YESTERDAY        0.00          1.17 1894   0.05  -0.05     0.00
  MONTH TO DATE    0.00                      0.10  -0.10     0.00
  SINCE MAR 1      2.13                      1.81   0.32     0.74
  SINCE JAN 1      3.26                      2.79   0.47     1.68

SNOWFALL (IN)
  YESTERDAY        0.0
  SNOW DEPTH       0

DEGREE DAYS
 HEATING
  YESTERDAY        7                        15     -8        6
  MONTH TO DATE   22                        31     -9       15
  SINCE MAR 1   1489                      1788   -299     1487
  SINCE JUL 1   7099                      8556  -1457     8003

 COOLING
  YESTERDAY        0                         0      0        0
  MONTH TO DATE    0                         0      0        0
  SINCE MAR 1      0                         1     -1        0
  SINCE JAN 1      0                         1     -1        0
..................................................................


WIND (MPH)
  HIGHEST WIND SPEED    22   HIGHEST WIND DIRECTION    NE (30)
  HIGHEST GUST SPEED    31   HIGHEST GUST DIRECTION    NW (330)
  AVERAGE WIND SPEED    12.2


SKY COVER
  POSSIBLE SUNSHINE  MM
  AVERAGE SKY COVER 0.2


WEATHER CONDITIONS
 THE FOLLOWING WEATHER WAS RECORDED YESTERDAY.
  NO SIGNIFICANT WEATHER WAS OBSERVED.


RELATIVE HUMIDITY (PERCENT)
 HIGHEST    65          1000 PM
 LOWEST     17           400 PM
 AVERAGE    41

..........................................................


THE WILLISTON ND CLIMATE NORMALS FOR TODAY
                         NORMAL    RECORD    YEAR
 MAXIMUM TEMPERATURE (F)   64        90      1982
                                             1952
 MINIMUM TEMPERATURE (F)   36        10      2005


SUNRISE AND SUNSET
MAY  3 2016...........SUNRISE   632 AM CDT   SUNSET   912 PM CDT
MAY  4 2016...........SUNRISE   630 AM CDT   SUNSET   913 PM CDT


-  INDICATES NEGATIVE NUMBERS.
R  INDICATES RECORD WAS SET OR TIED.
MM INDICATES DATA IS MISSING.
T  INDICATES TRACE AMOUNT.




$$
