000
CDUS43 KBIS 290728
CLIISN


CLIMATE REPORT
NATIONAL WEATHER SERVICE BISMARCK ND
227 AM CDT SUN MAR 29 2015


...................................

...THE WILLISTON ND CLIMATE SUMMARY FOR MARCH 28 2015...

CLIMATE NORMAL PERIOD 1981 TO 2010
CLIMATE RECORD PERIOD 1894 TO 2015


WEATHER ITEM   OBSERVED TIME   RECORD YEAR NORMAL DEPARTURE LAST
                VALUE   (LST)  VALUE       VALUE  FROM      YEAR
                                                  NORMAL
..................................................................
TEMPERATURE (F)
 YESTERDAY
  MAXIMUM         79R   407 PM  74    1986  47     32       30
  MINIMUM         29    251 AM -17    1898  23      6       18
  AVERAGE         54                        35     19       24

PRECIPITATION (IN)
  YESTERDAY        0.10          0.64 1896   0.02   0.08     0.09
  MONTH TO DATE    0.47                      0.63  -0.16     0.28
  SINCE MAR 1      0.47                      0.63  -0.16     0.28
  SINCE JAN 1      1.41                      1.61  -0.20     0.72

SNOWFALL (IN)
  YESTERDAY       MM             8.6  1936   0.1   MM       MM
  MONTH TO DATE   MM                         5.7   MM       MM
  SINCE MAR 1     MM                         5.7   MM       MM
  SINCE JUL 1     MM                        39.8   MM       MM
  SNOW DEPTH      MM

DEGREE DAYS
 HEATING
  YESTERDAY       11                        30    -19       41
  MONTH TO DATE  828                      1020   -192     1100
  SINCE MAR 1    828                      1020   -192     1100
  SINCE JUL 1   7344                      7788   -444     8049

 COOLING
  YESTERDAY        0                         0      0        0
  MONTH TO DATE    0                         0      0        0
  SINCE MAR 1      0                         0      0        0
  SINCE JAN 1      0                         0      0        0
..................................................................


WIND (MPH)
  HIGHEST WIND SPEED    41   HIGHEST WIND DIRECTION     W (270)
  HIGHEST GUST SPEED    56   HIGHEST GUST DIRECTION     W (260)
  AVERAGE WIND SPEED    14.3


SKY COVER
  POSSIBLE SUNSHINE  MM
  AVERAGE SKY COVER 0.3


WEATHER CONDITIONS
 THE FOLLOWING WEATHER WAS RECORDED YESTERDAY.
  RAIN
  LIGHT RAIN
  FOG


RELATIVE HUMIDITY (PERCENT)
 HIGHEST    92           100 AM
 LOWEST     21           300 PM
 AVERAGE    57

..........................................................


THE WILLISTON ND CLIMATE NORMALS FOR TODAY
                         NORMAL    RECORD    YEAR
 MAXIMUM TEMPERATURE (F)   48        71      2010
 MINIMUM TEMPERATURE (F)   23       -16      1964


SUNRISE AND SUNSET
MARCH 29 2015.........SUNRISE   739 AM CDT   SUNSET   820 PM CDT
MARCH 30 2015.........SUNRISE   737 AM CDT   SUNSET   822 PM CDT


-  INDICATES NEGATIVE NUMBERS.
R  INDICATES RECORD WAS SET OR TIED.
MM INDICATES DATA IS MISSING.
T  INDICATES TRACE AMOUNT.




$$
