000
CDUS41 KOKX 180620
CLIISP


CLIMATE REPORT
NATIONAL WEATHER SERVICE NEW YORK NY
119 AM EST WED JAN 18 2017


...................................

...THE ISLIP NY CLIMATE SUMMARY FOR JANUARY 17 2017...

CLIMATE NORMAL PERIOD 1981 TO 2010
CLIMATE RECORD PERIOD 1984 TO 2017


WEATHER ITEM   OBSERVED TIME   RECORD YEAR NORMAL DEPARTURE LAST
                VALUE   (LST)  VALUE       VALUE  FROM      YEAR
                                                  NORMAL
..................................................................
TEMPERATURE (F)
 YESTERDAY
  MAXIMUM         42   1040 AM  55    1999  38      4       41
  MINIMUM         33    746 AM   2    2009  23     10       31
  AVERAGE         38                        30      8       36

PRECIPITATION (IN)
  YESTERDAY        0.38          0.70 1994   0.13   0.25     0.08
  MONTH TO DATE    2.73                      2.07   0.66     2.31
  SINCE DEC 1      6.26                      6.13   0.13     7.64
  SINCE JAN 1      2.73                      2.07   0.66     2.31

SNOWFALL (IN)
  YESTERDAY        0.0           4.7  1985   0.3   -0.3      1.1
  MONTH TO DATE   12.8                       3.8    9.0      1.1
  SINCE OCT 1     16.0                       9.7    6.3      1.1
  SINCE JUL 1     16.0                       9.7    6.3      1.1
  SNOW DEPTH       0

DEGREE DAYS
 HEATING
  YESTERDAY       27                        35     -8       29
  MONTH TO DATE  531                       583    -52      506
  SINCE DEC 1   1404                      1494    -90     1014
  SINCE JUL 1   2195                      2510   -315     1766

 COOLING
  YESTERDAY        0                         0      0        0
  MONTH TO DATE    0                         0      0        0
  SINCE DEC 1      0                         0      0        0
  SINCE JAN 1      0                         0      0        0
..................................................................


WIND (MPH)
  HIGHEST WIND SPEED    10   HIGHEST WIND DIRECTION     E (80)
  HIGHEST GUST SPEED    13   HIGHEST GUST DIRECTION     E (90)
  AVERAGE WIND SPEED     4.7


SKY COVER
  AVERAGE SKY COVER 1.0


WEATHER CONDITIONS
 THE FOLLOWING WEATHER WAS RECORDED YESTERDAY.
  LIGHT RAIN
  FOG


RELATIVE HUMIDITY (PERCENT)
 HIGHEST   100           500 PM
 LOWEST     64          1200 AM
 AVERAGE    82

..........................................................


THE ISLIP NY CLIMATE NORMALS FOR TODAY
                         NORMAL    RECORD    YEAR
 MAXIMUM TEMPERATURE (F)   38        59      1986
 MINIMUM TEMPERATURE (F)   23         5      1994


SUNRISE AND SUNSET
JANUARY 18 2017.......SUNRISE   713 AM EST   SUNSET   453 PM EST
JANUARY 19 2017.......SUNRISE   712 AM EST   SUNSET   454 PM EST


-  INDICATES NEGATIVE NUMBERS.
R  INDICATES RECORD WAS SET OR TIED.
MM INDICATES DATA IS MISSING.
T  INDICATES TRACE AMOUNT.




$$
