992
CDUS41 KOKX 230616
CLIISP


CLIMATE REPORT
NATIONAL WEATHER SERVICE NEW YORK NY
116 AM EST THU FEB 23 2017


...................................

...THE ISLIP NY CLIMATE SUMMARY FOR FEBRUARY 22 2017...

CLIMATE NORMAL PERIOD 1981 TO 2010
CLIMATE RECORD PERIOD 1984 TO 2017


WEATHER ITEM   OBSERVED TIME   RECORD YEAR NORMAL DEPARTURE LAST
                VALUE   (LST)  VALUE       VALUE  FROM      YEAR
                                                  NORMAL
..................................................................
TEMPERATURE (F)
 YESTERDAY
  MAXIMUM         51        MM  66    1991  42      9       51
  MINIMUM         40        MM  12    2001  26     14       33
  AVERAGE         46                        34     12       42

PRECIPITATION (IN)
  YESTERDAY        T             1.93 2003   0.12  -0.12     0.01
  MONTH TO DATE    1.41                      2.45  -1.04     2.72
  SINCE DEC 1      9.00                     10.15  -1.15    12.52
  SINCE JAN 1      5.47                      6.09  -0.62     7.19

SNOWFALL (IN)
  YESTERDAY        0.0           5.5  2008   0.3   -0.3      0.0
  MONTH TO DATE   14.7                       5.6    9.1     13.2
  SINCE OCT 1     31.9                      18.2   13.7     38.0
  SINCE JUL 1     31.9                      18.2   13.7     38.0
  SNOW DEPTH       0

DEGREE DAYS
 HEATING
  YESTERDAY       19                        31    -12       23
  MONTH TO DATE  643                       720    -77      682
  SINCE DEC 1   2401                      2696   -295     2167
  SINCE JUL 1   3192                      3712   -520     2919

 COOLING
  YESTERDAY        0                         0      0        0
  MONTH TO DATE    0                         0      0        0
  SINCE DEC 1      0                         0      0        0
  SINCE JAN 1      0                         0      0        0
..................................................................


WIND (MPH)
  HIGHEST WIND SPEED     9   HIGHEST WIND DIRECTION     S (180)
  HIGHEST GUST SPEED    MM   HIGHEST GUST DIRECTION    MM
  AVERAGE WIND SPEED     6.2


SKY COVER
  AVERAGE SKY COVER 1.0


WEATHER CONDITIONS
 THE FOLLOWING WEATHER WAS RECORDED YESTERDAY.
  LIGHT RAIN
  FOG
  FOG W/VISIBILITY <= 1/4 MILE


RELATIVE HUMIDITY (PERCENT)
 HIGHEST   100           800 PM
 LOWEST     66           100 PM
 AVERAGE    83

..........................................................


THE ISLIP NY CLIMATE NORMALS FOR TODAY
                         NORMAL    RECORD    YEAR
 MAXIMUM TEMPERATURE (F)   42        61      2012
 MINIMUM TEMPERATURE (F)   26        10      2015


SUNRISE AND SUNSET
FEBRUARY 23 2017......SUNRISE   635 AM EST   SUNSET   537 PM EST
FEBRUARY 24 2017......SUNRISE   634 AM EST   SUNSET   538 PM EST


-  INDICATES NEGATIVE NUMBERS.
R  INDICATES RECORD WAS SET OR TIED.
MM INDICATES DATA IS MISSING.
T  INDICATES TRACE AMOUNT.




$$
