000
CDCA42 TJSJ 030429
CLIIST


CLIMATE REPORT
NATIONAL WEATHER SERVICE SAN JUAN, PR
1228 AM AST THU SEP 3 2015


...................................

...THE CYRIL E. KING AP/ST THOMAS  CLIMATE SUMMARY FOR SEPTEMBER 2 2015...

CLIMATE NORMAL PERIOD 1981 TO 2010
CLIMATE RECORD PERIOD 1953 TO 2015


WEATHER ITEM   OBSERVED TIME   RECORD YEAR NORMAL DEPARTURE LAST
                VALUE   (LST)  VALUE       VALUE  FROM      YEAR
                                                  NORMAL
..................................................................
TEMPERATURE (F)
 YESTERDAY
  MAXIMUM         90    325 PM  96    1994  90      0       88
  MINIMUM         82   1131 PM  72    1956  78      4       77
  AVERAGE         86                        84      2       83

PRECIPITATION (IN)
  YESTERDAY        T             1.74 1973   0.18  -0.18     0.02
  MONTH TO DATE    0.10                      0.34  -0.24     0.03
  SINCE SEP 1      0.10                      0.34  -0.24     0.03
  SINCE JAN 1     27.18                     20.49   6.69    21.98

SNOWFALL (IN)
  YESTERDAY        0.0                       0.0    0.0      0.0
  MONTH TO DATE    0.0                       0.0    0.0      0.0
  SINCE SEP 1      0.0                       0.0    0.0      0.0
  SINCE JUL 1      0.0                       0.0    0.0      0.0

DEGREE DAYS
 HEATING
  YESTERDAY        0                         0      0        0
  MONTH TO DATE    0                         0      0        0
  SINCE SEP 1      0                         0      0        0
  SINCE JUL 1      0                         0      0        0

 COOLING
  YESTERDAY       21                        19      2       18
  MONTH TO DATE   41                        38      3       35
  SINCE SEP 1     41                        38      3       35
  SINCE JAN 1   4132                      4029    103     4025
..................................................................


WIND (MPH)
  HIGHEST WIND SPEED    13   HIGHEST WIND DIRECTION    SE (140)
  HIGHEST GUST SPEED    16   HIGHEST GUST DIRECTION    SW (230)
  AVERAGE WIND SPEED     6.5


SKY COVER
  AVERAGE SKY COVER 0.3


WEATHER CONDITIONS
 THE FOLLOWING WEATHER WAS RECORDED YESTERDAY.
  LIGHT RAIN


RELATIVE HUMIDITY (PERCENT)
 HIGHEST    88
 LOWEST     70
 AVERAGE    79

..........................................................


THE CYRIL E. KING AP/ST THOMAS  CLIMATE NORMALS FOR TODAY
                         NORMAL    RECORD    YEAR
 MAXIMUM TEMPERATURE (F)   90        97      1994
 MINIMUM TEMPERATURE (F)   78        73      1981


SUNRISE AND SUNSET
SEPTEMBER  3 2015.....SUNRISE   606 AM AST   SUNSET   633 PM AST
SEPTEMBER  4 2015.....SUNRISE   606 AM AST   SUNSET   632 PM AST


-  INDICATES NEGATIVE NUMBERS.
R  INDICATES RECORD WAS SET OR TIED.
MM INDICATES DATA IS MISSING.
T  INDICATES TRACE AMOUNT.




$$
