000
CDCA42 TJSJ 270444
CLIIST


CLIMATE REPORT
NATIONAL WEATHER SERVICE SAN JUAN, PR
1243 AM AST THU NOV 27 2014


...................................

...THE CYRIL E. KING AIRPORT/USVI CLIMATE SUMMARY FOR NOVEMBER 26 2014...

CLIMATE NORMAL PERIOD 1981 TO 2010
CLIMATE RECORD PERIOD 1953 TO 2014


WEATHER ITEM   OBSERVED TIME   RECORD YEAR NORMAL DEPARTURE LAST
                VALUE   (LST)  VALUE       VALUE  FROM      YEAR
                                                  NORMAL
..................................................................
TEMPERATURE (F)
 YESTERDAY
  MAXIMUM         86   1142 AM  90    1994  86      0       86
  MINIMUM         76    537 AM  69    1983  75      1       77
  AVERAGE         81                        80      1       82

PRECIPITATION (IN)
  YESTERDAY        0.13          1.83 1987   0.14  -0.01     0.10
  MONTH TO DATE    7.12                      4.74   2.38     7.06
  SINCE SEP 1     10.75                     15.74  -4.99    19.16
  SINCE JAN 1     32.68                     35.89  -3.21    43.97

SNOWFALL (IN)
  YESTERDAY        0.0
  MONTH TO DATE    0.0
  SINCE SEP 1      0.0
  SINCE JUL 1      0.0

DEGREE DAYS
 HEATING
  YESTERDAY        0                         0      0        0
  MONTH TO DATE    0                         0      0        0
  SINCE SEP 1      0                         0      0        0
  SINCE JUL 1      0                         0      0        0

 COOLING
  YESTERDAY       16                        16      0       17
  MONTH TO DATE  408                       424    -16      426
  SINCE SEP 1   1498                      1544    -46     1603
  SINCE JAN 1   5488                      5535    -47     5503
..................................................................


WIND (MPH)
  RESULTANT WIND SPEED  10   RESULTANT WIND DIRECTION   E (90)
  HIGHEST WIND SPEED    21   HIGHEST WIND DIRECTION    SE (130)
  AVERAGE WIND SPEED    11.8


SKY COVER
  AVERAGE SKY COVER 0.2


WEATHER CONDITIONS
 THE FOLLOWING WEATHER WAS RECORDED YESTERDAY.
  NO SIGNIFICANT WEATHER WAS OBSERVED.


RELATIVE HUMIDITY (PERCENT)
 HIGHEST    94
 LOWEST     79
 AVERAGE    87

..........................................................


THE CYRIL E. KING AIRPORT/USVI CLIMATE NORMALS FOR TODAY
                         NORMAL    RECORD    YEAR
 MAXIMUM TEMPERATURE (F)   86        92      1994
 MINIMUM TEMPERATURE (F)   75        69      2010


SUNRISE AND SUNSET
NOVEMBER 27 2014......SUNRISE   633 AM AST   SUNSET   542 PM AST
NOVEMBER 28 2014......SUNRISE   634 AM AST   SUNSET   542 PM AST


-  INDICATES NEGATIVE NUMBERS.
R  INDICATES RECORD WAS SET OR TIED.
MM INDICATES DATA IS MISSING.
T  INDICATES TRACE AMOUNT.




$$
