000
CDCA42 TJSJ 230445
CLIIST


CLIMATE REPORT
NATIONAL WEATHER SERVICE SAN JUAN, PR
1245 AM AST TUE DEC 23 2014


...................................

...THE CYRIL E. KING AIRPORT/USVI CLIMATE SUMMARY FOR DECEMBER 22 2014...

CLIMATE NORMAL PERIOD 1981 TO 2010
CLIMATE RECORD PERIOD 1953 TO 2014


WEATHER ITEM   OBSERVED TIME   RECORD YEAR NORMAL DEPARTURE LAST
                VALUE   (LST)  VALUE       VALUE  FROM      YEAR
                                                  NORMAL
..................................................................
TEMPERATURE (F)
 YESTERDAY
  MAXIMUM         79    600 PM  91    1994  85     -6       84
                                      1989
  MINIMUM         75   1000 PM  65    1972  73      2       74
  AVERAGE         77                        79     -2       79

PRECIPITATION (IN)
  YESTERDAY        0.03          0.88 1954   0.09  -0.06     0.47
  MONTH TO DATE    2.48                      2.16   0.32     6.70
  SINCE DEC 1      2.48                      2.16   0.32     6.70
  SINCE JAN 1     35.21                     38.54  -3.33    54.58

SNOWFALL (IN)
  YESTERDAY        0.0
  MONTH TO DATE    0.0
  SINCE DEC 1      0.0
  SINCE JUL 1      0.0

DEGREE DAYS
 HEATING
  YESTERDAY        0                         0      0        0
  MONTH TO DATE    0                         0      0        0
  SINCE DEC 1      0                         0      0        0
  SINCE JUL 1      0                         0      0        0

 COOLING
  YESTERDAY       12                        14     -2       14
  MONTH TO DATE  320                       324     -4      323
  SINCE DEC 1    320                       324     -4      323
  SINCE JAN 1   5866                      5918    -52     5884
..................................................................


WIND (MPH)
  RESULTANT WIND SPEED   7   RESULTANT WIND DIRECTION   E (80)
  HIGHEST WIND SPEED    10   HIGHEST WIND DIRECTION    NE (60)
  AVERAGE WIND SPEED     7.8


SKY COVER
  AVERAGE SKY COVER 0.1


WEATHER CONDITIONS
 THE FOLLOWING WEATHER WAS RECORDED YESTERDAY.
  NO SIGNIFICANT WEATHER WAS OBSERVED.


RELATIVE HUMIDITY (PERCENT)
 HIGHEST    94
 LOWEST     82
 AVERAGE    88

..........................................................


THE CYRIL E. KING AIRPORT/USVI CLIMATE NORMALS FOR TODAY
                         NORMAL    RECORD    YEAR
 MAXIMUM TEMPERATURE (F)   85        91      1995
 MINIMUM TEMPERATURE (F)   73        65      1954


SUNRISE AND SUNSET
DECEMBER 23 2014......SUNRISE   648 AM AST   SUNSET   550 PM AST
DECEMBER 24 2014......SUNRISE   648 AM AST   SUNSET   550 PM AST


-  INDICATES NEGATIVE NUMBERS.
R  INDICATES RECORD WAS SET OR TIED.
MM INDICATES DATA IS MISSING.
T  INDICATES TRACE AMOUNT.




$$
