000
CDCA42 TJSJ 050450
CLIIST


CLIMATE REPORT
NATIONAL WEATHER SERVICE SAN JUAN, PR
1248 AM AST THU MAR 5 2015


...................................

...THE CYRIL E. KING AP/ST THOMAS  CLIMATE SUMMARY FOR MARCH 4 2015...

CLIMATE NORMAL PERIOD 1981 TO 2010
CLIMATE RECORD PERIOD 1953 TO 2015


WEATHER ITEM   OBSERVED TIME   RECORD YEAR NORMAL DEPARTURE LAST
                VALUE   (LST)  VALUE       VALUE  FROM      YEAR
                                                  NORMAL
..................................................................
TEMPERATURE (F)
 YESTERDAY
  MAXIMUM         85    230 PM  91    1996  85      0       83
  MINIMUM         71    329 AM  67    2000  73     -2       73
  AVERAGE         78                        79     -1       78

PRECIPITATION (IN)
  YESTERDAY        0.13          1.00 2009   0.04   0.09     0.19
  MONTH TO DATE    0.25                      0.19   0.06     0.20
  SINCE MAR 1      0.25                      0.19   0.06     0.20
  SINCE JAN 1     15.28                      4.00  11.28     2.78

SNOWFALL (IN)
  YESTERDAY       MM                         0.0   MM        0.0
  MONTH TO DATE    0.0                       0.0    0.0      0.0
  SINCE MAR 1      0.0                       0.0    0.0      0.0
  SINCE JUL 1      0.0                       0.0    0.0      0.0

DEGREE DAYS
 HEATING
  YESTERDAY        0                         0      0        0
  MONTH TO DATE    0                         0      0        0
  SINCE MAR 1      0                         0      0        0
  SINCE JUL 1      0                         0      0        0

 COOLING
  YESTERDAY       13                        14     -1       13
  MONTH TO DATE   53                        56     -3       54
  SINCE MAR 1     53                        56     -3       54
  SINCE JAN 1    857                       870    -13      876
..................................................................


WIND (MPH)
  HIGHEST WIND SPEED    23   HIGHEST WIND DIRECTION     E (80)
  HIGHEST GUST SPEED    29   HIGHEST GUST DIRECTION     E (80)
  AVERAGE WIND SPEED    14.4


SKY COVER
  AVERAGE SKY COVER  MM


WEATHER CONDITIONS
 THE FOLLOWING WEATHER WAS RECORDED YESTERDAY.
  NO SIGNIFICANT WEATHER WAS OBSERVED.


RELATIVE HUMIDITY (PERCENT)
 HIGHEST    MM
 LOWEST     MM
 AVERAGE    MM

..........................................................


THE CYRIL E. KING AP/ST THOMAS  CLIMATE NORMALS FOR TODAY
                         NORMAL    RECORD    YEAR
 MAXIMUM TEMPERATURE (F)   85        92      1996
 MINIMUM TEMPERATURE (F)   73        67      1958


SUNRISE AND SUNSET
MARCH  5 2015.........SUNRISE   636 AM AST   SUNSET   627 PM AST
MARCH  6 2015.........SUNRISE   635 AM AST   SUNSET   627 PM AST


-  INDICATES NEGATIVE NUMBERS.
R  INDICATES RECORD WAS SET OR TIED.
MM INDICATES DATA IS MISSING.
T  INDICATES TRACE AMOUNT.




$$
