250
CDCA42 TJSJ 260441
CLIISX


CLIMATE REPORT
NATIONAL WEATHER SERVICE SAN JUAN, PR
1241 AM AST SUN MAR 26 2017


...................................

...THE HENRY E. ROHLSEN AP/ST CROIX CLIMATE SUMMARY FOR MARCH 25 2017...

CLIMATE NORMAL PERIOD 1981 TO 2010
CLIMATE RECORD PERIOD 1951 TO 2017


WEATHER ITEM   OBSERVED TIME   RECORD YEAR NORMAL DEPARTURE LAST
                VALUE   (LST)  VALUE       VALUE  FROM      YEAR
                                                  NORMAL
..................................................................
TEMPERATURE (F)
 YESTERDAY
  MAXIMUM         81    118 PM  89    2016  85     -4       89
  MINIMUM         75    736 AM  66    1995  73      2       77
  AVERAGE         78                        79     -1       83

PRECIPITATION (IN)
  YESTERDAY        0.04          1.24 1960   0.05  -0.01      T
  MONTH TO DATE    6.35                      1.22   5.13     0.83
  SINCE MAR 1      6.35                      1.22   5.13     0.83
  SINCE JAN 1      8.09                      5.01   3.08     2.80

SNOWFALL (IN)
  YESTERDAY        0.0                       0.0    0.0      0.0
  MONTH TO DATE    0.0                       0.0    0.0      0.0
  SINCE MAR 1      0.0                       0.0    0.0      0.0
  SINCE JUL 1      0.0                       0.0    0.0      0.0

DEGREE DAYS
 HEATING
  YESTERDAY        0                         0      0        0
  MONTH TO DATE    0                         0      0        0
  SINCE MAR 1      0                         0      0        0
  SINCE JUL 1      0                         0      0        0

 COOLING
  YESTERDAY       13                        14     -1       18
  MONTH TO DATE  348                       334     14      377
  SINCE MAR 1    348                       334     14      377
  SINCE JAN 1   1117                      1111      6     1227
..................................................................


WIND (MPH)
  HIGHEST WIND SPEED    15   HIGHEST WIND DIRECTION    SE (140)
  HIGHEST GUST SPEED    22   HIGHEST GUST DIRECTION    SE (140)
  AVERAGE WIND SPEED     9.4


SKY COVER
  AVERAGE SKY COVER 0.8


WEATHER CONDITIONS
 THE FOLLOWING WEATHER WAS RECORDED YESTERDAY.
  LIGHT RAIN
  FOG


RELATIVE HUMIDITY (PERCENT)
 HIGHEST    87
 LOWEST     74
 AVERAGE    81

..........................................................


THE HENRY E. ROHLSEN AP/ST CROIX CLIMATE NORMALS FOR TODAY
                         NORMAL    RECORD    YEAR
 MAXIMUM TEMPERATURE (F)   85        89      1972
 MINIMUM TEMPERATURE (F)   73        66      2000


SUNRISE AND SUNSET
MARCH 26 2017.........SUNRISE   618 AM AST   SUNSET   631 PM AST
MARCH 27 2017.........SUNRISE   618 AM AST   SUNSET   632 PM AST


-  INDICATES NEGATIVE NUMBERS.
R  INDICATES RECORD WAS SET OR TIED.
MM INDICATES DATA IS MISSING.
T  INDICATES TRACE AMOUNT.




$$
