000
CDCA42 TJSJ 010511
CLIISX


CLIMATE REPORT
NATIONAL WEATHER SERVICE SAN JUAN, PR
110 AM AST MON MAY 1 2017


...................................

...THE HENRY E. ROHLSEN AP/ST CROIX CLIMATE SUMMARY FOR APRIL 30 2017...

CLIMATE NORMAL PERIOD 1981 TO 2010
CLIMATE RECORD PERIOD 1951 TO 2017


WEATHER ITEM   OBSERVED TIME   RECORD YEAR NORMAL DEPARTURE LAST
                VALUE   (LST)  VALUE       VALUE  FROM      YEAR
                                                  NORMAL
..................................................................
TEMPERATURE (F)
 YESTERDAY
  MAXIMUM         85   1156 AM  93    1973  86     -1       85
  MINIMUM         76    633 AM  66    1982  75      1       71
  AVERAGE         81                        81      0       78

PRECIPITATION (IN)
  YESTERDAY        T             2.33 2016   0.10  -0.10     2.33
  MONTH TO DATE    7.69                      2.13   5.56     3.22
  SINCE MAR 1     14.09                      3.69  10.40     5.61
  SINCE JAN 1     15.83                      7.48   8.35     7.58

SNOWFALL (IN)
  YESTERDAY        0.0                       0.0    0.0      0.0
  MONTH TO DATE    0.0                       0.0    0.0      0.0
  SINCE MAR 1      0.0                       0.0    0.0      0.0
  SINCE JUL 1      0.0                       0.0    0.0      0.0

DEGREE DAYS
 HEATING
  YESTERDAY        0                         0      0        0
  MONTH TO DATE    0                         0      0        0
  SINCE MAR 1      0                         0      0        0
  SINCE JUL 1      0                         0      0        0

 COOLING
  YESTERDAY       16                        16      0       13
  MONTH TO DATE  435                       448    -13      476
  SINCE MAR 1    871                       868      3      947
  SINCE JAN 1   1640                      1645     -5     1797
..................................................................


WIND (MPH)
  HIGHEST WIND SPEED    22   HIGHEST WIND DIRECTION     E (90)
  HIGHEST GUST SPEED    29   HIGHEST GUST DIRECTION     E (80)
  AVERAGE WIND SPEED    13.1


SKY COVER
  AVERAGE SKY COVER 0.4


WEATHER CONDITIONS
 THE FOLLOWING WEATHER WAS RECORDED YESTERDAY.
  NO SIGNIFICANT WEATHER WAS OBSERVED.


RELATIVE HUMIDITY (PERCENT)
 HIGHEST    88
 LOWEST     65
 AVERAGE    77

..........................................................


THE HENRY E. ROHLSEN AP/ST CROIX CLIMATE NORMALS FOR TODAY
                         NORMAL    RECORD    YEAR
 MAXIMUM TEMPERATURE (F)   86        90      1973
 MINIMUM TEMPERATURE (F)   75        65      1975


SUNRISE AND SUNSET
MAY  1 2017...........SUNRISE   553 AM AST   SUNSET   640 PM AST
MAY  2 2017...........SUNRISE   552 AM AST   SUNSET   640 PM AST


-  INDICATES NEGATIVE NUMBERS.
R  INDICATES RECORD WAS SET OR TIED.
MM INDICATES DATA IS MISSING.
T  INDICATES TRACE AMOUNT.




$$
