000
CDCA42 TJSJ 230433
CLIISX


CLIMATE REPORT
NATIONAL WEATHER SERVICE SAN JUAN, PR
1233 AM AST WED AUG 23 2017


...................................

...THE HENRY E. ROHLSEN AP/ST CROIX CLIMATE SUMMARY FOR AUGUST 22 2017...

CLIMATE NORMAL PERIOD 1981 TO 2010
CLIMATE RECORD PERIOD 1951 TO 2017


WEATHER ITEM   OBSERVED TIME   RECORD YEAR NORMAL DEPARTURE LAST
                VALUE   (LST)  VALUE       VALUE  FROM      YEAR
                                                  NORMAL
..................................................................
TEMPERATURE (F)
 YESTERDAY
  MAXIMUM         90   1206 PM  93    1995  89      1       90
  MINIMUM         79   1148 PM  70    1980  78      1       78
  AVERAGE         85                        84      1       84

PRECIPITATION (IN)
  YESTERDAY        T             1.86 2014   0.11  -0.11      T
  MONTH TO DATE    4.35                      2.13   2.22     2.48
  SINCE JUN 1      7.94                      7.48   0.46     6.88
  SINCE JAN 1     25.82                     19.11   6.71    17.67

SNOWFALL (IN)
  YESTERDAY        0.0                       0.0    0.0      0.0
  MONTH TO DATE    0.0                       0.0    0.0      0.0
  SINCE JUN 1      0.0                       0.0    0.0      0.0
  SINCE JUL 1      0.0                       0.0    0.0      0.0

DEGREE DAYS
 HEATING
  YESTERDAY        0                         0      0        0
  MONTH TO DATE    0                         0      0        0
  SINCE JUN 1      0                         0      0        0
  SINCE JUL 1      0                         0      0        0

 COOLING
  YESTERDAY       20                        19      1       19
  MONTH TO DATE  439                       418     21      436
  SINCE JUN 1   1478                      1535    -57     1616
  SINCE JAN 1   3620                      3688    -68     3952
..................................................................


WIND (MPH)
  HIGHEST WIND SPEED    18   HIGHEST WIND DIRECTION     E (100)
  HIGHEST GUST SPEED    22   HIGHEST GUST DIRECTION     E (80)
  AVERAGE WIND SPEED     8.9


SKY COVER
  AVERAGE SKY COVER 0.2


WEATHER CONDITIONS
 THE FOLLOWING WEATHER WAS RECORDED YESTERDAY.
  LIGHT RAIN


RELATIVE HUMIDITY (PERCENT)
 HIGHEST    91
 LOWEST     68
 AVERAGE    80

..........................................................


THE HENRY E. ROHLSEN AP/ST CROIX CLIMATE NORMALS FOR TODAY
                         NORMAL    RECORD    YEAR
 MAXIMUM TEMPERATURE (F)   89        93      1995
 MINIMUM TEMPERATURE (F)   78        71      1981


SUNRISE AND SUNSET
AUGUST 23 2017........SUNRISE   604 AM AST   SUNSET   640 PM AST
AUGUST 24 2017........SUNRISE   604 AM AST   SUNSET   639 PM AST


-  INDICATES NEGATIVE NUMBERS.
R  INDICATES RECORD WAS SET OR TIED.
MM INDICATES DATA IS MISSING.
T  INDICATES TRACE AMOUNT.




$$
