000
CDCA42 TJSJ 250426
CLIISX


CLIMATE REPORT
NATIONAL WEATHER SERVICE SAN JUAN, PR
1226 AM AST SUN JAN 25 2015


...................................

...THE HENRY E. ROHLSEN AIRPORT/USVI CLIMATE SUMMARY FOR JANUARY 24 2015...

CLIMATE NORMAL PERIOD 1981 TO 2010
CLIMATE RECORD PERIOD 1951 TO 2015


WEATHER ITEM   OBSERVED TIME   RECORD YEAR NORMAL DEPARTURE LAST
                VALUE   (LST)  VALUE       VALUE  FROM      YEAR
                                                  NORMAL
..................................................................
TEMPERATURE (F)
 YESTERDAY
  MAXIMUM         85    153 PM  87    1995  84      1       84
  MINIMUM         72   1144 PM  63    2012  72      0       71
  AVERAGE         79                        78      1       78

PRECIPITATION (IN)
  YESTERDAY        0.03          0.41 1959   0.07  -0.04     0.02
  MONTH TO DATE    0.75                      1.72  -0.97     0.97
  SINCE DEC 1      6.38                      4.69   1.69     7.61
  SINCE JAN 1      0.75                      1.72  -0.97     0.97

SNOWFALL (IN)
  YESTERDAY       MM
  MONTH TO DATE    0.0
  SINCE DEC 1      0.0
  SINCE JUL 1      0.0

DEGREE DAYS
 HEATING
  YESTERDAY        0                         0      0        0
  MONTH TO DATE    0                         0      0        0
  SINCE DEC 1      0                         0      0        0
  SINCE JUL 1      0                         0      0        0

 COOLING
  YESTERDAY       14                        13      1       13
  MONTH TO DATE  313                       312      1      340
  SINCE DEC 1    722                       748    -26      808
  SINCE JAN 1    313                       312      1      340
..................................................................


WIND (MPH)
  RESULTANT WIND SPEED  MM   RESULTANT WIND DIRECTION  MM
  HIGHEST WIND SPEED    MM   HIGHEST WIND DIRECTION    MM
  AVERAGE WIND SPEED    MM


SKY COVER
  AVERAGE SKY COVER  MM


WEATHER CONDITIONS
 THE FOLLOWING WEATHER WAS RECORDED YESTERDAY.
  NO SIGNIFICANT WEATHER WAS OBSERVED.


RELATIVE HUMIDITY (PERCENT)
 HIGHEST    MM
 LOWEST     MM
 AVERAGE    MM

..........................................................


THE HENRY E. ROHLSEN AIRPORT/USVI CLIMATE NORMALS FOR TODAY
                         NORMAL    RECORD    YEAR
 MAXIMUM TEMPERATURE (F)   84        89      1993
 MINIMUM TEMPERATURE (F)   72        63      2012


SUNRISE AND SUNSET
JANUARY 25 2015.......SUNRISE   653 AM AST   SUNSET   610 PM AST
JANUARY 26 2015.......SUNRISE   653 AM AST   SUNSET   611 PM AST


-  INDICATES NEGATIVE NUMBERS.
R  INDICATES RECORD WAS SET OR TIED.
MM INDICATES DATA IS MISSING.
T  INDICATES TRACE AMOUNT.




$$
