000
CDHW43 PHFO 150241
CLIITO


CLIMATE REPORT
NATIONAL WEATHER SERVICE HONOLULU HI
441 PM HST THU DEC 14 2017


...................................

...THE HILO HI CLIMATE SUMMARY FOR DECEMBER 14 2017...
VALID TODAY AS OF 0400 PM LOCAL TIME.

CLIMATE NORMAL PERIOD 1981 TO 2010
CLIMATE RECORD PERIOD 1946 TO 2017


WEATHER ITEM   OBSERVED TIME   RECORD YEAR NORMAL DEPARTURE LAST
                VALUE   (LST)  VALUE       VALUE  FROM      YEAR
                                                  NORMAL
..................................................................
TEMPERATURE (F)
 TODAY
  MAXIMUM         76    133 PM  93    1980  79     -3       79
  MINIMUM         65    557 AM  61    1989  65      0       63
                                      1953
  AVERAGE         71                        72     -1       71

PRECIPITATION (IN)
  TODAY            0.66          7.24 1954   0.40   0.26     0.09
  MONTH TO DATE    4.21                      5.66  -1.45    12.77
  SINCE DEC 1      4.21                      5.66  -1.45    12.77
  SINCE JAN 1     99.46                    120.81 -21.35   120.77

SNOWFALL (IN)
  TODAY            0.0
  MONTH TO DATE    0.0
  SINCE DEC 1      0.0
  SINCE JUL 1      0.0
  SNOW DEPTH      MM

DEGREE DAYS
 HEATING
  TODAY            0                         0      0        0
  MONTH TO DATE    0                         0      0        0
  SINCE DEC 1      0                         0      0        0
  SINCE JUL 1      0                         0      0        0

 COOLING
  TODAY            6                         7     -1        6
  MONTH TO DATE   83                       107    -24      108
  SINCE DEC 1     83                       107    -24      108
  SINCE JAN 1   3468                      3114    354     3869
..................................................................


WIND (MPH)
  HIGHEST WIND SPEED    23   HIGHEST WIND DIRECTION     N (20)
  HIGHEST GUST SPEED    31   HIGHEST GUST DIRECTION    NE (40)
  AVERAGE WIND SPEED    MM


SKY COVER
  POSSIBLE SUNSHINE  MM
  AVERAGE SKY COVER  MM


WEATHER CONDITIONS
 THE FOLLOWING WEATHER WAS RECORDED TODAY.
  FOG


RELATIVE HUMIDITY (PERCENT)
 HIGHEST    MM
 LOWEST     MM
 AVERAGE    MM

..........................................................


THE HILO HI CLIMATE NORMALS FOR TOMORROW
                         NORMAL    RECORD    YEAR
 MAXIMUM TEMPERATURE (F)   79        86      1992
                                             1979
 MINIMUM TEMPERATURE (F)   65        58      1989


SUNRISE AND SUNSET
DECEMBER 14 2017......SUNRISE   647 AM HST   SUNSET   544 PM HST
DECEMBER 15 2017......SUNRISE   647 AM HST   SUNSET   544 PM HST


-  INDICATES NEGATIVE NUMBERS.
R  INDICATES RECORD WAS SET OR TIED.
MM INDICATES DATA IS MISSING.
T  INDICATES TRACE AMOUNT.




$$
