731
CDHW43 PHFO 020246
CLIITO


CLIMATE REPORT
NATIONAL WEATHER SERVICE HONOLULU HI
436 PM HST SUN MAY 1 2016


...................................

...THE HILO HI CLIMATE SUMMARY FOR MAY 1 2016...
VALID TODAY AS OF 0400 PM LOCAL TIME.

CLIMATE NORMAL PERIOD 1981 TO 2010
CLIMATE RECORD PERIOD 1946 TO 2016


WEATHER ITEM   OBSERVED TIME   RECORD YEAR NORMAL DEPARTURE LAST
                VALUE   (LST)  VALUE       VALUE  FROM      YEAR
                                                  NORMAL
..................................................................
TEMPERATURE (F)
 TODAY
  MAXIMUM         82    236 PM  85    2005  79      3       79
                                      1980
  MINIMUM         70    624 AM  61    1979  66      4       63
  AVERAGE         76                        73      3       71

PRECIPITATION (IN)
  TODAY            0.31          3.70 2014   0.33  -0.02     0.13
  MONTH TO DATE    0.31                      0.33  -0.02     0.13
  SINCE MAR 1     14.84                     25.30 -10.46    23.36
  SINCE JAN 1     19.41                     44.12 -24.71    31.45

SNOWFALL (IN)
  TODAY            0.0
  MONTH TO DATE    0.0
  SINCE MAR 1      0.0
  SINCE JUL 1      0.0
  SNOW DEPTH       0

DEGREE DAYS
 HEATING
  TODAY            0                         0      0        0
  MONTH TO DATE    0                         0      0        0
  SINCE MAR 1      0                         0      0        0
  SINCE JUL 1      0                         0      0        0

 COOLING
  TODAY           11                         8      3        6
  MONTH TO DATE   11                         8      3        6
  SINCE MAR 1    637                       435    202      534
  SINCE JAN 1   1201                       805    396     1060
..................................................................


WIND (MPH)
  HIGHEST WIND SPEED    15   HIGHEST WIND DIRECTION    NE (60)
  HIGHEST GUST SPEED    20   HIGHEST GUST DIRECTION    NE (60)
  AVERAGE WIND SPEED     6.0


SKY COVER
  POSSIBLE SUNSHINE  MM
  AVERAGE SKY COVER 0.6


WEATHER CONDITIONS
 THE FOLLOWING WEATHER WAS RECORDED TODAY.
  HEAVY RAIN
  RAIN
  LIGHT RAIN
  FOG


RELATIVE HUMIDITY (PERCENT)
 HIGHEST    90           400 AM
 LOWEST     62           300 PM
 AVERAGE    76

..........................................................


THE HILO HI CLIMATE NORMALS FOR TOMORROW
                         NORMAL    RECORD    YEAR
 MAXIMUM TEMPERATURE (F)   80        85      2005
                                             2004
 MINIMUM TEMPERATURE (F)   66        61      1979


SUNRISE AND SUNSET
MAY  1 2016...........SUNRISE   551 AM HST   SUNSET   644 PM HST
MAY  2 2016...........SUNRISE   550 AM HST   SUNSET   644 PM HST


-  INDICATES NEGATIVE NUMBERS.
R  INDICATES RECORD WAS SET OR TIED.
MM INDICATES DATA IS MISSING.
T  INDICATES TRACE AMOUNT.




$$
