000
CDHW43 PHFO 191245
CLIITO


CLIMATE REPORT
NATIONAL WEATHER SERVICE HONOLULU HI
245 AM HST FRI SEP 19 2014


...................................

...THE HILO HI CLIMATE SUMMARY FOR SEPTEMBER 18 2014...

CLIMATE NORMAL PERIOD 1981 TO 2010
CLIMATE RECORD PERIOD 1946 TO 2014


WEATHER ITEM   OBSERVED TIME   RECORD YEAR NORMAL DEPARTURE LAST
                VALUE   (LST)  VALUE       VALUE  FROM      YEAR
                                                  NORMAL
..................................................................
TEMPERATURE (F)
 YESTERDAY
  MAXIMUM         89R   139 PM  89    1995  83      6       86
                                      1974
  MINIMUM         70    630 AM  62    1955  69      1       68
  AVERAGE         80                        76      4       77

PRECIPITATION (IN)
  YESTERDAY        0.04          2.51 1990   0.34  -0.30     0.01
  MONTH TO DATE    1.29                      5.79  -4.50     1.35
  SINCE SEP 1      1.29                      5.79  -4.50     1.35
  SINCE JAN 1     82.40                     85.73  -3.33    66.23

SNOWFALL (IN)
  YESTERDAY        0.0
  MONTH TO DATE    0.0
  SINCE SEP 1      0.0
  SINCE JUL 1      0.0
  SNOW DEPTH       0

DEGREE DAYS
 HEATING
  YESTERDAY        0                         0      0        0
  MONTH TO DATE    0                         0      0        0
  SINCE SEP 1      0                         0      0        0
  SINCE JUL 1      0                         0      0        0

 COOLING
  YESTERDAY       15                        11      4       12
  MONTH TO DATE  254                       198     56      231
  SINCE SEP 1    254                       198     56      231
  SINCE JAN 1   2531                      2270    261     2444
..................................................................


WIND (MPH)
  HIGHEST WIND SPEED    13   HIGHEST WIND DIRECTION    NE (30)
  HIGHEST GUST SPEED    18   HIGHEST GUST DIRECTION    NE (50)
  AVERAGE WIND SPEED     6.6


SKY COVER
  POSSIBLE SUNSHINE  MM
  AVERAGE SKY COVER 0.3


WEATHER CONDITIONS
 THE FOLLOWING WEATHER WAS RECORDED YESTERDAY.
  FOG


RELATIVE HUMIDITY (PERCENT)
 HIGHEST    87           900 PM
 LOWEST     55           900 AM
 AVERAGE    71

..........................................................


THE HILO HI CLIMATE NORMALS FOR TODAY
                         NORMAL    RECORD    YEAR
 MAXIMUM TEMPERATURE (F)   83        89      1974
 MINIMUM TEMPERATURE (F)   69        64      1973
                                             1955


SUNRISE AND SUNSET
SEPTEMBER 19 2014.....SUNRISE   609 AM HST   SUNSET   619 PM HST
SEPTEMBER 20 2014.....SUNRISE   609 AM HST   SUNSET   618 PM HST


-  INDICATES NEGATIVE NUMBERS.
R  INDICATES RECORD WAS SET OR TIED.
MM INDICATES DATA IS MISSING.
T  INDICATES TRACE AMOUNT.




$$
