000
CDHW43 PHFO 191245
CLIITO


CLIMATE REPORT
NATIONAL WEATHER SERVICE HONOLULU HI
245 AM HST THU JAN 19 2017


...................................

...THE HILO HI CLIMATE SUMMARY FOR JANUARY 18 2017...

CLIMATE NORMAL PERIOD 1981 TO 2010
CLIMATE RECORD PERIOD 1946 TO 2017


WEATHER ITEM   OBSERVED TIME   RECORD YEAR NORMAL DEPARTURE LAST
                VALUE   (LST)  VALUE       VALUE  FROM      YEAR
                                                  NORMAL
..................................................................
TEMPERATURE (F)
 YESTERDAY
  MAXIMUM         82    246 PM  88    1974  79      3       86
  MINIMUM         61    703 AM  58    2009  64     -3       64
  AVERAGE         72                        71      1       75

PRECIPITATION (IN)
  YESTERDAY        0.00          5.08 2002   0.28  -0.28     0.00
  MONTH TO DATE    1.22                      4.98  -3.76     0.49
  SINCE DEC 1     21.62                     16.55   5.07    14.59
  SINCE JAN 1      1.22                      4.98  -3.76     0.49

SNOWFALL (IN)
  YESTERDAY        0.0
  MONTH TO DATE    0.0
  SINCE DEC 1      0.0
  SINCE JUL 1      0.0
  SNOW DEPTH       0

DEGREE DAYS
 HEATING
  YESTERDAY        0                         0      0        0
  MONTH TO DATE    0                         0      0        0
  SINCE DEC 1      0                         0      0        0
  SINCE JUL 1      0                         0      0        0

 COOLING
  YESTERDAY        7                         6      1       10
  MONTH TO DATE  122                       119      3      154
  SINCE DEC 1    352                       344      8      460
  SINCE JAN 1    122                       119      3      154
..................................................................


WIND (MPH)
  HIGHEST WIND SPEED    17   HIGHEST WIND DIRECTION     E (110)
  HIGHEST GUST SPEED    21   HIGHEST GUST DIRECTION    SE (120)
  AVERAGE WIND SPEED     8.5


SKY COVER
  POSSIBLE SUNSHINE  MM
  AVERAGE SKY COVER 0.2


WEATHER CONDITIONS
 THE FOLLOWING WEATHER WAS RECORDED YESTERDAY.
  NO SIGNIFICANT WEATHER WAS OBSERVED.


RELATIVE HUMIDITY (PERCENT)
 HIGHEST    87          1200 AM
 LOWEST     53           900 AM
 AVERAGE    70

..........................................................


THE HILO HI CLIMATE NORMALS FOR TODAY
                         NORMAL    RECORD    YEAR
 MAXIMUM TEMPERATURE (F)   79        88      1974
 MINIMUM TEMPERATURE (F)   64        54      1980


SUNRISE AND SUNSET
JANUARY 19 2017.......SUNRISE   658 AM HST   SUNSET   605 PM HST
JANUARY 20 2017.......SUNRISE   658 AM HST   SUNSET   606 PM HST


-  INDICATES NEGATIVE NUMBERS.
R  INDICATES RECORD WAS SET OR TIED.
MM INDICATES DATA IS MISSING.
T  INDICATES TRACE AMOUNT.




$$
