000
CDHW43 PHFO 311245
CLIITO


CLIMATE REPORT
NATIONAL WEATHER SERVICE HONOLULU HI
245 AM HST THU JUL 31 2014


...................................

...THE HILO HI CLIMATE SUMMARY FOR JULY 30 2014...

CLIMATE NORMAL PERIOD 1981 TO 2010
CLIMATE RECORD PERIOD 1946 TO 2014


WEATHER ITEM   OBSERVED TIME   RECORD YEAR NORMAL DEPARTURE LAST
                VALUE   (LST)  VALUE       VALUE  FROM      YEAR
                                                  NORMAL
..................................................................
TEMPERATURE (F)
 YESTERDAY
  MAXIMUM         85   1254 PM  89    1994  83      2       87
  MINIMUM         70    639 AM  64    1972  70      0       74
                                      1955
  AVERAGE         78                        76      2       81

PRECIPITATION (IN)
  YESTERDAY        0.01          4.68 1997   0.37  -0.36     0.52
  MONTH TO DATE   15.99                     10.43   5.56     4.19
  SINCE JUN 1     22.56                     17.80   4.76     8.70
  SINCE JAN 1     70.30                     69.71   0.59    55.74

SNOWFALL (IN)
  YESTERDAY        0.0
  MONTH TO DATE    0.0
  SINCE JUN 1      0.0
  SINCE JUL 1      0.0
  SNOW DEPTH       0

DEGREE DAYS
 HEATING
  YESTERDAY        0                         0      0        0
  MONTH TO DATE    0                         0      0        0
  SINCE JUN 1      0                         0      0        0
  SINCE JUL 1      0                         0      0        0

 COOLING
  YESTERDAY       13                        11      2       16
  MONTH TO DATE  332                       330      2      367
  SINCE JUN 1    598                       636    -38      688
  SINCE JAN 1   1854                      1704    150     1841
..................................................................


WIND (MPH)
  HIGHEST WIND SPEED    13   HIGHEST WIND DIRECTION    NE (60)
  HIGHEST GUST SPEED    16   HIGHEST GUST DIRECTION    NE (50)
  AVERAGE WIND SPEED     6.2


SKY COVER
  POSSIBLE SUNSHINE  MM
  AVERAGE SKY COVER 0.7


WEATHER CONDITIONS
 THE FOLLOWING WEATHER WAS RECORDED YESTERDAY.
  LIGHT RAIN


RELATIVE HUMIDITY (PERCENT)
 HIGHEST    93           300 AM
 LOWEST     55           200 PM
 AVERAGE    74

..........................................................


THE HILO HI CLIMATE NORMALS FOR TODAY
                         NORMAL    RECORD    YEAR
 MAXIMUM TEMPERATURE (F)   83        89      1977
 MINIMUM TEMPERATURE (F)   70        64      1999


SUNRISE AND SUNSET
JULY 31 2014..........SUNRISE   556 AM HST   SUNSET   657 PM HST
AUGUST  1 2014........SUNRISE   556 AM HST   SUNSET   657 PM HST


-  INDICATES NEGATIVE NUMBERS.
R  INDICATES RECORD WAS SET OR TIED.
MM INDICATES DATA IS MISSING.
T  INDICATES TRACE AMOUNT.




$$
