000
CDHW43 PHFO 170258
CLIITO


CLIMATE REPORT
NATIONAL WEATHER SERVICE HONOLULU HI
458 PM HST MON OCT 16 2017


...................................

...THE HILO HI CLIMATE SUMMARY FOR OCTOBER 16 2017...
VALID TODAY AS OF 0400 PM LOCAL TIME.

CLIMATE NORMAL PERIOD 1981 TO 2010
CLIMATE RECORD PERIOD 1946 TO 2017


WEATHER ITEM   OBSERVED TIME   RECORD YEAR NORMAL DEPARTURE LAST
                VALUE   (LST)  VALUE       VALUE  FROM      YEAR
                                                  NORMAL
..................................................................
TEMPERATURE (F)
 TODAY
  MAXIMUM         83   1220 PM  88    1992  83      0       84
                                      1988
  MINIMUM         69    458 AM  63    1962  69      0       66
  AVERAGE         76                        76      0       75

PRECIPITATION (IN)
  TODAY            0.16          3.23 2015   0.29  -0.13      T
  MONTH TO DATE    8.12                      4.69   3.43    11.85
  SINCE SEP 1     12.03                     14.63  -2.60    22.59
  SINCE JAN 1     65.65                     94.57 -28.92    90.68

SNOWFALL (IN)
  TODAY            0.0
  MONTH TO DATE    0.0
  SINCE SEP 1      0.0
  SINCE JUL 1      0.0
  SNOW DEPTH      MM

DEGREE DAYS
 HEATING
  TODAY            0                         0      0        0
  MONTH TO DATE    0                         0      0        0
  SINCE SEP 1      0                         0      0        0
  SINCE JUL 1      0                         0      0        0

 COOLING
  TODAY           11                        11      0       10
  MONTH TO DATE  193                       176     17      187
  SINCE SEP 1    555                       512     43      569
  SINCE JAN 1   2971                      2584    387     3320
..................................................................


WIND (MPH)
  HIGHEST WIND SPEED    21   HIGHEST WIND DIRECTION    NE (60)
  HIGHEST GUST SPEED    33   HIGHEST GUST DIRECTION    NE (60)
  AVERAGE WIND SPEED    MM


SKY COVER
  POSSIBLE SUNSHINE  MM
  AVERAGE SKY COVER  MM


WEATHER CONDITIONS
 THE FOLLOWING WEATHER WAS RECORDED TODAY.
  FOG
  HAZE


RELATIVE HUMIDITY (PERCENT)
 HIGHEST    MM
 LOWEST     MM
 AVERAGE    MM

..........................................................


THE HILO HI CLIMATE NORMALS FOR TOMORROW
                         NORMAL    RECORD    YEAR
 MAXIMUM TEMPERATURE (F)   83        89      2015
 MINIMUM TEMPERATURE (F)   69        64      1971
                                             1956


SUNRISE AND SUNSET
OCTOBER 16 2017.......SUNRISE   615 AM HST   SUNSET   556 PM HST
OCTOBER 17 2017.......SUNRISE   616 AM HST   SUNSET   555 PM HST


-  INDICATES NEGATIVE NUMBERS.
R  INDICATES RECORD WAS SET OR TIED.
MM INDICATES DATA IS MISSING.
T  INDICATES TRACE AMOUNT.




$$
