000
CDHW43 PHFO 201245
CLIITO


CLIMATE REPORT
NATIONAL WEATHER SERVICE HONOLULU HI
245 AM HST MON FEB 20 2017


...................................

...THE HILO HI CLIMATE SUMMARY FOR FEBRUARY 19 2017...

CLIMATE NORMAL PERIOD 1981 TO 2010
CLIMATE RECORD PERIOD 1946 TO 2017


WEATHER ITEM   OBSERVED TIME   RECORD YEAR NORMAL DEPARTURE LAST
                VALUE   (LST)  VALUE       VALUE  FROM      YEAR
                                                  NORMAL
..................................................................
TEMPERATURE (F)
 YESTERDAY
  MAXIMUM         75    112 PM  86    1992  79     -4       83
  MINIMUM         64    339 AM  58    1962  64      0       63
  AVERAGE         70                        71     -1       73

PRECIPITATION (IN)
  YESTERDAY        0.05         11.50 1979   0.31  -0.26     0.01
  MONTH TO DATE    1.04                      6.34  -5.30     2.68
  SINCE DEC 1     33.78                     27.17   6.61    18.07
  SINCE JAN 1     13.38                     15.60  -2.22     3.97

SNOWFALL (IN)
  YESTERDAY        0.0
  MONTH TO DATE    0.0
  SINCE DEC 1      0.0
  SINCE JUL 1      0.0
  SNOW DEPTH       0

DEGREE DAYS
 HEATING
  YESTERDAY        0                         0      0        0
  MONTH TO DATE    0                         0      0        0
  SINCE DEC 1      0                         0      0        0
  SINCE JUL 1      0                         0      0        0

 COOLING
  YESTERDAY        5                         6     -1        8
  MONTH TO DATE  143                       114     29      171
  SINCE DEC 1    583                       537     46      764
  SINCE JAN 1    353                       312     41      458
..................................................................


WIND (MPH)
  HIGHEST WIND SPEED    21   HIGHEST WIND DIRECTION     N (340)
  HIGHEST GUST SPEED    27   HIGHEST GUST DIRECTION     N (340)
  AVERAGE WIND SPEED    10.8


SKY COVER
  POSSIBLE SUNSHINE  MM
  AVERAGE SKY COVER 0.8


WEATHER CONDITIONS
 THE FOLLOWING WEATHER WAS RECORDED YESTERDAY.
  LIGHT RAIN
  FOG
  HAZE


RELATIVE HUMIDITY (PERCENT)
 HIGHEST    93           200 AM
 LOWEST     73           300 PM
 AVERAGE    83

..........................................................


THE HILO HI CLIMATE NORMALS FOR TODAY
                         NORMAL    RECORD    YEAR
 MAXIMUM TEMPERATURE (F)   79        92      1968
 MINIMUM TEMPERATURE (F)   64        58      2000
                                             1989
                                             1953


SUNRISE AND SUNSET
FEBRUARY 20 2017......SUNRISE   646 AM HST   SUNSET   622 PM HST
FEBRUARY 21 2017......SUNRISE   645 AM HST   SUNSET   623 PM HST


-  INDICATES NEGATIVE NUMBERS.
R  INDICATES RECORD WAS SET OR TIED.
MM INDICATES DATA IS MISSING.
T  INDICATES TRACE AMOUNT.




$$
