000
CDHW43 PHFO 230317
CLIITO


CLIMATE REPORT
NATIONAL WEATHER SERVICE HONOLULU HI
513 PM HST THU JUN 22 2017


...................................

...THE HILO HI CLIMATE SUMMARY FOR JUNE 22 2017...
VALID TODAY AS OF 0500 PM LOCAL TIME.

CLIMATE NORMAL PERIOD 1981 TO 2010
CLIMATE RECORD PERIOD 1946 TO 2017


WEATHER ITEM   OBSERVED TIME   RECORD YEAR NORMAL DEPARTURE LAST
                VALUE   (LST)  VALUE       VALUE  FROM      YEAR
                                                  NORMAL
..................................................................
TEMPERATURE (F)
 TODAY
  MAXIMUM         84    345 PM  88    1980  82      2       83
  MINIMUM         69    359 AM  65    2014  68      1       70
                                      1974
                                      1972
  AVERAGE         77                        75      2       77

PRECIPITATION (IN)
  TODAY            0.05          1.94 2005   0.26  -0.21     0.48
  MONTH TO DATE    2.59                      5.13  -2.54     9.98
  SINCE JUN 1      2.59                      5.13  -2.54     9.98
  SINCE JAN 1     37.23                     57.04 -19.81    34.84

SNOWFALL (IN)
  TODAY            0.0
  MONTH TO DATE    0.0
  SINCE JUN 1      0.0
  SINCE JUL 1      0.0
  SNOW DEPTH      MM

DEGREE DAYS
 HEATING
  TODAY            0                         0      0        0
  MONTH TO DATE    0                         0      0        0
  SINCE JUN 1      0                         0      0        0
  SINCE JUL 1      0                         0      0        0

 COOLING
  TODAY           12                        10      2       12
  MONTH TO DATE  250                       220     30      258
  SINCE JUN 1    250                       220     30      258
  SINCE JAN 1   1554                      1288    266     1804
..................................................................


WIND (MPH)
  HIGHEST WIND SPEED    15   HIGHEST WIND DIRECTION    NE (50)
  HIGHEST GUST SPEED    22   HIGHEST GUST DIRECTION    NE (40)
  AVERAGE WIND SPEED    MM


SKY COVER
  POSSIBLE SUNSHINE  MM
  AVERAGE SKY COVER  MM


WEATHER CONDITIONS
 THE FOLLOWING WEATHER WAS RECORDED TODAY.
  FOG


RELATIVE HUMIDITY (PERCENT)
 HIGHEST    MM
 LOWEST     MM
 AVERAGE    MM

..........................................................


THE HILO HI CLIMATE NORMALS FOR TOMORROW
                         NORMAL    RECORD    YEAR
 MAXIMUM TEMPERATURE (F)   82        87      1980
 MINIMUM TEMPERATURE (F)   68        64      1962


SUNRISE AND SUNSET
JUNE 22 2017..........SUNRISE   543 AM HST   SUNSET   702 PM HST
JUNE 23 2017..........SUNRISE   543 AM HST   SUNSET   702 PM HST


-  INDICATES NEGATIVE NUMBERS.
R  INDICATES RECORD WAS SET OR TIED.
MM INDICATES DATA IS MISSING.
T  INDICATES TRACE AMOUNT.




$$
