000
CDHW43 PHFO 281245
CLIITO


CLIMATE REPORT
NATIONAL WEATHER SERVICE HONOLULU HI
245 AM HST THU MAY 28 2015


...................................

...THE HILO HI CLIMATE SUMMARY FOR MAY 27 2015...

CLIMATE NORMAL PERIOD 1981 TO 2010
CLIMATE RECORD PERIOD 1946 TO 2015


WEATHER ITEM   OBSERVED TIME   RECORD YEAR NORMAL DEPARTURE LAST
                VALUE   (LST)  VALUE       VALUE  FROM      YEAR
                                                  NORMAL
..................................................................
TEMPERATURE (F)
 YESTERDAY
  MAXIMUM         MM        MM  88    1992  81     MM       79
  MINIMUM         MM        MM  61    2003  68     MM       66
  AVERAGE         MM                        75     MM       73

PRECIPITATION (IN)
  YESTERDAY        0.01          1.42 1970   0.21  -0.20     0.34
  MONTH TO DATE    7.06                      7.29  -0.23     5.35
  SINCE MAR 1     30.29                     32.26  -1.97    37.45
  SINCE JAN 1     38.38                     51.08 -12.70    45.68

SNOWFALL (IN)
  YESTERDAY       MM
  MONTH TO DATE    0.0
  SINCE MAR 1      0.0
  SINCE JUL 1      0.0
  SNOW DEPTH       0

DEGREE DAYS
 HEATING
  YESTERDAY       MM                         0     MM        0
  MONTH TO DATE    0                         0      0        0
  SINCE MAR 1      0                         0      0        0
  SINCE JUL 1      0                         0      0        0

 COOLING
  YESTERDAY       MM                         9     MM        8
  MONTH TO DATE  229                       231     -2      273
  SINCE MAR 1    757                       658     99      764
  SINCE JAN 1   1283                      1028    255     1222
..................................................................


WIND (MPH)
  HIGHEST WIND SPEED     8   HIGHEST WIND DIRECTION     N (340)
  HIGHEST GUST SPEED    MM   HIGHEST GUST DIRECTION    MM
  AVERAGE WIND SPEED     3.4


SKY COVER
  POSSIBLE SUNSHINE  MM
  AVERAGE SKY COVER 1.0


WEATHER CONDITIONS
 THE FOLLOWING WEATHER WAS RECORDED YESTERDAY.
  LIGHT RAIN
  FOG
  HAZE


RELATIVE HUMIDITY (PERCENT)
 HIGHEST    93          1200 PM
 LOWEST     84          1200 AM
 AVERAGE    89

..........................................................


THE HILO HI CLIMATE NORMALS FOR TODAY
                         NORMAL    RECORD    YEAR
 MAXIMUM TEMPERATURE (F)   82        87      2007
                                             1992
                                             1980
 MINIMUM TEMPERATURE (F)   68        62      1972


SUNRISE AND SUNSET
MAY 28 2015...........SUNRISE   541 AM HST   SUNSET   654 PM HST
MAY 29 2015...........SUNRISE   541 AM HST   SUNSET   654 PM HST


-  INDICATES NEGATIVE NUMBERS.
R  INDICATES RECORD WAS SET OR TIED.
MM INDICATES DATA IS MISSING.
T  INDICATES TRACE AMOUNT.




$$
