000
CDHW43 PHFO 301247
CLIITO


CLIMATE REPORT
NATIONAL WEATHER SERVICE
1245 PM UTC THU JUL 30 2015


...................................

...THE HILO HI CLIMATE SUMMARY FOR JULY 29 2015...

CLIMATE NORMAL PERIOD 1981 TO 2010
CLIMATE RECORD PERIOD 1946 TO 2015


WEATHER ITEM   OBSERVED TIME   RECORD YEAR NORMAL DEPARTURE LAST
                VALUE   (LST)  VALUE       VALUE  FROM      YEAR
                                                  NORMAL
..................................................................
TEMPERATURE (F)
 YESTERDAY
  MAXIMUM         88   1257 PM  89    1986  83      5       85
  MINIMUM         70    623 AM  63    1970  70      0       70
                                      1956
  AVERAGE         79                        76      3       78

PRECIPITATION (IN)
  YESTERDAY        T             2.67 1997   0.38  -0.38      T
  MONTH TO DATE    7.60                     10.06  -2.46    15.98
  SINCE JUN 1      7.60                     17.43  -9.83    22.55
  SINCE JAN 1     44.62                     69.34 -24.72    70.29

SNOWFALL (IN)
  YESTERDAY        0.0
  MONTH TO DATE    0.0
  SINCE JUN 1      0.0
  SINCE JUL 1      0.0
  SNOW DEPTH      MM

DEGREE DAYS
 HEATING
  YESTERDAY        0                         0      0        0
  MONTH TO DATE    0                         0      0        0
  SINCE JUN 1      0                         0      0        0
  SINCE JUL 1      0                         0      0        0

 COOLING
  YESTERDAY       14                        11      3       13
  MONTH TO DATE  303                       319    -16      319
  SINCE JUN 1    303                       625   -322      585
  SINCE JAN 1   1478                      1693   -215     1841
..................................................................


WIND (MPH)
  HIGHEST WIND SPEED    17   HIGHEST WIND DIRECTION     E (80)
  HIGHEST GUST SPEED    22   HIGHEST GUST DIRECTION     E (80)
  AVERAGE WIND SPEED     6.6


SKY COVER
  POSSIBLE SUNSHINE  MM
  AVERAGE SKY COVER  MM


WEATHER CONDITIONS
 THE FOLLOWING WEATHER WAS RECORDED YESTERDAY.
  FOG
  HAZE


RELATIVE HUMIDITY (PERCENT)
 HIGHEST    MM
 LOWEST     MM
 AVERAGE    MM

..........................................................


THE HILO HI CLIMATE NORMALS FOR TODAY
                         NORMAL    RECORD    YEAR
 MAXIMUM TEMPERATURE (F)   83        89      1994
 MINIMUM TEMPERATURE (F)   70        64      1972
                                             1955


SUNRISE AND SUNSET
JULY 30 2015..........SUNRISE   555 AM HST   SUNSET   658 PM HST
JULY 31 2015..........SUNRISE   556 AM HST   SUNSET   657 PM HST


-  INDICATES NEGATIVE NUMBERS.
R  INDICATES RECORD WAS SET OR TIED.
MM INDICATES DATA IS MISSING.
T  INDICATES TRACE AMOUNT.




$$
