000
CDHW43 PHFO 051245
CLIITO


CLIMATE REPORT
NATIONAL WEATHER SERVICE HONOLULU HI
245 AM HST THU MAR 5 2015


...................................

...THE HILO HI CLIMATE SUMMARY FOR MARCH 4 2015...

CLIMATE NORMAL PERIOD 1981 TO 2010
CLIMATE RECORD PERIOD 1946 TO 2015


WEATHER ITEM   OBSERVED TIME   RECORD YEAR NORMAL DEPARTURE LAST
                VALUE   (LST)  VALUE       VALUE  FROM      YEAR
                                                  NORMAL
..................................................................
TEMPERATURE (F)
 YESTERDAY
  MAXIMUM         75    554 PM  86    1972  79     -4       77
  MINIMUM         67   1159 PM  58    1985  64      3       67
                                      1971
  AVERAGE         71                        72     -1       72

PRECIPITATION (IN)
  YESTERDAY        2.39          2.88 1974   0.40   1.99      T
  MONTH TO DATE    5.37                      1.60   3.77     0.37
  SINCE MAR 1      5.37                      1.60   3.77     0.37
  SINCE JAN 1     13.46                     20.42  -6.96     8.60

SNOWFALL (IN)
  YESTERDAY        0.0
  MONTH TO DATE    0.0
  SINCE MAR 1      0.0
  SINCE JUL 1      0.0
  SNOW DEPTH       0

DEGREE DAYS
 HEATING
  YESTERDAY        0                         0      0        0
  MONTH TO DATE    0                         0      0        0
  SINCE MAR 1      0                         0      0        0
  SINCE JUL 1      0                         0      0        0

 COOLING
  YESTERDAY        6                         7     -1        7
  MONTH TO DATE   32                        25      7       25
  SINCE MAR 1     32                        25      7       25
  SINCE JAN 1    558                       395    163      483
..................................................................


WIND (MPH)
  HIGHEST WIND SPEED    25   HIGHEST WIND DIRECTION     N (340)
  HIGHEST GUST SPEED    33   HIGHEST GUST DIRECTION     N (340)
  AVERAGE WIND SPEED     6.7


SKY COVER
  POSSIBLE SUNSHINE  MM
  AVERAGE SKY COVER 1.0


WEATHER CONDITIONS
 THE FOLLOWING WEATHER WAS RECORDED YESTERDAY.
  HEAVY RAIN
  RAIN
  LIGHT RAIN
  FOG


RELATIVE HUMIDITY (PERCENT)
 HIGHEST   100           100 AM
 LOWEST     54           600 PM
 AVERAGE    77

..........................................................


THE HILO HI CLIMATE NORMALS FOR TODAY
                         NORMAL    RECORD    YEAR
 MAXIMUM TEMPERATURE (F)   79        89      1978
 MINIMUM TEMPERATURE (F)   64        58      1979


SUNRISE AND SUNSET
MARCH  5 2015.........SUNRISE   637 AM HST   SUNSET   627 PM HST
MARCH  6 2015.........SUNRISE   636 AM HST   SUNSET   627 PM HST


-  INDICATES NEGATIVE NUMBERS.
R  INDICATES RECORD WAS SET OR TIED.
MM INDICATES DATA IS MISSING.
T  INDICATES TRACE AMOUNT.




$$
