000
CDUS43 KGLD 270818
CLIITR

CLIMATE REPORT
NATIONAL WEATHER SERVICE GOODLAND
215 AM MDT WED JUL 27 2016
...................................

...THE BURLINGTON CO CLIMATE SUMMARY FOR JULY 26 2016...

CLIMATE NORMAL PERIOD 1981 TO 2010
CLIMATE RECORD PERIOD 1896 TO 2016

WEATHER ITEM   OBSERVED TIME   RECORD YEAR NORMAL DEPARTURE LAST
                VALUE   (LST)  VALUE       VALUE  FROM      YEAR
                                                  NORMAL
..................................................................
TEMPERATURE (F)
 YESTERDAY
  MAXIMUM         92    310 PM 103    1960  89      3       96
  MINIMUM         65   1128 PM  50    2004  61      4       63
                                      1958
  AVERAGE         79                        75      4       80

PRECIPITATION (IN)
  YESTERDAY        T                         0.08  -0.08     1.34
  MONTH TO DATE    1.62                      2.73  -1.11     4.62
  SINCE JUN 1      5.62                      5.61   0.01     7.53
  SINCE JAN 1     13.86                     11.34   2.52    18.55

..................................................................

THE BURLINGTON CO CLIMATE NORMALS FOR TODAY
                         NORMAL    RECORD    YEAR
 MAXIMUM TEMPERATURE (F)   89       103      1960
 MINIMUM TEMPERATURE (F)   61        49      2005

-  INDICATES NEGATIVE NUMBERS.
R  INDICATES RECORD WAS SET OR TIED.
MM INDICATES DATA IS MISSING.
T  INDICATES TRACE AMOUNT.

$$
