000
CDUS43 KGLD 300059
CLIITR

CLIMATE REPORT
NATIONAL WEATHER SERVICE GOODLAND
656 PM MDT WED MAR 29 2017

...................................

...THE BURLINGTON CO CLIMATE SUMMARY FOR MARCH 29 2017...
VALID TODAY AS OF 0600 PM LOCAL TIME.

CLIMATE NORMAL PERIOD 1981 TO 2010
CLIMATE RECORD PERIOD 1896 TO 2017

WEATHER ITEM   OBSERVED TIME   RECORD YEAR NORMAL DEPARTURE LAST
                VALUE   (LST)  VALUE       VALUE  FROM      YEAR
                                                  NORMAL
..................................................................
TEMPERATURE (F)
 TODAY
  MAXIMUM         45    232 PM  87    1943  58    -13       78
  MINIMUM         37    336 AM   2    1987  29      8       43
  AVERAGE         41                        43     -2       61

PRECIPITATION (IN)
  TODAY            0.10                      0.04   0.06     0.00
  MONTH TO DATE    2.83                      0.82   2.01     1.07
  SINCE MAR 1      2.83                      0.82   2.01     1.07
  SINCE JAN 1      3.39                      1.62   1.77     1.88

..................................................................

THE BURLINGTON CO CLIMATE NORMALS FOR TOMORROW
                         NORMAL    RECORD    YEAR
 MAXIMUM TEMPERATURE (F)   59        87      2010
 MINIMUM TEMPERATURE (F)   29         3      1987

-  INDICATES NEGATIVE NUMBERS.
R  INDICATES RECORD WAS SET OR TIED.
MM INDICATES DATA IS MISSING.
T  INDICATES TRACE AMOUNT.

$$
