000
CDUS43 KGLD 240740
CLIITR

CLIMATE REPORT
NATIONAL WEATHER SERVICE GOODLAND
137 AM MDT THU APR 24 2014


...................................

...THE BURLINGTON CO CLIMATE SUMMARY FOR APRIL 23 2014...

CLIMATE NORMAL PERIOD 1981 TO 2010
CLIMATE RECORD PERIOD 1896 TO 2014


WEATHER ITEM   OBSERVED TIME   RECORD YEAR NORMAL DEPARTURE LAST
                VALUE   (LST)  VALUE       VALUE  FROM      YEAR
                                                  NORMAL
..................................................................
TEMPERATURE (F)
 YESTERDAY
  MAXIMUM         83   1257 PM  90    1924  64     19       29
  MINIMUM         47   1144 PM  15    2013  36     11       15
  AVERAGE         65                        50     15       22

PRECIPITATION (IN)
  YESTERDAY        0.00                      0.06  -0.06     0.15
  MONTH TO DATE    0.15                      1.00  -0.85     0.75
  SINCE MAR 1      0.36                      1.89  -1.53     2.85
  SINCE JAN 1      1.06                      2.69  -1.63     3.34

..................................................................


THE BURLINGTON CO CLIMATE NORMALS FOR TODAY
                         NORMAL    RECORD    YEAR
 MAXIMUM TEMPERATURE (F)   65        92      2012
 MINIMUM TEMPERATURE (F)   36        16      2013



-  INDICATES NEGATIVE NUMBERS.
R  INDICATES RECORD WAS SET OR TIED.
MM INDICATES DATA IS MISSING.
T  INDICATES TRACE AMOUNT.

$$
