000
CDUS44 KJAN 230636
CLIJAN


CLIMATE REPORT
NATIONAL WEATHER SERVICE JACKSON MS
130 AM CDT SAT MAY 23 2015


...................................

...THE JACKSON CLIMATE SUMMARY FOR MAY 22 2015...

CLIMATE NORMAL PERIOD 1981 TO 2010
CLIMATE RECORD PERIOD 1896 TO 2015


WEATHER ITEM   OBSERVED TIME   RECORD YEAR NORMAL DEPARTURE LAST
                VALUE   (LST)  VALUE       VALUE  FROM      YEAR
                                                  NORMAL
..................................................................
TEMPERATURE (F)
 YESTERDAY
  MAXIMUM         78    525 PM  98    1902  85     -7       88
  MINIMUM         52    522 AM  46    1993  63    -11       63
  AVERAGE         65                        74     -9       76

PRECIPITATION (IN)
  YESTERDAY        0.00          2.58 1959   0.14  -0.14     0.00
  MONTH TO DATE    2.28                      3.10  -0.82     2.60
  SINCE MAR 1     13.30                     13.10   0.20    20.77
  SINCE JAN 1     23.50                     22.83   0.67    27.82

SNOWFALL (IN)
  YESTERDAY        0.0           0.0    MM   0.0    0.0      0.0
  MONTH TO DATE    0.0                       0.0    0.0      0.0
  SINCE MAR 1      0.3                       0.1    0.2       T
  SINCE JUL 1      0.3                       0.8   -0.5      0.8

DEGREE DAYS
 HEATING
  YESTERDAY        0                         0      0        0
  MONTH TO DATE    2                        10     -8       20
  SINCE MAR 1    227                       397   -170      478
  SINCE JUL 1   2353                      2389    -36     2744

 COOLING
  YESTERDAY        0                         9     -9       11
  MONTH TO DATE  170                       147     23      143
  SINCE MAR 1    346                       255     91      226
  SINCE JAN 1    346                       265     81      232
..................................................................


WIND (MPH)
  HIGHEST WIND SPEED    14   HIGHEST WIND DIRECTION    NE (50)
  HIGHEST GUST SPEED    17   HIGHEST GUST DIRECTION    NE (50)
  AVERAGE WIND SPEED     6.7


SKY COVER
  POSSIBLE SUNSHINE  MM
  AVERAGE SKY COVER 0.2


WEATHER CONDITIONS
 THE FOLLOWING WEATHER WAS RECORDED YESTERDAY.
  NO SIGNIFICANT WEATHER WAS OBSERVED.


RELATIVE HUMIDITY (PERCENT)
 HIGHEST    89           200 AM
 LOWEST     43           200 PM
 AVERAGE    66

..........................................................


THE JACKSON CLIMATE NORMALS FOR TODAY
                         NORMAL    RECORD    YEAR
 MAXIMUM TEMPERATURE (F)   85        95      1950
                                             1948
                                             1941
 MINIMUM TEMPERATURE (F)   64        49      2002


SUNRISE AND SUNSET
MAY 23 2015...........SUNRISE   558 AM CDT   SUNSET   757 PM CDT
MAY 24 2015...........SUNRISE   557 AM CDT   SUNSET   757 PM CDT


-  INDICATES NEGATIVE NUMBERS.
R  INDICATES RECORD WAS SET OR TIED.
MM INDICATES DATA IS MISSING.
T  INDICATES TRACE AMOUNT.

&&

AT 2 AM:

THE PEARL RIVER STAGE AT JACKSON WAS 5.1 FEET. THE RIVER HAS FALLEN 1.3 FEET
OVER THE LAST 24 HOURS.

THE MISSISSIPPI RIVER STAGE AT VICKSBURG WAS 30.4 FEET. THE RIVER HAS RISEN
0.1 FEET OVER THE LAST 24 HOURS.


$$
