202
CDUS44 KJAN 090627
CLIJAN


CLIMATE REPORT
NATIONAL WEATHER SERVICE JACKSON MS
1225 AM CST FRI DEC 9 2016


...................................

...THE JACKSON CLIMATE SUMMARY FOR DECEMBER 8 2016...

CLIMATE NORMAL PERIOD 1981 TO 2010
CLIMATE RECORD PERIOD 1896 TO 2016


WEATHER ITEM   OBSERVED TIME   RECORD YEAR NORMAL DEPARTURE LAST
                VALUE   (LST)  VALUE       VALUE  FROM      YEAR
                                                  NORMAL
..................................................................
TEMPERATURE (F)
 YESTERDAY
  MAXIMUM         49   1219 PM  82    1922  60    -11       69
  MINIMUM         34   1159 PM  19    1965  38     -4       36
  AVERAGE         42                        49     -7       53

PRECIPITATION (IN)
  YESTERDAY        0.00          3.00 1978   0.18  -0.18     0.00
  MONTH TO DATE    2.99                      1.43   1.56     0.45
  SINCE DEC 1      2.99                      1.43   1.56     0.45
  SINCE JAN 1     60.64                     50.42  10.22    53.86

SNOWFALL (IN)
  YESTERDAY        0.0           T    1989   0.0    0.0      0.0
                                      1950
  MONTH TO DATE    0.0                       0.1   -0.1      0.0
  SINCE DEC 1      0.0                       0.1   -0.1      0.0
  SINCE JUL 1      0.0                       0.1   -0.1      0.0

DEGREE DAYS
 HEATING
  YESTERDAY       23                        16      7       12
  MONTH TO DATE  117                       122     -5      107
  SINCE DEC 1    117                       122     -5      107
  SINCE JUL 1    321                       530   -209      299

 COOLING
  YESTERDAY        0                         0      0        0
  MONTH TO DATE    0                         0      0        0
  SINCE DEC 1      0                         0      0        0
  SINCE JAN 1   2799                      2253    546     2746
..................................................................


WIND (MPH)
  HIGHEST WIND SPEED    22   HIGHEST WIND DIRECTION     N (10)
  HIGHEST GUST SPEED    29   HIGHEST GUST DIRECTION     N (360)
  AVERAGE WIND SPEED    12.7


SKY COVER
  POSSIBLE SUNSHINE  MM
  AVERAGE SKY COVER 0.8


WEATHER CONDITIONS
 THE FOLLOWING WEATHER WAS RECORDED YESTERDAY.
  NO SIGNIFICANT WEATHER WAS OBSERVED.


RELATIVE HUMIDITY (PERCENT)
 HIGHEST    93          1200 AM
 LOWEST     45           400 PM
 AVERAGE    69

..........................................................


THE JACKSON CLIMATE NORMALS FOR TODAY
                         NORMAL    RECORD    YEAR
 MAXIMUM TEMPERATURE (F)   60        80      2007
                                             1972
 MINIMUM TEMPERATURE (F)   38        14      1917


SUNRISE AND SUNSET
DECEMBER  9 2016......SUNRISE   650 AM CST   SUNSET   455 PM CST
DECEMBER 10 2016......SUNRISE   651 AM CST   SUNSET   456 PM CST


-  INDICATES NEGATIVE NUMBERS.
R  INDICATES RECORD WAS SET OR TIED.
MM INDICATES DATA IS MISSING.
T  INDICATES TRACE AMOUNT.

&&

AT 1 AM:

THE PEARL RIVER STAGE AT JACKSON WAS 3.8 FEET. THE RIVER FELL 0.2 FEET
OVER THE PAST 24 HOURS.

THE MISSISSIPPI RIVER STAGE AT VICKSBURG WAS 11.8 FEET. THE RIVER ROSE
0.8 FOOT OVER THE PAST 24 HOURS.



$$
