648
CDUS44 KJAN 300822
CLIJAN


CLIMATE REPORT
NATIONAL WEATHER SERVICE JACKSON MS
321 AM CDT SAT APR 30 2016


...................................

...THE JACKSON CLIMATE SUMMARY FOR APRIL 29 2016...

CLIMATE NORMAL PERIOD 1981 TO 2010
CLIMATE RECORD PERIOD 1896 TO 2016


WEATHER ITEM   OBSERVED TIME   RECORD YEAR NORMAL DEPARTURE LAST
                VALUE   (LST)  VALUE       VALUE  FROM      YEAR
                                                  NORMAL
..................................................................
TEMPERATURE (F)
 YESTERDAY
  MAXIMUM         84    343 PM  94    1899  79      5       73
  MINIMUM         70    456 AM  40    1965  56     14       51
  AVERAGE         77                        68      9       62

PRECIPITATION (IN)
  YESTERDAY        0.00          4.85 1953   0.13  -0.13     0.00
  MONTH TO DATE    7.06                      4.83   2.23     3.75
  SINCE MAR 1     19.30                      9.87   9.43    11.02
  SINCE JAN 1     30.90                     19.60  11.30    21.22

SNOWFALL (IN)
  YESTERDAY        0.0           0.0    MM   0.0    0.0      0.0
  MONTH TO DATE    0.0                       0.0    0.0      0.0
  SINCE MAR 1      0.0                       0.1   -0.1      0.3
  SINCE JUL 1      T                         0.8   -0.8      0.3

DEGREE DAYS
 HEATING
  YESTERDAY        0                         1     -1        3
  MONTH TO DATE   45                       107    -62       30
  SINCE MAR 1    189                       385   -196      225
  SINCE JUL 1   1580                      2377   -797     2351

 COOLING
  YESTERDAY       12                         4      8        0
  MONTH TO DATE   91                        76     15      139
  SINCE MAR 1    143                       103     40      176
  SINCE JAN 1    152                       113     39      176
..................................................................


WIND (MPH)
  HIGHEST WIND SPEED    23   HIGHEST WIND DIRECTION     S (160)
  HIGHEST GUST SPEED    29   HIGHEST GUST DIRECTION    SE (150)
  AVERAGE WIND SPEED    10.4


SKY COVER
  POSSIBLE SUNSHINE  MM
  AVERAGE SKY COVER 0.5


WEATHER CONDITIONS
 THE FOLLOWING WEATHER WAS RECORDED YESTERDAY.
  NO SIGNIFICANT WEATHER WAS OBSERVED.


RELATIVE HUMIDITY (PERCENT)
 HIGHEST    97           500 AM
 LOWEST     55           100 PM
 AVERAGE    76

..........................................................


THE JACKSON CLIMATE NORMALS FOR TODAY
                         NORMAL    RECORD    YEAR
 MAXIMUM TEMPERATURE (F)   79        93      1943
 MINIMUM TEMPERATURE (F)   57        38      1965


SUNRISE AND SUNSET
APRIL 30 2016.........SUNRISE   614 AM CDT   SUNSET   741 PM CDT
MAY  1 2016...........SUNRISE   613 AM CDT   SUNSET   742 PM CDT


-  INDICATES NEGATIVE NUMBERS.
R  INDICATES RECORD WAS SET OR TIED.
MM INDICATES DATA IS MISSING.
T  INDICATES TRACE AMOUNT.

&&

AT 3 AM...

THE PEARL RIVER STAGE AT JACKSON WAS 6.0 FEET. THE RIVER FELL 1.8
FEET OVER THE PAST 24 HOURS.

THE MISSISSIPPI RIVER STAGE AT VICKSBURG WAS 27.3 FEET. THE RIVER
FELL 1.2 FEET OVER THE PAST 24 HOURS.


$$
