000
CDUS44 KJAN 222217
CLIJAN


CLIMATE REPORT
NATIONAL WEATHER SERVICE JACKSON MS
414 PM CST MON DEC 22 2014


...................................

...THE JACKSON CLIMATE SUMMARY FOR DECEMBER 22 2014...
VALID TODAY AS OF 0400 PM LOCAL TIME.

CLIMATE NORMAL PERIOD 1981 TO 2010
CLIMATE RECORD PERIOD 1896 TO 2014


WEATHER ITEM   OBSERVED TIME   RECORD YEAR NORMAL DEPARTURE LAST
                VALUE   (LST)  VALUE       VALUE  FROM      YEAR
                                                  NORMAL
..................................................................
TEMPERATURE (F)
 TODAY
  MAXIMUM         64    359 PM  77    1991  57      7       64
  MINIMUM         51    204 AM   7    1989  36     15       44
  AVERAGE         58                        46     12       54

PRECIPITATION (IN)
  TODAY            T             3.21 1941   0.17  -0.17     0.18
  MONTH TO DATE    0.80                      3.76  -2.96     3.67
  SINCE DEC 1      0.80                      3.76  -2.96     3.67
  SINCE JAN 1     53.06                     52.75   0.31    63.43

SNOWFALL (IN)
  TODAY            0.0           7.5  1929   0.0    0.0      0.0
  MONTH TO DATE    0.0                       0.2   -0.2      0.0
  SINCE DEC 1      0.0                       0.2   -0.2      0.0
  SINCE JUL 1      0.0                       0.2   -0.2      0.0

DEGREE DAYS
 HEATING
  TODAY            7                        19    -12       11
  MONTH TO DATE  281                       369    -88      350
  SINCE DEC 1    281                       369    -88      350
  SINCE JUL 1    781                       777      4      812

 COOLING
  TODAY            0                         0      0        0
  MONTH TO DATE    2                         0      2       12
  SINCE DEC 1      2                         0      2       12
  SINCE JAN 1   2285                      2253     32     2359
..................................................................


WIND (MPH)
  HIGHEST WIND SPEED    14   HIGHEST WIND DIRECTION    SE (150)
  HIGHEST GUST SPEED    19   HIGHEST GUST DIRECTION    SE (150)
  AVERAGE WIND SPEED     7.7


SKY COVER
  POSSIBLE SUNSHINE  MM
  AVERAGE SKY COVER 1.0


WEATHER CONDITIONS
 THE FOLLOWING WEATHER WAS RECORDED TODAY.
  LIGHT RAIN
  FOG


RELATIVE HUMIDITY (PERCENT)
 HIGHEST   100           300 AM
 LOWEST     87          1100 AM
 AVERAGE    94

..........................................................


THE JACKSON CLIMATE NORMALS FOR TOMORROW
                         NORMAL    RECORD    YEAR
 MAXIMUM TEMPERATURE (F)   57        80      1931
 MINIMUM TEMPERATURE (F)   36         4      1989


SUNRISE AND SUNSET
DECEMBER 22 2014......SUNRISE   658 AM CST   SUNSET   500 PM CST
DECEMBER 23 2014......SUNRISE   659 AM CST   SUNSET   500 PM CST


-  INDICATES NEGATIVE NUMBERS.
R  INDICATES RECORD WAS SET OR TIED.
MM INDICATES DATA IS MISSING.
T  INDICATES TRACE AMOUNT.

&&

AT 4 PM:

THE PEARL RIVER STAGE AT JACKSON WAS ESTIMATED AT 3.9 FEET.

THE MISSISSIPPI RIVER STAGE AT VICKSBURG WAS 21.1 FEET. THE
RIVER HAS FALLEN 1.5 FEET OVER THE PAST 24 HOURS.

THE AIR QUALITY INDEX AT JACKSON WAS 55...WHICH IS MODERATE.

$$
