504
CDUS44 KJAN 060722
CLIJAN


CLIMATE REPORT
NATIONAL WEATHER SERVICE JACKSON MS
119 AM CST SAT FEB 6 2016


...................................

...THE JACKSON CLIMATE SUMMARY FOR FEBRUARY 5 2016...

CLIMATE NORMAL PERIOD 1981 TO 2010
CLIMATE RECORD PERIOD 1896 TO 2016


WEATHER ITEM   OBSERVED TIME   RECORD YEAR NORMAL DEPARTURE LAST
                VALUE   (LST)  VALUE       VALUE  FROM      YEAR
                                                  NORMAL
..................................................................
TEMPERATURE (F)
 YESTERDAY
  MAXIMUM         54    242 PM  81    2008  58     -4       52
                                      1927
  MINIMUM         26    710 AM  10    1996  37    -11       31
  AVERAGE         40                        47     -7       42

PRECIPITATION (IN)
  YESTERDAY        0.00          3.46 2004   0.17  -0.17     0.00
  MONTH TO DATE    5.15                      0.88   4.27     0.57
  SINCE DEC 1     14.39                     11.00   3.39     9.22
  SINCE JAN 1      8.52                      5.85   2.67     5.29

SNOWFALL (IN)
  YESTERDAY        0.0           T    2011   0.0    0.0      0.0
                                      2002
                                      1983
  MONTH TO DATE    0.0                       0.0    0.0      0.0
  SINCE DEC 1      T                         0.6   -0.6      0.0
  SINCE JUL 1      T                         0.6   -0.6      0.0

DEGREE DAYS
 HEATING
  YESTERDAY       25                        18      7       23
  MONTH TO DATE   64                        90    -26      106
  SINCE DEC 1    901                      1234   -333     1141
  SINCE JUL 1   1093                      1642   -549     1641

 COOLING
  YESTERDAY        0                         0      0        0
  MONTH TO DATE    5                         0      5        0
  SINCE DEC 1     74                        12     62        2
  SINCE JAN 1      5                         4      1        0
..................................................................


WIND (MPH)
  HIGHEST WIND SPEED    12   HIGHEST WIND DIRECTION     N (360)
  HIGHEST GUST SPEED    16   HIGHEST GUST DIRECTION     N (360)
  AVERAGE WIND SPEED     1.9


SKY COVER
  POSSIBLE SUNSHINE  MM
  AVERAGE SKY COVER 0.0


WEATHER CONDITIONS
 THE FOLLOWING WEATHER WAS RECORDED YESTERDAY.
  NO SIGNIFICANT WEATHER WAS OBSERVED.


RELATIVE HUMIDITY (PERCENT)
 HIGHEST    85           300 AM
 LOWEST     20           300 PM
 AVERAGE    53

..........................................................


THE JACKSON CLIMATE NORMALS FOR TODAY
                         NORMAL    RECORD    YEAR
 MAXIMUM TEMPERATURE (F)   59        78      1927
                                             1911
 MINIMUM TEMPERATURE (F)   37        18      1988


SUNRISE AND SUNSET
FEBRUARY  6 2016......SUNRISE   651 AM CST   SUNSET   538 PM CST
FEBRUARY  7 2016......SUNRISE   650 AM CST   SUNSET   539 PM CST


-  INDICATES NEGATIVE NUMBERS.
R  INDICATES RECORD WAS SET OR TIED.
MM INDICATES DATA IS MISSING.
T  INDICATES TRACE AMOUNT.


&&

AT 2 AM:

THE PEARL RIVER STAGE AT JACKSON WAS 31.4 FEET. THE RIVER HAS RISEN 0.9 FEET
IN THE LAST 24 HOURS.

THE MISSISSIPPI RIVER STAGE AT VICKSBURG WAS 35.7 FEET. THE RIVER
HAS FALLEN 0.6 FEET OVER THE PAST 24 HOURS.

$$
