000
CDUS44 KJAN 302130
CLIJAN


CLIMATE REPORT
NATIONAL WEATHER SERVICE JACKSON MS
428 PM CDT SAT AUG 30 2014


...................................

...THE JACKSON CLIMATE SUMMARY FOR AUGUST 30 2014...
VALID TODAY AS OF 0400 PM LOCAL TIME.

CLIMATE NORMAL PERIOD 1981 TO 2010
CLIMATE RECORD PERIOD 1896 TO 2014


WEATHER ITEM   OBSERVED TIME   RECORD YEAR NORMAL DEPARTURE LAST
                VALUE   (LST)  VALUE       VALUE  FROM      YEAR
                                                  NORMAL
..................................................................
TEMPERATURE (F)
 TODAY
  MAXIMUM         85   1221 PM 107    2000  91     -6       95
  MINIMUM         74    135 PM  56    1992  70      4       69
                                      1986
  AVERAGE         80                        80      0       82

PRECIPITATION (IN)
  TODAY            0.31          2.59 2012   0.11   0.20     0.00
  MONTH TO DATE    3.51                      4.13  -0.62     2.96
  SINCE JUN 1     12.08                     13.06  -0.98    10.60
  SINCE JAN 1     43.68                     37.17   6.51    43.66

SNOWFALL (IN)
  TODAY            0.0           0.0  2002   0.0    0.0      0.0
                                      2001
  MONTH TO DATE    0.0                       0.0    0.0      0.0
  SINCE JUN 1      0.0                       0.0    0.0      0.0
  SINCE JUL 1      0.0                       0.0    0.0      0.0

DEGREE DAYS
 HEATING
  TODAY            0                         0      0        0
  MONTH TO DATE    0                         0      0        0
  SINCE JUN 1      0                         0      0        0
  SINCE JUL 1      0                         0      0        0

 COOLING
  TODAY           15                        15      0       17
  MONTH TO DATE  501                       492      9      505
  SINCE JUN 1   1384                      1429    -45     1428
  SINCE JAN 1   1715                      1787    -72     1746
..................................................................


WIND (MPH)
  HIGHEST WIND SPEED    28   HIGHEST WIND DIRECTION     S (190)
  HIGHEST GUST SPEED    36   HIGHEST GUST DIRECTION     S (180)
  AVERAGE WIND SPEED     6.0


SKY COVER
  POSSIBLE SUNSHINE  MM
  AVERAGE SKY COVER 0.6


WEATHER CONDITIONS
 THE FOLLOWING WEATHER WAS RECORDED TODAY.
  THUNDERSTORM
  HEAVY RAIN
  RAIN
  LIGHT RAIN
  FOG


RELATIVE HUMIDITY (PERCENT)
 HIGHEST    94           600 AM
 LOWEST     70          1100 AM
 AVERAGE    82

..........................................................


THE JACKSON CLIMATE NORMALS FOR TOMORROW
                         NORMAL    RECORD    YEAR
 MAXIMUM TEMPERATURE (F)   91       106      2000
 MINIMUM TEMPERATURE (F)   69        57      1946


SUNRISE AND SUNSET
AUGUST 30 2014........SUNRISE   634 AM CDT   SUNSET   727 PM CDT
AUGUST 31 2014........SUNRISE   635 AM CDT   SUNSET   726 PM CDT


-  INDICATES NEGATIVE NUMBERS.
R  INDICATES RECORD WAS SET OR TIED.
MM INDICATES DATA IS MISSING.
T  INDICATES TRACE AMOUNT.

&&

AT 4 PM:

THE PEARL RIVER STAGE AT JACKSON WAS 4.1 FEET. THE RIVER HAS
RISEN 0.4 FEET OVER THE PAST 24 HOURS.

THE MISSISSIPPI RIVER STAGE AT VICKSBURG WAS 14.4 FEET. THE RIVER
HAS RISEN 0.4 FEET OVER THE PAST 24 HOURS.

THE AIR QUALITY INDEX AT JACKSON IS 32...WHICH IS GOOD.

$$
