000
CDUS44 KJAN 160639
CLIJAN


CLIMATE REPORT
NATIONAL WEATHER SERVICE JACKSON MS
136 AM CDT WED APR 16 2014


...................................

...THE JACKSON CLIMATE SUMMARY FOR APRIL 15 2014...

CLIMATE NORMAL PERIOD 1981 TO 2010
CLIMATE RECORD PERIOD 1896 TO 2014


WEATHER ITEM   OBSERVED TIME   RECORD YEAR NORMAL DEPARTURE LAST
                VALUE   (LST)  VALUE       VALUE  FROM      YEAR
                                                  NORMAL
..................................................................
TEMPERATURE (F)
 YESTERDAY
  MAXIMUM         55    355 PM  91    1925  76    -21       84
  MINIMUM         41   1159 PM  32    2008  52    -11       55
  AVERAGE         48                        64    -16       70

PRECIPITATION (IN)
  YESTERDAY        0.02          2.51 1912   0.18  -0.16     0.00
  MONTH TO DATE   10.41                      2.68   7.73     2.37
  SINCE MAR 1     16.06                      7.72   8.34     7.96
  SINCE JAN 1     23.11                     17.45   5.66    25.40

SNOWFALL (IN)
  YESTERDAY        0.0           0.0    MM   0.0    0.0      0.0
  MONTH TO DATE    0.0                       0.0    0.0      0.0
  SINCE MAR 1      T                         0.1   -0.1       T
  SINCE JUL 1      0.8                       0.8    0.0      1.7

DEGREE DAYS
 HEATING
  YESTERDAY       17                         4     13        0
  MONTH TO DATE   81                        74      7       67
  SINCE MAR 1    424                       352     72      459
  SINCE JUL 1   2690                      2344    346     2210

 COOLING
  YESTERDAY        0                         2     -2        5
  MONTH TO DATE   33                        30      3       35
  SINCE MAR 1     37                        57    -20       38
  SINCE JAN 1     43                        67    -24       52
..................................................................


WIND (MPH)
  HIGHEST WIND SPEED    28   HIGHEST WIND DIRECTION     N (350)
  HIGHEST GUST SPEED    35   HIGHEST GUST DIRECTION     N (350)
  AVERAGE WIND SPEED    13.6


SKY COVER
  POSSIBLE SUNSHINE  MM
  AVERAGE SKY COVER 0.3


WEATHER CONDITIONS
 THE FOLLOWING WEATHER WAS RECORDED YESTERDAY.
  LIGHT RAIN
  FOG


RELATIVE HUMIDITY (PERCENT)
 HIGHEST    92           200 AM
 LOWEST     32           400 PM
 AVERAGE    62

..........................................................


THE JACKSON CLIMATE NORMALS FOR TODAY
                         NORMAL    RECORD    YEAR
 MAXIMUM TEMPERATURE (F)   76        92      1925
 MINIMUM TEMPERATURE (F)   52        33      1983


SUNRISE AND SUNSET
APRIL 16 2014.........SUNRISE   630 AM CDT   SUNSET   731 PM CDT
APRIL 17 2014.........SUNRISE   629 AM CDT   SUNSET   731 PM CDT


-  INDICATES NEGATIVE NUMBERS.
R  INDICATES RECORD WAS SET OR TIED.
MM INDICATES DATA IS MISSING.
T  INDICATES TRACE AMOUNT.

&&

AT 2 AM:

THE PEARL RIVER STAGE AT JACKSON WAS 33.1 FEET. THE RIVER HAS
FALLEN 0.5 FEET OVER THE PAST 24 HOURS.

THE MISSISSIPPI RIVER STAGE AT VICKSBURG WAS 37.2 FEET. THE RIVER
HAS RISEN 0.8 FEET OVER THE PAST 24 HOURS.




$$
