000
CDUS44 KJAN 250639
CLIJAN


CLIMATE REPORT
NATIONAL WEATHER SERVICE JACKSON MS
138 AM CDT THU AUG 25 2016


...................................

...THE JACKSON CLIMATE SUMMARY FOR AUGUST 24 2016...

CLIMATE NORMAL PERIOD 1981 TO 2010
CLIMATE RECORD PERIOD 1896 TO 2016


WEATHER ITEM   OBSERVED TIME   RECORD YEAR NORMAL DEPARTURE LAST
                VALUE   (LST)  VALUE       VALUE  FROM      YEAR
                                                  NORMAL
..................................................................
TEMPERATURE (F)
 YESTERDAY
  MAXIMUM         95    116 PM 103    1924  91      4       93
  MINIMUM         74    533 AM  57    2009  70      4       73
                                      1931
  AVERAGE         85                        81      4       83

PRECIPITATION (IN)
  YESTERDAY        0.04          1.75 2008   0.12  -0.08     0.00
  MONTH TO DATE    8.52                      3.46   5.06     0.40
  SINCE JUN 1     19.85                     12.39   7.46     8.33
  SINCE JAN 1     52.30                     36.50  15.80    36.61

SNOWFALL (IN)
  YESTERDAY        0.0           0.0  2002   0.0    0.0      0.0
                                      2001
  MONTH TO DATE    0.0                       0.0    0.0      0.0
  SINCE JUN 1      0.0                       0.0    0.0      0.0
  SINCE JUL 1      0.0                       0.0    0.0      0.0

DEGREE DAYS
 HEATING
  YESTERDAY        0                         0      0        0
  MONTH TO DATE    0                         0      0        0
  SINCE JUN 1      0                         0      0        0
  SINCE JUL 1      0                         0      0        0

 COOLING
  YESTERDAY       20                        16      4       18
  MONTH TO DATE  445                       399     46      482
  SINCE JUN 1   1554                      1336    218     1582
  SINCE JAN 1   1942                      1694    248     2035
..................................................................


WIND (MPH)
  HIGHEST WIND SPEED    22   HIGHEST WIND DIRECTION     E (80)
  HIGHEST GUST SPEED    29   HIGHEST GUST DIRECTION     E (70)
  AVERAGE WIND SPEED     2.3


SKY COVER
  POSSIBLE SUNSHINE  MM
  AVERAGE SKY COVER 0.3


WEATHER CONDITIONS
 THE FOLLOWING WEATHER WAS RECORDED YESTERDAY.
  THUNDERSTORM
  LIGHT RAIN


RELATIVE HUMIDITY (PERCENT)
 HIGHEST    94          1200 AM
 LOWEST     56          1200 PM
 AVERAGE    75

..........................................................


THE JACKSON CLIMATE NORMALS FOR TODAY
                         NORMAL    RECORD    YEAR
 MAXIMUM TEMPERATURE (F)   91       101      2000
                                             1943
 MINIMUM TEMPERATURE (F)   70        58      1923
                                             1917
                                             1916


SUNRISE AND SUNSET
AUGUST 25 2016........SUNRISE   631 AM CDT   SUNSET   733 PM CDT
AUGUST 26 2016........SUNRISE   632 AM CDT   SUNSET   731 PM CDT


-  INDICATES NEGATIVE NUMBERS.
R  INDICATES RECORD WAS SET OR TIED.
MM INDICATES DATA IS MISSING.
T  INDICATES TRACE AMOUNT.

&&

AT 2 AM:

THE PEARL RIVER STAGE AT JACKSON WAS 4.6 FEET. THE RIVER HAS FALLEN
1.4 FEET OVER THE PAST 24 HOURS.

THE MISSISSIPPI RIVER STAGE AT VICKSBURG WAS 24.5 FEET. THE RIVER HAS
RISEN 0.4 FEET OVER THE PAST 24 HOURS.



$$
