000
CDUS42 KJAX 222232
CLIJAX


CLIMATE REPORT
NATIONAL WEATHER SERVICE JACKSONVILLE FL
532 PM EST MON DEC 22 2014


...................................

...THE JACKSONVILLE CLIMATE SUMMARY FOR DECEMBER 22 2014...
VALID TODAY AS OF 0500 PM LOCAL TIME.

CLIMATE NORMAL PERIOD 1981 TO 2010
CLIMATE RECORD PERIOD 1871 TO 2014


WEATHER ITEM   OBSERVED TIME   RECORD YEAR NORMAL DEPARTURE LAST
                VALUE   (LST)  VALUE       VALUE  FROM      YEAR
                                                  NORMAL
..................................................................
TEMPERATURE (F)
 TODAY
  MAXIMUM         70    137 PM  84    2013  65      5       84
  MINIMUM         56    321 AM  25    1975  43     13       68
                                      1973
  AVERAGE         63                        54      9       76

PRECIPITATION (IN)
  TODAY            2.26          2.89 1919   0.10   2.16     0.00
  MONTH TO DATE    2.43                      1.99   0.44     0.68
  SINCE DEC 1      2.43                      1.99   0.44     0.68
  SINCE JAN 1     54.15                     51.58   2.57    45.04

SNOWFALL (IN)
  TODAY            0.0           T    1995   0.0    0.0      0.0
  MONTH TO DATE    0.0                       0.0    0.0      0.0
  SINCE DEC 1      0.0                       0.0    0.0      0.0
  SINCE JUL 1      0.0                       0.0    0.0      0.0
  SNOW DEPTH       0

DEGREE DAYS
 HEATING
  TODAY            2                        12    -10        0
  MONTH TO DATE  188                       214    -26      124
  SINCE DEC 1    188                       214    -26      124
  SINCE JUL 1    472                       387     85      280

 COOLING
  TODAY            0                         1     -1       11
  MONTH TO DATE    7                        22    -15       44
  SINCE DEC 1      7                        22    -15       44
  SINCE JAN 1   2586                      2666    -80     2643
..................................................................


WIND (MPH)
  HIGHEST WIND SPEED    16   HIGHEST WIND DIRECTION    NW (330)
  HIGHEST GUST SPEED    22   HIGHEST GUST DIRECTION     N (340)
  AVERAGE WIND SPEED     8.5


SKY COVER
  POSSIBLE SUNSHINE  MM
  AVERAGE SKY COVER 0.7


WEATHER CONDITIONS
 THE FOLLOWING WEATHER WAS RECORDED TODAY.
  THUNDERSTORM
  HEAVY RAIN
  RAIN
  LIGHT RAIN
  FOG


RELATIVE HUMIDITY (PERCENT)
 HIGHEST   100           500 AM
 LOWEST     93           100 PM
 AVERAGE    97

..........................................................


THE JACKSONVILLE CLIMATE NORMALS FOR TOMORROW
                         NORMAL    RECORD    YEAR
 MAXIMUM TEMPERATURE (F)   65        84      1956
 MINIMUM TEMPERATURE (F)   43        24      1989


SUNRISE AND SUNSET
DECEMBER 22 2014......SUNRISE   720 AM EST   SUNSET   531 PM EST
DECEMBER 23 2014......SUNRISE   721 AM EST   SUNSET   531 PM EST


-  INDICATES NEGATIVE NUMBERS.
R  INDICATES RECORD WAS SET OR TIED.
MM INDICATES DATA IS MISSING.
T  INDICATES TRACE AMOUNT.




$$
