000
CDUS42 KJAX 180527
CLIJAX


CLIMATE REPORT
NATIONAL WEATHER SERVICE JACKSONVILLE FL
126 AM EDT WED OCT 18 2017


...................................

...THE JACKSONVILLE CLIMATE SUMMARY FOR OCTOBER 17 2017...

CLIMATE NORMAL PERIOD 1981 TO 2010
CLIMATE RECORD PERIOD 1871 TO 2017


WEATHER ITEM   OBSERVED TIME   RECORD YEAR NORMAL DEPARTURE LAST
                VALUE   (LST)  VALUE       VALUE  FROM      YEAR
                                                  NORMAL
..................................................................
TEMPERATURE (F)
 YESTERDAY
  MAXIMUM         74   1106 AM  91    1989  80     -6       83
  MINIMUM         62   1159 PM  37    1977  60      2       66
  AVERAGE         68                        70     -2       75

PRECIPITATION (IN)
  YESTERDAY        0.29          3.86 1950   0.11   0.18     0.00
  MONTH TO DATE    3.96                      2.76   1.20     9.51
  SINCE SEP 1     17.29                     10.95   6.34    13.87
  SINCE JAN 1     65.03                     46.31  18.72    36.21

SNOWFALL (IN)
  YESTERDAY        0.0           0.0  2002   0.0    0.0      0.0
                                      2001
  MONTH TO DATE    0.0                       0.0    0.0      0.0
  SINCE SEP 1      0.0                       0.0    0.0      0.0
  SINCE JUL 1      0.0                       0.0    0.0      0.0
  SNOW DEPTH       0

DEGREE DAYS
 HEATING
  YESTERDAY        0                         1     -1        0
  MONTH TO DATE    0                         5     -5        0
  SINCE SEP 1      0                         5     -5        0
  SINCE JUL 1      0                         5     -5        0

 COOLING
  YESTERDAY        3                         6     -3       10
  MONTH TO DATE  242                       134    108      155
  SINCE SEP 1    667                       530    137      584
  SINCE JAN 1   2868                      2520    348     2820
..................................................................


WIND (MPH)
  HIGHEST WIND SPEED    23   HIGHEST WIND DIRECTION     N (20)
  HIGHEST GUST SPEED    28   HIGHEST GUST DIRECTION     N (20)
  AVERAGE WIND SPEED    12.2


SKY COVER
  POSSIBLE SUNSHINE  MM
  AVERAGE SKY COVER 0.9


WEATHER CONDITIONS
 THE FOLLOWING WEATHER WAS RECORDED YESTERDAY.
  RAIN
  LIGHT RAIN
  FOG
  HAZE


RELATIVE HUMIDITY (PERCENT)
 HIGHEST    90          1200 AM
 LOWEST     68          1100 AM
 AVERAGE    79

..........................................................


THE JACKSONVILLE CLIMATE NORMALS FOR TODAY
                         NORMAL    RECORD    YEAR
 MAXIMUM TEMPERATURE (F)   80        91      1980
 MINIMUM TEMPERATURE (F)   60        36      1977


SUNRISE AND SUNSET
OCTOBER 18 2017.......SUNRISE   731 AM EDT   SUNSET   652 PM EDT
OCTOBER 19 2017.......SUNRISE   732 AM EDT   SUNSET   651 PM EDT


-  INDICATES NEGATIVE NUMBERS.
R  INDICATES RECORD WAS SET OR TIED.
MM INDICATES DATA IS MISSING.
T  INDICATES TRACE AMOUNT.




$$
