000
CDUS42 KJAX 290527
CLIJAX


CLIMATE REPORT
NATIONAL WEATHER SERVICE JACKSONVILLE FL
127 AM EDT SAT APR 29 2017


...................................

...THE JACKSONVILLE CLIMATE SUMMARY FOR APRIL 28 2017...

CLIMATE NORMAL PERIOD 1981 TO 2010
CLIMATE RECORD PERIOD 1871 TO 2017


WEATHER ITEM   OBSERVED TIME   RECORD YEAR NORMAL DEPARTURE LAST
                VALUE   (LST)  VALUE       VALUE  FROM      YEAR
                                                  NORMAL
..................................................................
TEMPERATURE (F)
 YESTERDAY
  MAXIMUM         94R   253 PM  94    1991  82     12       89
  MINIMUM         63    537 AM  43    1978  57      6       63
                                      1977
                                      1898
  AVERAGE         79                        70      9       76

PRECIPITATION (IN)
  YESTERDAY        0.00          2.65 1964   0.07  -0.07      T
                                      1939
  MONTH TO DATE    0.74                      2.50  -1.76     2.69
  SINCE MAR 1      1.81                      6.45  -4.64     4.52
  SINCE JAN 1      7.21                     12.94  -5.73    12.17

SNOWFALL (IN)
  YESTERDAY        0.0           0.0  2002   0.0    0.0      0.0
                                      2001
  MONTH TO DATE    0.0                       0.0    0.0      0.0
  SINCE MAR 1      0.0                       T      0.0      0.0
  SINCE JUL 1      0.0                       T      0.0      0.0
  SNOW DEPTH       0

DEGREE DAYS
 HEATING
  YESTERDAY        0                         1     -1        0
  MONTH TO DATE   21                        54    -33       21
  SINCE MAR 1    179                       210    -31       95
  SINCE JUL 1    782                      1343   -561      943

 COOLING
  YESTERDAY       14                         5      9       11
  MONTH TO DATE  145                       102     43      109
  SINCE MAR 1    224                       156     68      227
  SINCE JAN 1    296                       185    111      251
..................................................................


WIND (MPH)
  HIGHEST WIND SPEED    18   HIGHEST WIND DIRECTION    SE (130)
  HIGHEST GUST SPEED    26   HIGHEST GUST DIRECTION    SE (150)
  AVERAGE WIND SPEED     7.1


SKY COVER
  POSSIBLE SUNSHINE  MM
  AVERAGE SKY COVER 0.2


WEATHER CONDITIONS
 THE FOLLOWING WEATHER WAS RECORDED YESTERDAY.
  FOG


RELATIVE HUMIDITY (PERCENT)
 HIGHEST   100          1200 AM
 LOWEST     41           200 PM
 AVERAGE    71

..........................................................


THE JACKSONVILLE CLIMATE NORMALS FOR TODAY
                         NORMAL    RECORD    YEAR
 MAXIMUM TEMPERATURE (F)   82        93      1991
 MINIMUM TEMPERATURE (F)   58        43      1973


SUNRISE AND SUNSET
APRIL 29 2017.........SUNRISE   645 AM EDT   SUNSET   804 PM EDT
APRIL 30 2017.........SUNRISE   644 AM EDT   SUNSET   804 PM EDT


-  INDICATES NEGATIVE NUMBERS.
R  INDICATES RECORD WAS SET OR TIED.
MM INDICATES DATA IS MISSING.
T  INDICATES TRACE AMOUNT.




$$
