000
CDUS44 KMEG 020636
CLIJBR


CLIMATE REPORT
NATIONAL WEATHER SERVICE MEMPHIS TN
1236 AM CST FRI DEC 2 2016


...................................

...THE JONESBORO CLIMATE SUMMARY FOR DECEMBER 1 2016...

CLIMATE NORMAL PERIOD 1981 TO 2010
CLIMATE RECORD PERIOD 1897 TO 2016


WEATHER ITEM   OBSERVED TIME   RECORD YEAR NORMAL DEPARTURE LAST
                VALUE   (LST)  VALUE       VALUE  FROM      YEAR
                                                  NORMAL
..................................................................
TEMPERATURE (F)
 YESTERDAY
  MAXIMUM         54    349 PM  79    1982  52      2       50
  MINIMUM         33    652 AM  19    1964  34     -1       40
  AVERAGE         44                        43      1       45

PRECIPITATION (IN)
  YESTERDAY        0.00          2.18 1905   0.16  -0.16     0.00
  MONTH TO DATE    0.00                      0.16  -0.16     0.00
  SINCE DEC 1      0.00                      0.16  -0.16     0.00
  SINCE JAN 1     48.10                     43.49   4.61    58.16

SNOWFALL (IN)
  YESTERDAY        0.0           2.0  1929   0.0    0.0      0.0
  MONTH TO DATE    0.0                       0.0    0.0      0.0
  SINCE DEC 1      0.0                       0.0    0.0      0.0
  SINCE JUL 1      0.0                       0.0    0.0      0.0
  SNOW DEPTH       0

DEGREE DAYS
 HEATING
  YESTERDAY       21                        22     -1       20
  MONTH TO DATE   21                        22     -1       20
  SINCE DEC 1     21                        22     -1       20
  SINCE JUL 1    370                       672   -302      529

 COOLING
  YESTERDAY        0                         0      0        0
  MONTH TO DATE    0                         0      0        0
  SINCE DEC 1      0                         0      0        0
  SINCE JAN 1   2285                      1827    458     1748
..................................................................


WIND (MPH)
  HIGHEST WIND SPEED    15   HIGHEST WIND DIRECTION     W (260)
  HIGHEST GUST SPEED    20   HIGHEST GUST DIRECTION     W (260)
  AVERAGE WIND SPEED     4.7


SKY COVER
  POSSIBLE SUNSHINE  MM
  AVERAGE SKY COVER 0.0


WEATHER CONDITIONS
 THE FOLLOWING WEATHER WAS RECORDED YESTERDAY.
  NO SIGNIFICANT WEATHER WAS OBSERVED.


RELATIVE HUMIDITY (PERCENT)
 HIGHEST    89          1100 PM
 LOWEST     38           300 PM
 AVERAGE    64

..........................................................


THE JONESBORO CLIMATE NORMALS FOR TODAY
                         NORMAL    RECORD    YEAR
 MAXIMUM TEMPERATURE (F)   52        81      1982
 MINIMUM TEMPERATURE (F)   34        18      1985


SUNRISE AND SUNSET
DECEMBER  2 2016......SUNRISE   656 AM CST   SUNSET   449 PM CST
DECEMBER  3 2016......SUNRISE   656 AM CST   SUNSET   449 PM CST


-  INDICATES NEGATIVE NUMBERS.
R  INDICATES RECORD WAS SET OR TIED.
MM INDICATES DATA IS MISSING.
T  INDICATES TRACE AMOUNT.




$$
