000
CDUS44 KMEG 020643
CLIJBR


CLIMATE REPORT
NATIONAL WEATHER SERVICE MEMPHIS TN
143 AM CDT TUE SEP 2 2014


...................................

...THE JONESBORO CLIMATE SUMMARY FOR SEPTEMBER 1 2014...

CLIMATE NORMAL PERIOD 1981 TO 2010
CLIMATE RECORD PERIOD 1897 TO 2014


WEATHER ITEM   OBSERVED TIME   RECORD YEAR NORMAL DEPARTURE LAST
                VALUE   (LST)  VALUE       VALUE  FROM      YEAR
                                                  NORMAL
..................................................................
TEMPERATURE (F)
 YESTERDAY
  MAXIMUM         91    301 PM 104    1913  88      3       90
  MINIMUM         74   1259 AM  51    1915  67      7       76
  AVERAGE         83                        77      6       83

PRECIPITATION (IN)
  YESTERDAY        0.00          5.57 1922   0.08  -0.08     0.00
  MONTH TO DATE    0.00                      0.08  -0.08     0.00
  SINCE SEP 1      0.00                      0.08  -0.08     0.00
  SINCE JAN 1     33.68                     31.19   2.49    37.45

SNOWFALL (IN)
  YESTERDAY        0.0          MM      MM   0.0    0.0      0.0
  MONTH TO DATE    0.0                       0.0    0.0      0.0
  SINCE SEP 1      0.0                       0.0    0.0      0.0
  SINCE JUL 1      0.0                       0.0    0.0      0.0
  SNOW DEPTH       0

DEGREE DAYS
 HEATING
  YESTERDAY        0                         0      0        0
  MONTH TO DATE    0                         0      0        0
  SINCE SEP 1      0                         0      0        0
  SINCE JUL 1      0                         0      0        0

 COOLING
  YESTERDAY       18                        12      6       18
  MONTH TO DATE   18                        12      6       18
  SINCE SEP 1     18                        12      6       18
  SINCE JAN 1   1478                      1558    -80     1618
..................................................................


WIND (MPH)
  HIGHEST WIND SPEED    24   HIGHEST WIND DIRECTION     S (200)
  HIGHEST GUST SPEED    29   HIGHEST GUST DIRECTION     S (200)
  AVERAGE WIND SPEED    11.6


SKY COVER
  POSSIBLE SUNSHINE  MM
  AVERAGE SKY COVER 0.3


WEATHER CONDITIONS
 THE FOLLOWING WEATHER WAS RECORDED YESTERDAY.
  NO SIGNIFICANT WEATHER WAS OBSERVED.


RELATIVE HUMIDITY (PERCENT)
 HIGHEST    94           300 AM
 LOWEST     55           500 PM
 AVERAGE    75

..........................................................


THE JONESBORO CLIMATE NORMALS FOR TODAY
                         NORMAL    RECORD    YEAR
 MAXIMUM TEMPERATURE (F)   88       103      1925
 MINIMUM TEMPERATURE (F)   66        50      1949


SUNRISE AND SUNSET
SEPTEMBER  2 2014.....SUNRISE   635 AM CDT   SUNSET   729 PM CDT
SEPTEMBER  3 2014.....SUNRISE   636 AM CDT   SUNSET   727 PM CDT


-  INDICATES NEGATIVE NUMBERS.
R  INDICATES RECORD WAS SET OR TIED.
MM INDICATES DATA IS MISSING.
T  INDICATES TRACE AMOUNT.




$$
