000
CDUS44 KMEG 310637
CLIJBR


CLIMATE REPORT
NATIONAL WEATHER SERVICE MEMPHIS TN
137 AM CDT THU JUL 31 2014


...................................

...THE JONESBORO CLIMATE SUMMARY FOR JULY 30 2014...

CLIMATE NORMAL PERIOD 1981 TO 2010
CLIMATE RECORD PERIOD 1897 TO 2014


WEATHER ITEM   OBSERVED TIME   RECORD YEAR NORMAL DEPARTURE LAST
                VALUE   (LST)  VALUE       VALUE  FROM      YEAR
                                                  NORMAL
..................................................................
TEMPERATURE (F)
 YESTERDAY
  MAXIMUM         81   1228 PM 104    2012  91    -10       82
  MINIMUM         59    520 AM  58    1897  71    -12       71
  AVERAGE         70                        81    -11       77

PRECIPITATION (IN)
  YESTERDAY        0.01          3.51 1952   0.08  -0.07     0.73
  MONTH TO DATE    1.76                      3.47  -1.71     3.27
  SINCE JUN 1     10.60                      7.22   3.38     7.27
  SINCE JAN 1     31.88                     28.50   3.38    33.61

SNOWFALL (IN)
  YESTERDAY        0.0          MM      MM   0.0    0.0      0.0
  MONTH TO DATE    0.0                       0.0    0.0      0.0
  SINCE JUN 1      0.0                       0.0    0.0      0.0
  SINCE JUL 1      0.0                       0.0    0.0      0.0
  SNOW DEPTH       0

DEGREE DAYS
 HEATING
  YESTERDAY        0                         0      0        0
  MONTH TO DATE    0                         0      0        0
  SINCE JUN 1      0                         1     -1        0
  SINCE JUL 1      0                         0      0        0

 COOLING
  YESTERDAY        5                        16    -11       12
  MONTH TO DATE  322                       479   -157      436
  SINCE JUN 1    715                       862   -147      885
  SINCE JAN 1    962                      1075   -113     1115
..................................................................


WIND (MPH)
  HIGHEST WIND SPEED    13   HIGHEST WIND DIRECTION     W (270)
  HIGHEST GUST SPEED    16   HIGHEST GUST DIRECTION     W (270)
  AVERAGE WIND SPEED     4.3


SKY COVER
  POSSIBLE SUNSHINE  MM
  AVERAGE SKY COVER 0.4


WEATHER CONDITIONS
 THE FOLLOWING WEATHER WAS RECORDED YESTERDAY.
  LIGHT RAIN


RELATIVE HUMIDITY (PERCENT)
 HIGHEST    97           100 AM
 LOWEST     52           100 PM
 AVERAGE    75

..........................................................


THE JONESBORO CLIMATE NORMALS FOR TODAY
                         NORMAL    RECORD    YEAR
 MAXIMUM TEMPERATURE (F)   91       105      1986
 MINIMUM TEMPERATURE (F)   71        56      1971


SUNRISE AND SUNSET
JULY 31 2014..........SUNRISE   610 AM CDT   SUNSET   808 PM CDT
AUGUST  1 2014........SUNRISE   610 AM CDT   SUNSET   807 PM CDT


-  INDICATES NEGATIVE NUMBERS.
R  INDICATES RECORD WAS SET OR TIED.
MM INDICATES DATA IS MISSING.
T  INDICATES TRACE AMOUNT.




$$
