000
CDUS44 KMEG 192146
CLIJBR


CLIMATE REPORT
NATIONAL WEATHER SERVICE MEMPHIS TN
445 PM CDT TUE SEP 19 2017


...................................

...THE JONESBORO CLIMATE SUMMARY FOR SEPTEMBER 19 2017...
VALID TODAY AS OF 0400 PM LOCAL TIME.

CLIMATE NORMAL PERIOD 1981 TO 2010
CLIMATE RECORD PERIOD 1897 TO 2017


WEATHER ITEM   OBSERVED TIME   RECORD YEAR NORMAL DEPARTURE LAST
                VALUE   (LST)  VALUE       VALUE  FROM      YEAR
                                                  NORMAL
..................................................................
TEMPERATURE (F)
 TODAY
  MAXIMUM         91    256 PM 101    1921  82      9       88
  MINIMUM         68    603 AM  41    1981  59      9       63
                                      1916
                                      1903
  AVERAGE         80                        71      9       76

PRECIPITATION (IN)
  TODAY            0.00          5.40 1970   0.09  -0.09     0.00
  MONTH TO DATE    0.38                      1.86  -1.48     1.94
  SINCE SEP 1      0.38                      1.86  -1.48     1.94
  SINCE JAN 1     40.00                     32.97   7.03    42.96

DEGREE DAYS
 HEATING
  TODAY            0                         1     -1        0
  MONTH TO DATE    2                         2      0        0
  SINCE SEP 1      2                         2      0        0
  SINCE JUL 1      2                         2      0        0

 COOLING
  TODAY           15                         6      9       11
  MONTH TO DATE  140                       173    -33      259
  SINCE SEP 1    140                       173    -33      259
  SINCE JAN 1   1673                      1719    -46     2012
..................................................................


WIND (MPH)
  HIGHEST WIND SPEED    14   HIGHEST WIND DIRECTION     S (190)
  HIGHEST GUST SPEED    17   HIGHEST GUST DIRECTION     S (200)
  AVERAGE WIND SPEED     3.8


SKY COVER
  POSSIBLE SUNSHINE  MM
  AVERAGE SKY COVER 0.2


WEATHER CONDITIONS
 THE FOLLOWING WEATHER WAS RECORDED TODAY.
  FOG


RELATIVE HUMIDITY (PERCENT)
 HIGHEST   100          1200 AM
 LOWEST     56           200 PM
 AVERAGE    78

..........................................................


THE JONESBORO CLIMATE NORMALS FOR TOMORROW
                         NORMAL    RECORD    YEAR
 MAXIMUM TEMPERATURE (F)   82        99      1954
 MINIMUM TEMPERATURE (F)   59        41      1991


SUNRISE AND SUNSET
SEPTEMBER 19 2017.....SUNRISE   648 AM CDT   SUNSET   703 PM CDT
SEPTEMBER 20 2017.....SUNRISE   649 AM CDT   SUNSET   702 PM CDT


-  INDICATES NEGATIVE NUMBERS.
R  INDICATES RECORD WAS SET OR TIED.
MM INDICATES DATA IS MISSING.
T  INDICATES TRACE AMOUNT.




$$
