000
CDUS44 KMEG 030639
CLIJBR


CLIMATE REPORT
NATIONAL WEATHER SERVICE MEMPHIS TN
139 AM CDT TUE MAY 3 2016


...................................

...THE JONESBORO CLIMATE SUMMARY FOR MAY 2 2016...

CLIMATE NORMAL PERIOD 1981 TO 2010
CLIMATE RECORD PERIOD 1897 TO 2016


WEATHER ITEM   OBSERVED TIME   RECORD YEAR NORMAL DEPARTURE LAST
                VALUE   (LST)  VALUE       VALUE  FROM      YEAR
                                                  NORMAL
..................................................................
TEMPERATURE (F)
 YESTERDAY
  MAXIMUM         69    439 PM 100    1901  76     -7       74
  MINIMUM         57    718 AM  32    1909  54      3       42
  AVERAGE         63                        65     -2       58

PRECIPITATION (IN)
  YESTERDAY        0.02          2.25 2011   0.20  -0.18     0.00
  MONTH TO DATE    0.02                      0.37  -0.35     0.00
  SINCE MAR 1     17.70                      9.89   7.81    13.14
  SINCE JAN 1     21.63                     17.04   4.59    17.97

SNOWFALL (IN)
  YESTERDAY        0.0          MM      MM   0.0    0.0      0.0
  MONTH TO DATE    0.0                       0.0    0.0      0.0
  SINCE MAR 1      0.0                       0.7   -0.7      7.6
  SINCE JUL 1      0.3                       4.8   -4.5      9.4
  SNOW DEPTH       0

DEGREE DAYS
 HEATING
  YESTERDAY        2                         3     -1        7
  MONTH TO DATE    2                         6     -4       16
  SINCE MAR 1    468                       665   -197      733
  SINCE JUL 1   2957                      3621   -664     3981

 COOLING
  YESTERDAY        0                         2     -2        0
  MONTH TO DATE    5                         4      1        0
  SINCE MAR 1     55                        51      4       28
  SINCE JAN 1     55                        51      4       28
..................................................................


WIND (MPH)
  HIGHEST WIND SPEED    20   HIGHEST WIND DIRECTION     E (90)
  HIGHEST GUST SPEED    23   HIGHEST GUST DIRECTION     E (80)
  AVERAGE WIND SPEED     7.5


SKY COVER
  POSSIBLE SUNSHINE  MM
  AVERAGE SKY COVER 0.7


WEATHER CONDITIONS
 THE FOLLOWING WEATHER WAS RECORDED YESTERDAY.
  THUNDERSTORM
  LIGHT RAIN


RELATIVE HUMIDITY (PERCENT)
 HIGHEST    75           800 AM
 LOWEST     58           600 PM
 AVERAGE    67

..........................................................


THE JONESBORO CLIMATE NORMALS FOR TODAY
                         NORMAL    RECORD    YEAR
 MAXIMUM TEMPERATURE (F)   76        94      1901
 MINIMUM TEMPERATURE (F)   55        36      2013


SUNRISE AND SUNSET
MAY  3 2016...........SUNRISE   608 AM CDT   SUNSET   752 PM CDT
MAY  4 2016...........SUNRISE   607 AM CDT   SUNSET   753 PM CDT


-  INDICATES NEGATIVE NUMBERS.
R  INDICATES RECORD WAS SET OR TIED.
MM INDICATES DATA IS MISSING.
T  INDICATES TRACE AMOUNT.




$$
