000
CDUS44 KMEG 252157
CLIJBR


CLIMATE REPORT
NATIONAL WEATHER SERVICE MEMPHIS TN
457 PM CDT SAT OCT 25 2014


...................................

...THE JONESBORO CLIMATE SUMMARY FOR OCTOBER 25 2014...
VALID TODAY AS OF 0400 PM LOCAL TIME.

CLIMATE NORMAL PERIOD 1981 TO 2010
CLIMATE RECORD PERIOD 1897 TO 2014


WEATHER ITEM   OBSERVED TIME   RECORD YEAR NORMAL DEPARTURE LAST
                VALUE   (LST)  VALUE       VALUE  FROM      YEAR
                                                  NORMAL
..................................................................
TEMPERATURE (F)
 TODAY
  MAXIMUM         84    255 PM  87    1902  70     14       54
  MINIMUM         55    535 AM  28    1903  47      8       32
  AVERAGE         70                        58     12       43

PRECIPITATION (IN)
  TODAY            0.00          1.65 1976   0.15  -0.15     0.00
  MONTH TO DATE    3.57                      3.55   0.02     3.73
  SINCE SEP 1      5.41                      6.61  -1.20     5.01
  SINCE JAN 1     39.09                     37.72   1.37    42.46

SNOWFALL (IN)
  TODAY            0.0

DEGREE DAYS
 HEATING
  TODAY            0                         8     -8       22
  MONTH TO DATE   92                       119    -27      126
  SINCE SEP 1    101                       137    -36      126
  SINCE JUL 1    101                       137    -36      126

 COOLING
  TODAY            5                         1      4        0
  MONTH TO DATE   64                        47     17       66
  SINCE SEP 1    324                       272     52      434
  SINCE JAN 1   1784                      1818    -34     2034
..................................................................


WIND (MPH)
  HIGHEST WIND SPEED     9   HIGHEST WIND DIRECTION     W (250)
  HIGHEST GUST SPEED    16   HIGHEST GUST DIRECTION     S (200)
  AVERAGE WIND SPEED     6.0


SKY COVER
  POSSIBLE SUNSHINE  MM
  AVERAGE SKY COVER 0.1


WEATHER CONDITIONS
 THE FOLLOWING WEATHER WAS RECORDED TODAY.
  NO SIGNIFICANT WEATHER WAS OBSERVED.


RELATIVE HUMIDITY (PERCENT)
 HIGHEST    93           400 AM
 LOWEST     48           300 PM
 AVERAGE    71

..........................................................


THE JONESBORO CLIMATE NORMALS FOR TOMORROW
                         NORMAL    RECORD    YEAR
 MAXIMUM TEMPERATURE (F)   69        87      1931
                                             1921
 MINIMUM TEMPERATURE (F)   47        31      1961
                                             1942


SUNRISE AND SUNSET
OCTOBER 25 2014.......SUNRISE   718 AM CDT   SUNSET   615 PM CDT
OCTOBER 26 2014.......SUNRISE   719 AM CDT   SUNSET   613 PM CDT


-  INDICATES NEGATIVE NUMBERS.
R  INDICATES RECORD WAS SET OR TIED.
MM INDICATES DATA IS MISSING.
T  INDICATES TRACE AMOUNT.




$$
