000
CDUS44 KMEG 202258
CLIJBR


CLIMATE REPORT
NATIONAL WEATHER SERVICE MEMPHIS TN
458 PM CST MON NOV 20 2017


...................................

...THE JONESBORO CLIMATE SUMMARY FOR NOVEMBER 20 2017...
VALID TODAY AS OF 0400 PM LOCAL TIME.

CLIMATE NORMAL PERIOD 1981 TO 2010
CLIMATE RECORD PERIOD 1897 TO 2017


WEATHER ITEM   OBSERVED TIME   RECORD YEAR NORMAL DEPARTURE LAST
                VALUE   (LST)  VALUE       VALUE  FROM      YEAR
                                                  NORMAL
..................................................................
TEMPERATURE (F)
 TODAY
  MAXIMUM         56    259 PM  80    1913  57     -1       52
  MINIMUM         27    504 AM  11    1914  38    -11       28
  AVERAGE         42                        48     -6       40

PRECIPITATION (IN)
  TODAY            0.00          2.50 1900   0.18  -0.18     0.00
  MONTH TO DATE    1.00                      3.07  -2.07     0.13
  SINCE SEP 1      2.43                     10.39  -7.96     3.71
  SINCE JAN 1     42.05                     41.50   0.55    44.73

DEGREE DAYS
 HEATING
  TODAY           23                        17      6       25
  MONTH TO DATE  228                       266    -38      151
  SINCE SEP 1    381                       453    -72      182
  SINCE JUL 1    381                       453    -72      182

 COOLING
  TODAY            0                         0      0        0
  MONTH TO DATE   18                         1     17       17
  SINCE SEP 1    425                       279    146      532
  SINCE JAN 1   1958                      1825    133     2285
..................................................................


WIND (MPH)
  HIGHEST WIND SPEED    15   HIGHEST WIND DIRECTION    SW (210)
  HIGHEST GUST SPEED    18   HIGHEST GUST DIRECTION    SW (220)
  AVERAGE WIND SPEED     5.5


SKY COVER
  POSSIBLE SUNSHINE  MM
  AVERAGE SKY COVER 0.0


WEATHER CONDITIONS
 THE FOLLOWING WEATHER WAS RECORDED TODAY.
  FOG


RELATIVE HUMIDITY (PERCENT)
 HIGHEST    92          1200 AM
 LOWEST     35           200 PM
 AVERAGE    64

..........................................................


THE JONESBORO CLIMATE NORMALS FOR TOMORROW
                         NORMAL    RECORD    YEAR
 MAXIMUM TEMPERATURE (F)   57        80      1913
 MINIMUM TEMPERATURE (F)   38        15      1937


SUNRISE AND SUNSET
NOVEMBER 20 2017......SUNRISE   644 AM CST   SUNSET   452 PM CST
NOVEMBER 21 2017......SUNRISE   645 AM CST   SUNSET   452 PM CST


-  INDICATES NEGATIVE NUMBERS.
R  INDICATES RECORD WAS SET OR TIED.
MM INDICATES DATA IS MISSING.
T  INDICATES TRACE AMOUNT.




$$
