000
CDUS44 KMEG 200737
CLIJBR


CLIMATE REPORT
NATIONAL WEATHER SERVICE MEMPHIS TN
136 AM CST MON FEB 20 2017


...................................

...THE JONESBORO CLIMATE SUMMARY FOR FEBRUARY 19 2017...

CLIMATE NORMAL PERIOD 1981 TO 2010
CLIMATE RECORD PERIOD 1897 TO 2017


WEATHER ITEM   OBSERVED TIME   RECORD YEAR NORMAL DEPARTURE LAST
                VALUE   (LST)  VALUE       VALUE  FROM      YEAR
                                                  NORMAL
..................................................................
TEMPERATURE (F)
 YESTERDAY
  MAXIMUM         72    427 PM  82    1913  52     20       66
  MINIMUM         44    442 AM   5    1910  33     11       52
  AVERAGE         58                        42     16       59

PRECIPITATION (IN)
  YESTERDAY        0.00          1.55 1911   0.15  -0.15     0.00
  MONTH TO DATE    0.77                      2.50  -1.73     0.27
  SINCE DEC 1      8.93                     10.70  -1.77     8.44
  SINCE JAN 1      4.47                      5.93  -1.46     2.07

DEGREE DAYS
 HEATING
  YESTERDAY        7                        23    -16        6
  MONTH TO DATE  320                       469   -149      459
  SINCE DEC 1   1707                      2115   -408     1817
  SINCE JUL 1   2056                      2765   -709     2326

 COOLING
  YESTERDAY        0                         0      0        0
  MONTH TO DATE    3                         0      3        0
  SINCE DEC 1      3                         0      3        3
  SINCE JAN 1      3                         0      3        0
..................................................................


WIND (MPH)
  HIGHEST WIND SPEED     9   HIGHEST WIND DIRECTION     S (180)
  HIGHEST GUST SPEED    16   HIGHEST GUST DIRECTION     S (160)
  AVERAGE WIND SPEED     3.4


SKY COVER
  POSSIBLE SUNSHINE  MM
  AVERAGE SKY COVER 0.2


WEATHER CONDITIONS
 THE FOLLOWING WEATHER WAS RECORDED YESTERDAY.
  FOG
  FOG W/VISIBILITY <= 1/4 MILE


RELATIVE HUMIDITY (PERCENT)
 HIGHEST   100          1200 AM
 LOWEST     57           300 PM
 AVERAGE    79

..........................................................


THE JONESBORO CLIMATE NORMALS FOR TODAY
                         NORMAL    RECORD    YEAR
 MAXIMUM TEMPERATURE (F)   52        77      1986
 MINIMUM TEMPERATURE (F)   33        13      1958


SUNRISE AND SUNSET
FEBRUARY 20 2017......SUNRISE   644 AM CST   SUNSET   549 PM CST
FEBRUARY 21 2017......SUNRISE   642 AM CST   SUNSET   550 PM CST


-  INDICATES NEGATIVE NUMBERS.
R  INDICATES RECORD WAS SET OR TIED.
MM INDICATES DATA IS MISSING.
T  INDICATES TRACE AMOUNT.




$$
