000
CDUS44 KMEG 012147
CLIJBR


CLIMATE REPORT
NATIONAL WEATHER SERVICE MEMPHIS TN
447 PM CDT WED JUL 1 2015


...................................

...THE JONESBORO CLIMATE SUMMARY FOR JULY 1 2015...
VALID TODAY AS OF 0400 PM LOCAL TIME.

CLIMATE NORMAL PERIOD 1981 TO 2010
CLIMATE RECORD PERIOD 1897 TO 2015


WEATHER ITEM   OBSERVED TIME   RECORD YEAR NORMAL DEPARTURE LAST
                VALUE   (LST)  VALUE       VALUE  FROM      YEAR
                                                  NORMAL
..................................................................
TEMPERATURE (F)
 TODAY
  MAXIMUM         85    154 PM 103    1931  91     -6       89
                                      1901
  MINIMUM         74    228 AM  52    1918  70      4       72
  AVERAGE         80                        80      0       81

PRECIPITATION (IN)
  TODAY            T             2.18 2007   0.12  -0.12     0.36
  MONTH TO DATE    T                         0.12  -0.12     0.36
  SINCE JUN 1      2.09                      3.87  -1.78     9.20
  SINCE JAN 1     27.87                     25.15   2.72    30.48

SNOWFALL (IN)
  TODAY            0.0

DEGREE DAYS
 HEATING
  TODAY            0                         0      0        0
  MONTH TO DATE    0                         0      0        0
  SINCE JUN 1      0                         1     -1        0
  SINCE JUL 1      0                         0      0        0

 COOLING
  TODAY           15                        15      0       16
  MONTH TO DATE   15                        15      0       16
  SINCE JUN 1    445                       398     47      409
  SINCE JAN 1    620                       611      9      656
..................................................................


WIND (MPH)
  HIGHEST WIND SPEED    18   HIGHEST WIND DIRECTION    SW (210)
  HIGHEST GUST SPEED    23   HIGHEST GUST DIRECTION    SW (210)
  AVERAGE WIND SPEED     6.5


SKY COVER
  POSSIBLE SUNSHINE  MM
  AVERAGE SKY COVER 0.2


WEATHER CONDITIONS
 THE FOLLOWING WEATHER WAS RECORDED TODAY.
  LIGHT RAIN


RELATIVE HUMIDITY (PERCENT)
 HIGHEST    87           300 AM
 LOWEST     59           200 PM
 AVERAGE    73

..........................................................


THE JONESBORO CLIMATE NORMALS FOR TOMORROW
                         NORMAL    RECORD    YEAR
 MAXIMUM TEMPERATURE (F)   91       106      1925
                                             1901
                                             1897
 MINIMUM TEMPERATURE (F)   70        53      1924


SUNRISE AND SUNSET
JULY  1 2015..........SUNRISE   550 AM CDT   SUNSET   823 PM CDT
JULY  2 2015..........SUNRISE   550 AM CDT   SUNSET   823 PM CDT


-  INDICATES NEGATIVE NUMBERS.
R  INDICATES RECORD WAS SET OR TIED.
MM INDICATES DATA IS MISSING.
T  INDICATES TRACE AMOUNT.




$$
