000
CDUS45 KGGW 240740
CLIJDN


CLIMATE REPORT
NATIONAL WEATHER SERVICE GLASGOW MT
140 AM MDT THU APR 24 2014


...................................

...THE JORDAN  ASOS MT CLIMATE SUMMARY FOR APRIL 23 2014...

CLIMATE NORMAL PERIOD 1981 TO 2010
CLIMATE RECORD PERIOD 9999 TO 9999


WEATHER ITEM   OBSERVED TIME   RECORD YEAR NORMAL DEPARTURE LAST
                VALUE   (LST)  VALUE       VALUE  FROM      YEAR
                                                  NORMAL
..................................................................
TEMPERATURE (F)
 YESTERDAY
  MAXIMUM         60    425 PM  MM      MM  61     -1       51
  MINIMUM         37   1054 PM  MM      MM  32      5       23
  AVERAGE         49                        46      3       37

PRECIPITATION (IN)
  YESTERDAY        0.00         MM      MM   0.05  -0.05     0.00
  MONTH TO DATE    0.08                      0.71  -0.63     1.70
  SINCE OCT 1      3.76                      3.25   0.51     5.10
  SINCE JAN 1      1.35                      1.71  -0.36     2.84

SNOWFALL (IN)
  YESTERDAY        0.0          MM      MM  MM     MM        0.0
  MONTH TO DATE    0.0                      MM     MM        0.0
  SINCE MAR 1      0.0                      MM     MM        0.0
  SINCE JUL 1      0.0                      MM     MM        0.0
  SNOW DEPTH       0

DEGREE DAYS
 HEATING
  YESTERDAY       16                        19     -3       28
  MONTH TO DATE  516                       506     10      684
  SINCE MAR 1   1616                      1490    126     1752
  SINCE JUL 1   7929                      7608    321     7210

 COOLING
  YESTERDAY        0                         0      0        0
  MONTH TO DATE    0                         0      0        0
  SINCE MAR 1      0                         0      0        0
  SINCE JAN 1      0                         0      0        0
..................................................................


WIND (MPH)
  HIGHEST WIND SPEED    37   HIGHEST WIND DIRECTION     W (290)
  HIGHEST GUST SPEED    46   HIGHEST GUST DIRECTION    NW (300)
  AVERAGE WIND SPEED    18.9


SKY COVER
  POSSIBLE SUNSHINE  MM
  AVERAGE SKY COVER 0.0


WEATHER CONDITIONS
 THE FOLLOWING WEATHER WAS RECORDED YESTERDAY.
  NO SIGNIFICANT WEATHER WAS OBSERVED.


RELATIVE HUMIDITY (PERCENT)
 HIGHEST    80           500 AM
 LOWEST     19           500 PM
 AVERAGE    50

..........................................................


THE JORDAN  ASOS MT CLIMATE NORMALS FOR TODAY
                         NORMAL    RECORD    YEAR
 MAXIMUM TEMPERATURE (F)   61        MM        MM
 MINIMUM TEMPERATURE (F)   32        MM        MM


SUNRISE AND SUNSET
APRIL 24 2014.........SUNRISE   603 AM MDT   SUNSET   809 PM MDT
APRIL 25 2014.........SUNRISE   601 AM MDT   SUNSET   811 PM MDT


-  INDICATES NEGATIVE NUMBERS.
R  INDICATES RECORD WAS SET OR TIED.
MM INDICATES DATA IS MISSING.
T  INDICATES TRACE AMOUNT.




$$
