000
CDUS45 KGGW 280017
CLIJDN


CLIMATE REPORT
NATIONAL WEATHER SERVICE GLASGOW MT
616 PM MDT THU AUG 27 2015


...................................

...THE JORDAN  ASOS MT CLIMATE SUMMARY FOR AUGUST 27 2015...
VALID TODAY AS OF 0500 PM LOCAL TIME.

CLIMATE NORMAL PERIOD 1981 TO 2010
CLIMATE RECORD PERIOD 9999 TO 9999


WEATHER ITEM   OBSERVED TIME   RECORD YEAR NORMAL DEPARTURE LAST
                VALUE   (LST)  VALUE       VALUE  FROM      YEAR
                                                  NORMAL
..................................................................
TEMPERATURE (F)
 TODAY
  MAXIMUM         93        MM  MM      MM  83     10       87
  MINIMUM         56        MM  MM      MM  49      7       49
  AVERAGE         75                        66      9       68

PRECIPITATION (IN)
  TODAY            0.00         MM      MM   0.02  -0.02     0.00
  MONTH TO DATE    1.60                      1.09   0.51     6.24
  SINCE OCT 1     11.75                     11.36   0.39    14.01
  SINCE JAN 1     10.56                      9.82   0.74    11.60

SNOWFALL (IN)
  TODAY            0.0          MM      MM  MM     MM        0.0
  MONTH TO DATE    0.0                      MM     MM        0.0
  SINCE JUN 1      0.0                      MM     MM        0.0
  SINCE JUL 1      0.0                      MM     MM        0.0
  SNOW DEPTH       0

DEGREE DAYS
 HEATING
  TODAY            0                         2     -2        0
  MONTH TO DATE   51                        29     22       41
  SINCE JUN 1     97                       179    -82      176
  SINCE JUL 1     53                        54     -1       46

 COOLING
  TODAY           10                         3      7        3
  MONTH TO DATE  172                       151     21      171
  SINCE JUN 1    476                       376    100      419
  SINCE JAN 1    476                       382     94      444
..................................................................


WIND (MPH)
  HIGHEST WIND SPEED    10   HIGHEST WIND DIRECTION    NE (60)
  HIGHEST GUST SPEED    MM   HIGHEST GUST DIRECTION    MM
  AVERAGE WIND SPEED     3.3


SKY COVER
  POSSIBLE SUNSHINE  MM
  AVERAGE SKY COVER 0.0


WEATHER CONDITIONS
 THE FOLLOWING WEATHER WAS RECORDED TODAY.
  NO SIGNIFICANT WEATHER WAS OBSERVED.


RELATIVE HUMIDITY (PERCENT)
 HIGHEST    72           500 AM
 LOWEST     23           300 PM
 AVERAGE    48

..........................................................


THE JORDAN  ASOS MT CLIMATE NORMALS FOR TOMORROW
                         NORMAL    RECORD    YEAR
 MAXIMUM TEMPERATURE (F)   82        MM        MM
 MINIMUM TEMPERATURE (F)   49        MM        MM


SUNRISE AND SUNSET
AUGUST 27 2015........SUNRISE   619 AM MDT   SUNSET   757 PM MDT
AUGUST 28 2015........SUNRISE   621 AM MDT   SUNSET   755 PM MDT


-  INDICATES NEGATIVE NUMBERS.
R  INDICATES RECORD WAS SET OR TIED.
MM INDICATES DATA IS MISSING.
T  INDICATES TRACE AMOUNT.




$$
