000
CDUS45 KBOI 280931
CLIJER


CLIMATE REPORT
NATIONAL WEATHER SERVICE BOISE ID
231 AM MST FRI NOV 28 2014


...................................

...THE JEROME ID CLIMATE SUMMARY FOR NOVEMBER 27 2014...

CLIMATE NORMAL PERIOD 1981 TO 2010
CLIMATE RECORD PERIOD 1919 TO 2014


WEATHER ITEM   OBSERVED TIME   RECORD YEAR NORMAL DEPARTURE LAST
                VALUE   (LST)  VALUE       VALUE  FROM      YEAR
                                                  NORMAL
..................................................................
TEMPERATURE (F)
 YESTERDAY
  MAXIMUM         62    114 PM  70    1949  40     22       53
  MINIMUM         40    749 AM  -3    1919  24     16       29
  AVERAGE         51                        32     19       41

PRECIPITATION (IN)
  YESTERDAY        0.00          0.25 1962   0.05  -0.05     0.00
  MONTH TO DATE    0.80                      1.04  -0.24     0.25
  SINCE OCT 1      1.14                      1.85  -0.71     0.33
  SINCE JAN 1     10.21                      9.14   1.07     3.35

DEGREE DAYS
 HEATING
  YESTERDAY       14                        33    -19       24
  MONTH TO DATE  804                       748     56      707
  SINCE SEP 1   1230                      1414   -184     1398
  SINCE JUL 1   1257                      1447   -190     1398

 COOLING
  YESTERDAY        0                         0      0        0
  MONTH TO DATE    0                         0      0        0
  SINCE SEP 1     60                        45     15       86
  SINCE JAN 1    652                       510    142      904
..................................................................


WIND (MPH)
  HIGHEST WIND SPEED    13   HIGHEST WIND DIRECTION    NE (40)
  HIGHEST GUST SPEED    13   HIGHEST GUST DIRECTION    NE (30)
  AVERAGE WIND SPEED     5.6


SKY COVER
  AVERAGE SKY COVER 0.1


WEATHER CONDITIONS
 THE FOLLOWING WEATHER WAS RECORDED YESTERDAY.
  NO SIGNIFICANT WEATHER WAS OBSERVED.


RELATIVE HUMIDITY (PERCENT)
 HIGHEST    70           200 AM
 LOWEST     29           100 PM
 AVERAGE    50

..........................................................


THE JEROME ID CLIMATE NORMALS FOR TODAY
                         NORMAL    RECORD    YEAR
 MAXIMUM TEMPERATURE (F)   39        66      1949
 MINIMUM TEMPERATURE (F)   23        -5      1919


SUNRISE AND SUNSET
NOVEMBER 28 2014......SUNRISE   745 AM MST   SUNSET   506 PM MST
NOVEMBER 29 2014......SUNRISE   746 AM MST   SUNSET   506 PM MST


-  INDICATES NEGATIVE NUMBERS.
R  INDICATES RECORD WAS SET OR TIED.
MM INDICATES DATA IS MISSING.
T  INDICATES TRACE AMOUNT.




$$
