524
CDUS45 KBOI 040932
CLIJER


CLIMATE REPORT
NATIONAL WEATHER SERVICE BOISE ID
332 AM MDT WED MAY 4 2016


...................................

...THE JEROME ID CLIMATE SUMMARY FOR MAY 3 2016...

CLIMATE NORMAL PERIOD 1981 TO 2010
CLIMATE RECORD PERIOD 1915 TO 2016


WEATHER ITEM   OBSERVED TIME   RECORD YEAR NORMAL DEPARTURE LAST
                VALUE   (LST)  VALUE       VALUE  FROM      YEAR
                                                  NORMAL
..................................................................
TEMPERATURE (F)
 YESTERDAY
  MAXIMUM         75    538 PM  92    1966  63     12       76
  MINIMUM         41    525 AM  21    1950  39      2       48
  AVERAGE         58                        51      7       62

PRECIPITATION (IN)
  YESTERDAY        0.00          0.51 2007   0.05  -0.05     0.00
  MONTH TO DATE    0.01                      0.17  -0.16     0.00
  SINCE OCT 1      8.56                      8.05   0.51     4.91
  SINCE JAN 1      3.97                      4.53  -0.56     2.01

DEGREE DAYS
 HEATING
  YESTERDAY        7                        14     -7        3
  MONTH TO DATE   30                        43    -13       14
  SINCE MAR 1   1091                      1359   -268     1076
  SINCE JUL 1   5630                      6246   -616     5118

 COOLING
  YESTERDAY        0                         0      0        0
  MONTH TO DATE    0                         0      0        0
  SINCE MAR 1      1                         0      1        0
  SINCE JAN 1      1                         0      1        0
..................................................................


WIND (MPH)
  HIGHEST WIND SPEED    18   HIGHEST WIND DIRECTION    NE (40)
  HIGHEST GUST SPEED    21   HIGHEST GUST DIRECTION    NE (40)
  AVERAGE WIND SPEED     9.8


SKY COVER
  AVERAGE SKY COVER 0.0


WEATHER CONDITIONS
 THE FOLLOWING WEATHER WAS RECORDED YESTERDAY.
  NO SIGNIFICANT WEATHER WAS OBSERVED.


RELATIVE HUMIDITY (PERCENT)
 HIGHEST    76           600 AM
 LOWEST     20           200 PM
 AVERAGE    48

..........................................................


THE JEROME ID CLIMATE NORMALS FOR TODAY
                         NORMAL    RECORD    YEAR
 MAXIMUM TEMPERATURE (F)   64        91      1966
 MINIMUM TEMPERATURE (F)   39        25      1950


SUNRISE AND SUNSET
MAY  4 2016...........SUNRISE   627 AM MDT   SUNSET   842 PM MDT
MAY  5 2016...........SUNRISE   626 AM MDT   SUNSET   843 PM MDT


-  INDICATES NEGATIVE NUMBERS.
R  INDICATES RECORD WAS SET OR TIED.
MM INDICATES DATA IS MISSING.
T  INDICATES TRACE AMOUNT.




$$
