000
CDUS45 KBOI 230932
CLIJER


CLIMATE REPORT
NATIONAL WEATHER SERVICE BOISE ID
332 AM MDT SAT SEP 23 2017


...................................

...THE JEROME ID CLIMATE SUMMARY FOR SEPTEMBER 22 2017...

CLIMATE NORMAL PERIOD 1981 TO 2010
CLIMATE RECORD PERIOD 1915 TO 2017


WEATHER ITEM   OBSERVED TIME   RECORD YEAR NORMAL DEPARTURE LAST
                VALUE   (LST)  VALUE       VALUE  FROM      YEAR
                                                  NORMAL
..................................................................
TEMPERATURE (F)
 YESTERDAY
  MAXIMUM         51    459 PM  96    1966  72    -21       55
  MINIMUM         36    702 AM  27    1961  44     -8       47
  AVERAGE         44                        58    -14       51

PRECIPITATION (IN)
  YESTERDAY        0.00          0.51 2016   0.02  -0.02     0.51
  MONTH TO DATE    0.62                      0.26   0.36     0.84
  SINCE OCT 1     11.94                     10.64   1.30    10.87
  SINCE JAN 1      7.42                      7.12   0.30     6.28

DEGREE DAYS
 HEATING
  YESTERDAY       21                         7     14       14
  MONTH TO DATE  111                        99     12      135
  SINCE SEP 1    111                        99     12      135
  SINCE JUL 1    112                       132    -20      157

 COOLING
  YESTERDAY        0                         1     -1        0
  MONTH TO DATE  121                        42     79       18
  SINCE SEP 1    121                        42     79       18
  SINCE JAN 1    929                       507    422      600
..................................................................


WIND (MPH)
  HIGHEST WIND SPEED    16   HIGHEST WIND DIRECTION    SW (240)
  HIGHEST GUST SPEED    21   HIGHEST GUST DIRECTION     W (250)
  AVERAGE WIND SPEED     8.2


SKY COVER
  AVERAGE SKY COVER 0.3


WEATHER CONDITIONS
 THE FOLLOWING WEATHER WAS RECORDED YESTERDAY.
  NO SIGNIFICANT WEATHER WAS OBSERVED.


RELATIVE HUMIDITY (PERCENT)
 HIGHEST   100           600 AM
 LOWEST     54           500 PM
 AVERAGE    77

..........................................................


THE JEROME ID CLIMATE NORMALS FOR TODAY
                         NORMAL    RECORD    YEAR
 MAXIMUM TEMPERATURE (F)   72        95      1949
 MINIMUM TEMPERATURE (F)   44        29      1996


SUNRISE AND SUNSET
SEPTEMBER 23 2017.....SUNRISE   727 AM MDT   SUNSET   733 PM MDT
SEPTEMBER 24 2017.....SUNRISE   728 AM MDT   SUNSET   731 PM MDT


-  INDICATES NEGATIVE NUMBERS.
R  INDICATES RECORD WAS SET OR TIED.
MM INDICATES DATA IS MISSING.
T  INDICATES TRACE AMOUNT.




$$
