000
CDUS45 KBOI 260932
CLIJER


CLIMATE REPORT
NATIONAL WEATHER SERVICE BOISE ID
332 AM MDT THU MAR 26 2015


...................................

...THE JEROME ID CLIMATE SUMMARY FOR MARCH 25 2015...

CLIMATE NORMAL PERIOD 1981 TO 2010
CLIMATE RECORD PERIOD 1919 TO 2015


WEATHER ITEM   OBSERVED TIME   RECORD YEAR NORMAL DEPARTURE LAST
                VALUE   (LST)  VALUE       VALUE  FROM      YEAR
                                                  NORMAL
..................................................................
TEMPERATURE (F)
 YESTERDAY
  MAXIMUM         54    311 PM  74    1960  53      1       72
  MINIMUM         29    513 AM   9    1965  33     -4       33
  AVERAGE         42                        43     -1       53

PRECIPITATION (IN)
  YESTERDAY        0.00          0.55 1950   0.04  -0.04     0.00
  MONTH TO DATE    0.33                      0.79  -0.46     0.69
  SINCE OCT 1      4.74                      6.25  -1.51     3.63
  SINCE JAN 1      1.84                      2.73  -0.89     3.03

DEGREE DAYS
 HEATING
  YESTERDAY       23                        22      1       12
  MONTH TO DATE  473                       639   -166      562
  SINCE MAR 1    473                       639   -166      562
  SINCE JUL 1   4515                      5526  -1011     5230

 COOLING
  YESTERDAY        0                         0      0        0
  MONTH TO DATE    0                         0      0        0
  SINCE MAR 1      0                         0      0        0
  SINCE JAN 1      0                         0      0        0
..................................................................


WIND (MPH)
  HIGHEST WIND SPEED    17   HIGHEST WIND DIRECTION     W (250)
  HIGHEST GUST SPEED    26   HIGHEST GUST DIRECTION    SW (240)
  AVERAGE WIND SPEED     9.5


SKY COVER
  AVERAGE SKY COVER 0.2


WEATHER CONDITIONS
 THE FOLLOWING WEATHER WAS RECORDED YESTERDAY.
  NO SIGNIFICANT WEATHER WAS OBSERVED.


RELATIVE HUMIDITY (PERCENT)
 HIGHEST    78           200 AM
 LOWEST     27           200 PM
 AVERAGE    53

..........................................................


THE JEROME ID CLIMATE NORMALS FOR TODAY
                         NORMAL    RECORD    YEAR
 MAXIMUM TEMPERATURE (F)   53        72      2007
 MINIMUM TEMPERATURE (F)   33        18      1926


SUNRISE AND SUNSET
MARCH 26 2015.........SUNRISE   731 AM MDT   SUNSET   757 PM MDT
MARCH 27 2015.........SUNRISE   729 AM MDT   SUNSET   758 PM MDT


-  INDICATES NEGATIVE NUMBERS.
R  INDICATES RECORD WAS SET OR TIED.
MM INDICATES DATA IS MISSING.
T  INDICATES TRACE AMOUNT.




$$
