000
CDUS45 KBOI 050946
CLIJER


CLIMATE REPORT
NATIONAL WEATHER SERVICE BOISE ID
246 AM MST FRI FEB 5 2016


...................................

...THE JEROME ID CLIMATE SUMMARY FOR FEBRUARY 4 2016...

CLIMATE NORMAL PERIOD 1981 TO 2010
CLIMATE RECORD PERIOD 1919 TO 2016


WEATHER ITEM   OBSERVED TIME   RECORD YEAR NORMAL DEPARTURE LAST
                VALUE   (LST)  VALUE       VALUE  FROM      YEAR
                                                  NORMAL
..................................................................
TEMPERATURE (F)
 YESTERDAY
  MAXIMUM         33    730 PM  63    1953  36     -3       52
  MINIMUM         18    334 AM  -8    1996  20     -2       39
  AVERAGE         26                        28     -2       46

PRECIPITATION (IN)
  YESTERDAY        0.01          0.50 1951   0.03  -0.02     0.02
  MONTH TO DATE    0.01                      0.11  -0.10     0.28
  SINCE OCT 1      5.81                      4.69   1.12     4.37
  SINCE JAN 1      1.22                      1.17   0.05     1.47

DEGREE DAYS
 HEATING
  YESTERDAY       39                        37      2       19
  MONTH TO DATE  176                       148     28       99
  SINCE DEC 1   2513                      2522     -9     2137
  SINCE JUL 1   3846                      4073   -227     3473

 COOLING
  YESTERDAY        0                         0      0        0
  MONTH TO DATE    0                         0      0        0
  SINCE DEC 1      0                         0      0        0
  SINCE JAN 1      0                         0      0        0
..................................................................


WIND (MPH)
  HIGHEST WIND SPEED    14   HIGHEST WIND DIRECTION    SW (230)
  HIGHEST GUST SPEED    17   HIGHEST GUST DIRECTION    SW (240)
  AVERAGE WIND SPEED     6.6


SKY COVER
  AVERAGE SKY COVER 1.0


WEATHER CONDITIONS
 THE FOLLOWING WEATHER WAS RECORDED YESTERDAY.
  LIGHT SNOW
  FOG


RELATIVE HUMIDITY (PERCENT)
 HIGHEST    92           600 AM
 LOWEST     68          1200 AM
 AVERAGE    80

..........................................................


THE JEROME ID CLIMATE NORMALS FOR TODAY
                         NORMAL    RECORD    YEAR
 MAXIMUM TEMPERATURE (F)   36        61      2015
 MINIMUM TEMPERATURE (F)   21       -13      1982


SUNRISE AND SUNSET
FEBRUARY  5 2016......SUNRISE   748 AM MST   SUNSET   556 PM MST
FEBRUARY  6 2016......SUNRISE   747 AM MST   SUNSET   557 PM MST


-  INDICATES NEGATIVE NUMBERS.
R  INDICATES RECORD WAS SET OR TIED.
MM INDICATES DATA IS MISSING.
T  INDICATES TRACE AMOUNT.




$$
