000
CDUS45 KBOI 260931
CLIJER


CLIMATE REPORT
NATIONAL WEATHER SERVICE BOISE ID
330 AM MDT WED JUL 26 2017


...................................

...THE JEROME ID CLIMATE SUMMARY FOR JULY 25 2017...

CLIMATE NORMAL PERIOD 1981 TO 2010
CLIMATE RECORD PERIOD 1915 TO 2017


WEATHER ITEM   OBSERVED TIME   RECORD YEAR NORMAL DEPARTURE LAST
                VALUE   (LST)  VALUE       VALUE  FROM      YEAR
                                                  NORMAL
..................................................................
TEMPERATURE (F)
 YESTERDAY
  MAXIMUM         91    413 PM 103    1928  88      3       94
  MINIMUM         66    955 PM  47    1948  57      9       55
  AVERAGE         79                        72      7       75

PRECIPITATION (IN)
  YESTERDAY        0.03          0.11 1977   0.01   0.02     0.00
  MONTH TO DATE    0.03                      0.18  -0.15     0.03
  SINCE OCT 1     11.28                     10.07   1.21     9.99
  SINCE JAN 1      6.76                      6.55   0.21     5.40

DEGREE DAYS
 HEATING
  YESTERDAY        0                         0      0        0
  MONTH TO DATE    0                        10    -10       15
  SINCE JUN 1     64                       117    -53       57
  SINCE JUL 1      0                        10    -10       15

 COOLING
  YESTERDAY       14                         8      6       10
  MONTH TO DATE  328                       156    172      148
  SINCE JUN 1    443                       224    219      309
  SINCE JAN 1    459                       237    222      313
..................................................................


WIND (MPH)
  HIGHEST WIND SPEED    15   HIGHEST WIND DIRECTION    SE (140)
  HIGHEST GUST SPEED    20   HIGHEST GUST DIRECTION    SW (220)
  AVERAGE WIND SPEED     5.3


SKY COVER
  AVERAGE SKY COVER 0.4


WEATHER CONDITIONS
 THE FOLLOWING WEATHER WAS RECORDED YESTERDAY.
  LIGHT RAIN


RELATIVE HUMIDITY (PERCENT)
 HIGHEST    50           900 AM
 LOWEST     26           300 PM
 AVERAGE    38

..........................................................


THE JEROME ID CLIMATE NORMALS FOR TODAY
                         NORMAL    RECORD    YEAR
 MAXIMUM TEMPERATURE (F)   88       104      1928
 MINIMUM TEMPERATURE (F)   57        46      1993


SUNRISE AND SUNSET
JULY 26 2017..........SUNRISE   624 AM MDT   SUNSET   904 PM MDT
JULY 27 2017..........SUNRISE   625 AM MDT   SUNSET   903 PM MDT


-  INDICATES NEGATIVE NUMBERS.
R  INDICATES RECORD WAS SET OR TIED.
MM INDICATES DATA IS MISSING.
T  INDICATES TRACE AMOUNT.




$$
