000
CDUS45 KBOI 050931
CLIJER


CLIMATE REPORT
NATIONAL WEATHER SERVICE BOISE ID
330 AM MDT SUN JUL 5 2015


...................................

...THE JEROME ID CLIMATE SUMMARY FOR JULY 4 2015...

CLIMATE NORMAL PERIOD 1981 TO 2010
CLIMATE RECORD PERIOD 1919 TO 2015


WEATHER ITEM   OBSERVED TIME   RECORD YEAR NORMAL DEPARTURE LAST
                VALUE   (LST)  VALUE       VALUE  FROM      YEAR
                                                  NORMAL
..................................................................
TEMPERATURE (F)
 YESTERDAY
  MAXIMUM         97    421 PM 106    2001  84     13       97
  MINIMUM         68    505 AM  40    1921  54     14       62
  AVERAGE         83                        69     14       80

PRECIPITATION (IN)
  YESTERDAY        0.00          0.14 1996   0.00   0.00     0.00
  MONTH TO DATE    0.00                      0.02  -0.02     0.00
  SINCE OCT 1      8.21                      9.91  -1.70     5.63
  SINCE JAN 1      5.31                      6.39  -1.08     5.03

DEGREE DAYS
 HEATING
  YESTERDAY        0                         1     -1        0
  MONTH TO DATE    0                         4     -4        0
  SINCE JUN 1     15                       111    -96       74
  SINCE JUL 1      0                         4     -4        0

 COOLING
  YESTERDAY       18                         5     13       15
  MONTH TO DATE   70                        19     51       48
  SINCE JUN 1    284                        87    197       93
  SINCE JAN 1    294                       100    194      103
..................................................................


WIND (MPH)
  HIGHEST WIND SPEED    16   HIGHEST WIND DIRECTION     S (170)
  HIGHEST GUST SPEED    22   HIGHEST GUST DIRECTION     S (170)
  AVERAGE WIND SPEED     7.5


SKY COVER
  AVERAGE SKY COVER 0.0


WEATHER CONDITIONS
 THE FOLLOWING WEATHER WAS RECORDED YESTERDAY.
  NO SIGNIFICANT WEATHER WAS OBSERVED.


RELATIVE HUMIDITY (PERCENT)
 HIGHEST    44           400 AM
 LOWEST     11           300 PM
 AVERAGE    28

..........................................................


THE JEROME ID CLIMATE NORMALS FOR TODAY
                         NORMAL    RECORD    YEAR
 MAXIMUM TEMPERATURE (F)   84       103      2001
 MINIMUM TEMPERATURE (F)   54        38      1986


SUNRISE AND SUNSET
JULY  5 2015..........SUNRISE   606 AM MDT   SUNSET   919 PM MDT
JULY  6 2015..........SUNRISE   606 AM MDT   SUNSET   919 PM MDT


-  INDICATES NEGATIVE NUMBERS.
R  INDICATES RECORD WAS SET OR TIED.
MM INDICATES DATA IS MISSING.
T  INDICATES TRACE AMOUNT.




$$
