000
CDUS41 KOKX 260617
CLIJFK


CLIMATE REPORT
NATIONAL WEATHER SERVICE NEW YORK NY
217 AM EDT MON JUN 26 2017


...................................

...THE KENNEDY NY CLIMATE SUMMARY FOR JUNE 25 2017...

CLIMATE NORMAL PERIOD 1981 TO 2010
CLIMATE RECORD PERIOD 1948 TO 2017


WEATHER ITEM   OBSERVED TIME   RECORD YEAR NORMAL DEPARTURE LAST
                VALUE   (LST)  VALUE       VALUE  FROM      YEAR
                                                  NORMAL
..................................................................
TEMPERATURE (F)
 YESTERDAY
  MAXIMUM         82   1254 PM  94    2003  81      1       81
                                      1963
  MINIMUM         69    442 AM  54    1965  66      3       65
  AVERAGE         76                        73      3       73

PRECIPITATION (IN)
  YESTERDAY        T             1.90 2012   0.12  -0.12     0.00
  MONTH TO DATE    4.09                      3.30   0.79     1.38
  SINCE JUN 1      4.09                      3.30   0.79     1.38
  SINCE JAN 1     25.99                     20.64   5.35    16.36

SNOWFALL (IN)
  YESTERDAY        0.0          MM      MM   0.0    0.0      0.0
  MONTH TO DATE    0.0                       0.0    0.0      0.0
  SINCE OCT 1     30.9                      23.8    7.1     41.4
  SINCE JUL 1     30.9                      23.8    7.1     41.4
  SNOW DEPTH       0

DEGREE DAYS
 HEATING
  YESTERDAY        0                         0      0        0
  MONTH TO DATE   20                        20      0        3
  SINCE JUN 1     20                        20      0        3
  SINCE JUL 1   4197                      4838   -641     3893

 COOLING
  YESTERDAY       11                         8      3        8
  MONTH TO DATE  166                       136     30      165
  SINCE JUN 1    166                       136     30      165
  SINCE JAN 1    216                       171     45      216
..................................................................


WIND (MPH)
  HIGHEST WIND SPEED    24   HIGHEST WIND DIRECTION    NW (330)
  HIGHEST GUST SPEED    29   HIGHEST GUST DIRECTION    NW (330)
  AVERAGE WIND SPEED     9.6


SKY COVER
  POSSIBLE SUNSHINE  MM
  AVERAGE SKY COVER 0.6


WEATHER CONDITIONS
 THE FOLLOWING WEATHER WAS RECORDED YESTERDAY.
  LIGHT RAIN


RELATIVE HUMIDITY (PERCENT)
 HIGHEST    84           700 PM
 LOWEST     42          1100 PM
 AVERAGE    63

..........................................................


THE KENNEDY NY CLIMATE NORMALS FOR TODAY
                         NORMAL    RECORD    YEAR
 MAXIMUM TEMPERATURE (F)   81        99      1949
 MINIMUM TEMPERATURE (F)   66        54      1986
                                             1979


SUNRISE AND SUNSET
JUNE 26 2017..........SUNRISE   526 AM EDT   SUNSET   830 PM EDT
JUNE 27 2017..........SUNRISE   526 AM EDT   SUNSET   830 PM EDT


-  INDICATES NEGATIVE NUMBERS.
R  INDICATES RECORD WAS SET OR TIED.
MM INDICATES DATA IS MISSING.
T  INDICATES TRACE AMOUNT.




$$
