000
CDUS41 KOKX 232044
CLIJFK


CLIMATE REPORT
NATIONAL WEATHER SERVICE NEW YORK NY
443 PM EDT MON OCT 23 2017


...................................

...THE KENNEDY NY CLIMATE SUMMARY FOR OCTOBER 23 2017...
VALID TODAY AS OF 0400 PM LOCAL TIME.

CLIMATE NORMAL PERIOD 1981 TO 2010
CLIMATE RECORD PERIOD 1948 TO 2017


WEATHER ITEM   OBSERVED TIME   RECORD YEAR NORMAL DEPARTURE LAST
                VALUE   (LST)  VALUE       VALUE  FROM      YEAR
                                                  NORMAL
..................................................................
TEMPERATURE (F)
 TODAY
  MAXIMUM         73   1050 AM  77    1978  62     11       64
  MINIMUM         55    213 AM  33    1969  47      8       46
  AVERAGE         64                        55      9       55

PRECIPITATION (IN)
  TODAY            0.00          1.55 1990   0.11  -0.11     0.00
  MONTH TO DATE    0.50                      2.74  -2.24     2.64
  SINCE SEP 1      2.70                      6.24  -3.54     5.51
  SINCE JAN 1     35.95                     35.20   0.75    28.78

SNOWFALL (IN)
  TODAY            0.0          MM      MM   0.0    0.0      0.0
  MONTH TO DATE    0.0                       0.0    0.0      0.0
  SINCE OCT 1      0.0                       0.0    0.0      0.0
  SINCE JUL 1      0.0                       0.0    0.0      0.0
  SNOW DEPTH       0

DEGREE DAYS
 HEATING
  TODAY            1                        10     -9       10
  MONTH TO DATE   59                       166   -107      103
  SINCE SEP 1     71                       204   -133      116
  SINCE JUL 1     71                       205   -134      116

 COOLING
  TODAY            0                         0      0        0
  MONTH TO DATE   61                        12     49       20
  SINCE SEP 1    245                       142    103      225
  SINCE JAN 1   1168                      1003    165     1362
..................................................................


WIND (MPH)
  HIGHEST WIND SPEED    20   HIGHEST WIND DIRECTION    SE (140)
  HIGHEST GUST SPEED    24   HIGHEST GUST DIRECTION    SE (130)
  AVERAGE WIND SPEED     9.4


SKY COVER
  AVERAGE SKY COVER 0.8


WEATHER CONDITIONS
 THE FOLLOWING WEATHER WAS RECORDED TODAY.
  NO SIGNIFICANT WEATHER WAS OBSERVED.


RELATIVE HUMIDITY (PERCENT)
 HIGHEST   100          1200 AM
 LOWEST     79          1000 AM
 AVERAGE    90

..........................................................


THE KENNEDY NY CLIMATE NORMALS FOR TOMORROW
                         NORMAL    RECORD    YEAR
 MAXIMUM TEMPERATURE (F)   62        73      2001
 MINIMUM TEMPERATURE (F)   47        32      1969


SUNRISE AND SUNSET
OCTOBER 23 2017.......SUNRISE   715 AM EDT   SUNSET   603 PM EDT
OCTOBER 24 2017.......SUNRISE   716 AM EDT   SUNSET   602 PM EDT


-  INDICATES NEGATIVE NUMBERS.
R  INDICATES RECORD WAS SET OR TIED.
MM INDICATES DATA IS MISSING.
T  INDICATES TRACE AMOUNT.




$$
