000
CDUS41 KOKX 300623
CLIJFK


CLIMATE REPORT
NATIONAL WEATHER SERVICE NEW YORK NY
217 AM EDT THU OCT 30 2014


...................................

...THE KENNEDY NY CLIMATE SUMMARY FOR OCTOBER 29 2014...

CLIMATE NORMAL PERIOD 1981 TO 2010
CLIMATE RECORD PERIOD 1949 TO 2014


WEATHER ITEM   OBSERVED TIME   RECORD YEAR NORMAL DEPARTURE LAST
                VALUE   (LST)  VALUE       VALUE  FROM      YEAR
                                                  NORMAL
..................................................................
TEMPERATURE (F)
 YESTERDAY
  MAXIMUM         74    152 PM  80    1971  60     14       57
  MINIMUM         52   1159 PM  32    1965  46      6       44
  AVERAGE         63                        53     10       51

PRECIPITATION (IN)
  YESTERDAY        0.03          2.03 1973   0.11  -0.08     0.00
  MONTH TO DATE    3.68                      3.41   0.27     0.28
  SINCE SEP 1      5.11                      6.91  -1.80     2.20
  SINCE JAN 1     39.22                     35.87   3.35    28.39

SNOWFALL (IN)
  YESTERDAY        0.0           1.5  2011   0.0    0.0      0.0
  MONTH TO DATE    0.0                       0.0    0.0      0.0
  SINCE OCT 1      0.0                       0.0    0.0      0.0
  SINCE JUL 1      0.0                       0.0    0.0      0.0
  SNOW DEPTH       0

DEGREE DAYS
 HEATING
  YESTERDAY        2                        12    -10       14
  MONTH TO DATE  150                       235    -85      169
  SINCE SEP 1    169                       273   -104      214
  SINCE JUL 1    169                       274   -105      214

 COOLING
  YESTERDAY        0                         0      0        0
  MONTH TO DATE   23                        12     11       39
  SINCE SEP 1    187                       142     45      152
  SINCE JAN 1   1050                      1003     47     1111
..................................................................


WIND (MPH)
  HIGHEST WIND SPEED    24   HIGHEST WIND DIRECTION    NW (310)
  HIGHEST GUST SPEED    31   HIGHEST GUST DIRECTION    NW (300)
  AVERAGE WIND SPEED     9.5


SKY COVER
  POSSIBLE SUNSHINE  MM
  AVERAGE SKY COVER 0.8


WEATHER CONDITIONS
 THE FOLLOWING WEATHER WAS RECORDED YESTERDAY.
  LIGHT RAIN


RELATIVE HUMIDITY (PERCENT)
 HIGHEST    93           600 AM
 LOWEST     37           300 PM
 AVERAGE    65

..........................................................


THE KENNEDY NY CLIMATE NORMALS FOR TODAY
                         NORMAL    RECORD    YEAR
 MAXIMUM TEMPERATURE (F)   60        79      1961
 MINIMUM TEMPERATURE (F)   45        30      1962


SUNRISE AND SUNSET
OCTOBER 30 2014.......SUNRISE   723 AM EDT   SUNSET   554 PM EDT
OCTOBER 31 2014.......SUNRISE   724 AM EDT   SUNSET   553 PM EDT


-  INDICATES NEGATIVE NUMBERS.
R  INDICATES RECORD WAS SET OR TIED.
MM INDICATES DATA IS MISSING.
T  INDICATES TRACE AMOUNT.




$$
