000
CDUS41 KOKX 012043
CLIJFK


CLIMATE REPORT
NATIONAL WEATHER SERVICE NEW YORK NY
443 PM EDT SUN MAY 1 2016


...................................

...THE KENNEDY NY CLIMATE SUMMARY FOR MAY 1 2016...
VALID TODAY AS OF 0400 PM LOCAL TIME.

CLIMATE NORMAL PERIOD 1981 TO 2010
CLIMATE RECORD PERIOD 1949 TO 2016


WEATHER ITEM   OBSERVED TIME   RECORD YEAR NORMAL DEPARTURE LAST
                VALUE   (LST)  VALUE       VALUE  FROM      YEAR
                                                  NORMAL
..................................................................
TEMPERATURE (F)
 TODAY
  MAXIMUM         50    854 AM  81    2001  64    -14       56
  MINIMUM         47   1145 AM  38    2008  48     -1       47
  AVERAGE         49                        56     -7       52

PRECIPITATION (IN)
  TODAY            0.17          0.94 2012   0.11   0.06     0.00
  MONTH TO DATE    0.17                      0.11   0.06     0.00
  SINCE MAR 1      2.80                      7.76  -4.96     6.49
  SINCE JAN 1     11.44                     13.51  -2.07    14.15

SNOWFALL (IN)
  TODAY            0.0          MM      MM   0.0    0.0      0.0
  MONTH TO DATE    0.0                       0.0    0.0      0.0
  SINCE OCT 1     41.4                      23.8   17.6     44.2
  SINCE JUL 1     41.4                      23.8   17.6     44.2
  SNOW DEPTH       0

DEGREE DAYS
 HEATING
  TODAY           16                         9      7       13
  MONTH TO DATE   16                         9      7       13
  SINCE MAR 1    960                      1149   -189     1215
  SINCE JUL 1   3714                      4660   -946     4907

 COOLING
  TODAY            0                         0      0        0
  MONTH TO DATE    0                         0      0        0
  SINCE MAR 1      0                         3     -3        0
  SINCE JAN 1      0                         3     -3        0
..................................................................


WIND (MPH)
  HIGHEST WIND SPEED    15   HIGHEST WIND DIRECTION     E (110)
  HIGHEST GUST SPEED    20   HIGHEST GUST DIRECTION     E (110)
  AVERAGE WIND SPEED     7.3


SKY COVER
  AVERAGE SKY COVER 1.0


WEATHER CONDITIONS
 THE FOLLOWING WEATHER WAS RECORDED TODAY.
  RAIN
  LIGHT RAIN
  FOG


RELATIVE HUMIDITY (PERCENT)
 HIGHEST    93          1100 AM
 LOWEST     66          1200 AM
 AVERAGE    80

..........................................................


THE KENNEDY NY CLIMATE NORMALS FOR TOMORROW
                         NORMAL    RECORD    YEAR
 MAXIMUM TEMPERATURE (F)   64        82      1992
 MINIMUM TEMPERATURE (F)   49        39      1964


SUNRISE AND SUNSET
MAY  1 2016...........SUNRISE   553 AM EDT   SUNSET   752 PM EDT
MAY  2 2016...........SUNRISE   552 AM EDT   SUNSET   753 PM EDT


-  INDICATES NEGATIVE NUMBERS.
R  INDICATES RECORD WAS SET OR TIED.
MM INDICATES DATA IS MISSING.
T  INDICATES TRACE AMOUNT.




$$
