000
CDUS41 KOKX 280618
CLIJFK


CLIMATE REPORT
NATIONAL WEATHER SERVICE NEW YORK NY
218 AM EDT WED SEP 28 2016


...................................

...THE KENNEDY NY CLIMATE SUMMARY FOR SEPTEMBER 27 2016...

CLIMATE NORMAL PERIOD 1981 TO 2010
CLIMATE RECORD PERIOD 1948 TO 2016


WEATHER ITEM   OBSERVED TIME   RECORD YEAR NORMAL DEPARTURE LAST
                VALUE   (LST)  VALUE       VALUE  FROM      YEAR
                                                  NORMAL
..................................................................
TEMPERATURE (F)
 YESTERDAY
  MAXIMUM         75    223 PM  89    1998  71      4       72
  MINIMUM         61   1144 PM  46    2000  57      4       56
                                      1978
  AVERAGE         68                        64      4       64

PRECIPITATION (IN)
  YESTERDAY        0.18          2.48 1985   0.13   0.05     0.00
  MONTH TO DATE    2.54                      3.10  -0.56     1.59
  SINCE SEP 1      2.54                      3.10  -0.56     1.59
  SINCE JAN 1     25.81                     32.06  -6.25    27.13

SNOWFALL (IN)
  YESTERDAY        0.0          MM      MM   0.0    0.0      0.0
  MONTH TO DATE    0.0                       0.0    0.0      0.0
  SINCE OCT 1     41.4                      23.8   17.6     44.2
  SINCE JUL 1      0.0                       0.0    0.0      0.0
  SNOW DEPTH       0

DEGREE DAYS
 HEATING
  YESTERDAY        0                         3     -3        1
  MONTH TO DATE    6                        26    -20        1
  SINCE SEP 1      6                        26    -20        1
  SINCE JUL 1      6                        27    -21        1

 COOLING
  YESTERDAY        3                         2      1        0
  MONTH TO DATE  205                       125     80      224
  SINCE SEP 1    205                       125     80      224
  SINCE JAN 1   1342                       986    356     1357
..................................................................


WIND (MPH)
  HIGHEST WIND SPEED    22   HIGHEST WIND DIRECTION     S (200)
  HIGHEST GUST SPEED    26   HIGHEST GUST DIRECTION     S (200)
  AVERAGE WIND SPEED     9.5


SKY COVER
  POSSIBLE SUNSHINE  MM
  AVERAGE SKY COVER 0.7


WEATHER CONDITIONS
 THE FOLLOWING WEATHER WAS RECORDED YESTERDAY.
  LIGHT RAIN


RELATIVE HUMIDITY (PERCENT)
 HIGHEST    87           600 AM
 LOWEST     49           200 PM
 AVERAGE    68

..........................................................


THE KENNEDY NY CLIMATE NORMALS FOR TODAY
                         NORMAL    RECORD    YEAR
 MAXIMUM TEMPERATURE (F)   71        82      1948
 MINIMUM TEMPERATURE (F)   56        44      1989


SUNRISE AND SUNSET
SEPTEMBER 28 2016.....SUNRISE   649 AM EDT   SUNSET   641 PM EDT
SEPTEMBER 29 2016.....SUNRISE   650 AM EDT   SUNSET   640 PM EDT


-  INDICATES NEGATIVE NUMBERS.
R  INDICATES RECORD WAS SET OR TIED.
MM INDICATES DATA IS MISSING.
T  INDICATES TRACE AMOUNT.




$$
