000
CDUS43 KJKL 280524
CLIJKL

CLIMATE REPORT
NATIONAL WEATHER SERVICE JACKSON KY
123 AM EDT TUE MAR 28 2017

...................................

...THE JACKSON KY CLIMATE SUMMARY FOR MARCH 27 2017...

CLIMATE NORMAL PERIOD 1981 TO 2010
CLIMATE RECORD PERIOD 1981 TO 2017


WEATHER ITEM   OBSERVED TIME   RECORD YEAR NORMAL DEPARTURE LAST
                VALUE   (LST)  VALUE       VALUE  FROM      YEAR
                                                  NORMAL
..................................................................
TEMPERATURE (F)
 YESTERDAY
  MAXIMUM         72   1210 PM  84    1998  62     10       74
                                      1989
  MINIMUM         54   1154 PM  23    2001  41     13       55
  AVERAGE         63                        51     12       65

PRECIPITATION (IN)
  YESTERDAY        0.70          2.36 1994   0.13   0.57     0.10
  MONTH TO DATE    3.78                      3.59   0.19     1.65
  SINCE MAR 1      3.78                      3.59   0.19     1.65
  SINCE JAN 1     11.35                     10.95   0.40    11.21

SNOWFALL (IN)
  YESTERDAY        0.0           0.1  2011   0.1   -0.1      0.0
  MONTH TO DATE    0.2                       2.7   -2.5      2.8
  SINCE MAR 1      0.2                       2.7   -2.5      2.8
  SINCE JUL 1      4.8                      22.3  -17.5     32.4
  SNOW DEPTH       0

DEGREE DAYS
 HEATING
  YESTERDAY        2                        14    -12        0
  MONTH TO DATE  490                       499     -9      308
  SINCE MAR 1    490                       499     -9      308
  SINCE JUL 1   2982                      3799   -817     3062

 COOLING
  YESTERDAY        0                         0      0        0
  MONTH TO DATE    5                         0      5        7
  SINCE MAR 1      5                         0      5        7
  SINCE JAN 1      7                         0      7        7
..................................................................


WIND (MPH)
  HIGHEST WIND SPEED    18   HIGHEST WIND DIRECTION     W (260)
  HIGHEST GUST SPEED    27   HIGHEST GUST DIRECTION     W (250)
  AVERAGE WIND SPEED     2.2


SKY COVER
  POSSIBLE SUNSHINE  MM
  AVERAGE SKY COVER 0.4


WEATHER CONDITIONS
 THE FOLLOWING WEATHER WAS RECORDED YESTERDAY.
  THUNDERSTORM
  HEAVY RAIN
  RAIN
  LIGHT RAIN
  FOG
  FOG W/VISIBILITY <= 1/4 MILE


RELATIVE HUMIDITY (PERCENT)
 HIGHEST   100          1000 PM
 LOWEST     66          1200 PM
 AVERAGE    83

..........................................................


THE JACKSON KY CLIMATE NORMALS FOR TODAY
                         NORMAL    RECORD    YEAR
 MAXIMUM TEMPERATURE (F)   62        87      1989
 MINIMUM TEMPERATURE (F)   41        21      1982


SUNRISE AND SUNSET
MARCH 28 2017.........SUNRISE   724 AM EDT   SUNSET   753 PM EDT
MARCH 29 2017.........SUNRISE   723 AM EDT   SUNSET   754 PM EDT


-  INDICATES NEGATIVE NUMBERS.
R  INDICATES RECORD WAS SET OR TIED.
MM INDICATES DATA IS MISSING.
T  INDICATES TRACE AMOUNT.




$$
