000
CDUS43 KJKL 310522
CLIJKL

CLIMATE REPORT
NATIONAL WEATHER SERVICE JACKSON KY
122 AM EDT MON AUG 31 2015

...................................

...THE JACKSON KY CLIMATE SUMMARY FOR AUGUST 30 2015...

CLIMATE NORMAL PERIOD 1981 TO 2010
CLIMATE RECORD PERIOD 1981 TO 2015

WEATHER ITEM   OBSERVED TIME   RECORD YEAR NORMAL DEPARTURE LAST
                VALUE   (LST)  VALUE       VALUE  FROM      YEAR
                                                  NORMAL
..................................................................
TEMPERATURE (F)
 YESTERDAY
  MAXIMUM         81    458 PM  95    1995  83     -2       89
  MINIMUM         65    623 AM  50    1986  63      2       70
  AVERAGE         73                        73      0       80

PRECIPITATION (IN)
  YESTERDAY        0.00          1.30 1985   0.10  -0.10     0.42
  MONTH TO DATE    5.02                      3.59   1.43     6.70
  SINCE JUN 1     21.31                     12.94   8.37    15.59
  SINCE JAN 1     45.78                     33.45  12.33    36.45

SNOWFALL (IN)
  YESTERDAY        0.0                       0.0    0.0      0.0
  MONTH TO DATE    0.0                       0.0    0.0      0.0
  SINCE JUN 1      0.0                       0.0    0.0      0.0
  SINCE JUL 1      0.0                       0.0    0.0      0.0
  SNOW DEPTH       0

DEGREE DAYS
 HEATING
  YESTERDAY        0                         0      0        0
  MONTH TO DATE    0                         0      0        0
  SINCE JUN 1      9                        12     -3        3
  SINCE JUL 1      0                         0      0        3

 COOLING
  YESTERDAY        8                         8      0       15
  MONTH TO DATE  238                       289    -51      267
  SINCE JUN 1    837                       833      4      803
  SINCE JAN 1   1041                       969     72      994
..................................................................

WIND (MPH)
  HIGHEST WIND SPEED     6   HIGHEST WIND DIRECTION     S (160)
  HIGHEST GUST SPEED     9   HIGHEST GUST DIRECTION     S (170)
  AVERAGE WIND SPEED     0.4

SKY COVER
  POSSIBLE SUNSHINE  MM
  AVERAGE SKY COVER 0.1

WEATHER CONDITIONS
 THE FOLLOWING WEATHER WAS RECORDED YESTERDAY.
  NO SIGNIFICANT WEATHER WAS OBSERVED.

RELATIVE HUMIDITY (PERCENT)
 HIGHEST    87           300 AM
 LOWEST     54           400 PM
 AVERAGE    71
..........................................................

THE JACKSON KY CLIMATE NORMALS FOR TODAY
                         NORMAL    RECORD    YEAR
 MAXIMUM TEMPERATURE (F)   83        99      1995
 MINIMUM TEMPERATURE (F)   63        52      2009

SUNRISE AND SUNSET
AUGUST 31 2015........SUNRISE   702 AM EDT   SUNSET   804 PM EDT
SEPTEMBER  1 2015.....SUNRISE   703 AM EDT   SUNSET   803 PM EDT

-  INDICATES NEGATIVE NUMBERS.
R  INDICATES RECORD WAS SET OR TIED.
MM INDICATES DATA IS MISSING.
T  INDICATES TRACE AMOUNT.

$$

GEOGERIAN
