000
CDUS43 KJKL 312027
CLIJKL

CLIMATE REPORT
NATIONAL WEATHER SERVICE JACKSON KY
428 PM EDT TUE MAY 31 2016

...................................

...THE JACKSON KY CLIMATE SUMMARY FOR MAY 31 2016...
VALID TODAY AS OF 0400 PM LOCAL TIME.

CLIMATE NORMAL PERIOD 1981 TO 2010
CLIMATE RECORD PERIOD 1981 TO 2016

WEATHER ITEM   OBSERVED TIME   RECORD YEAR NORMAL DEPARTURE LAST
                VALUE   (LST)  VALUE       VALUE  FROM      YEAR
                                                  NORMAL
..................................................................
TEMPERATURE (F)
 TODAY
  MAXIMUM         85    250 PM  91    2006  78      7       84
  MINIMUM         62    557 AM  42    1984  59      3       67
  AVERAGE         74                        68      6       76

PRECIPITATION (IN)
  TODAY            0.00          1.43 1982   0.18  -0.18      T
  MONTH TO DATE    7.04                      5.20   1.84     1.74
  SINCE MAR 1     13.24                     13.15   0.09    18.29
  SINCE JAN 1     22.80                     20.51   2.29    24.47

SNOWFALL (IN)
  TODAY            0.0                       0.0    0.0      0.0
  MONTH TO DATE    0.0                       T      0.0      0.0
  SINCE MAR 1      2.9                       3.9   -1.0      3.7
  SINCE JUL 1     32.5                      23.5    9.0     29.1
  SNOW DEPTH       0

DEGREE DAYS
 HEATING
  TODAY            0                         1     -1        0
  MONTH TO DATE  137                       100     37       44
  SINCE MAR 1    700                       922   -222      801
  SINCE JUL 1   3454                      4222   -768     4566

 COOLING
  TODAY            9                         5      4       11
  MONTH TO DATE   87                        90     -3      179
  SINCE MAR 1    141                       136      5      204
  SINCE JAN 1    141                       136      5      204
..................................................................

WIND (MPH)
  HIGHEST WIND SPEED     6   HIGHEST WIND DIRECTION     E (100)
  HIGHEST GUST SPEED     9   HIGHEST GUST DIRECTION    SE (150)
  AVERAGE WIND SPEED     0.5

SKY COVER
  POSSIBLE SUNSHINE  MM
  AVERAGE SKY COVER 0.0

WEATHER CONDITIONS
 THE FOLLOWING WEATHER WAS RECORDED TODAY.
  NO SIGNIFICANT WEATHER WAS OBSERVED.

RELATIVE HUMIDITY (PERCENT)
 HIGHEST    90           500 AM
 LOWEST     37           300 PM
 AVERAGE    64
..........................................................

THE JACKSON KY CLIMATE NORMALS FOR TOMORROW
                         NORMAL    RECORD    YEAR
 MAXIMUM TEMPERATURE (F)   78        88      2011
                                             2007
                                             1988
 MINIMUM TEMPERATURE (F)   59        44      1993

SUNRISE AND SUNSET
MAY 31 2016...........SUNRISE   614 AM EDT   SUNSET   849 PM EDT
JUNE  1 2016..........SUNRISE   613 AM EDT   SUNSET   849 PM EDT

-  INDICATES NEGATIVE NUMBERS.
R  INDICATES RECORD WAS SET OR TIED.
MM INDICATES DATA IS MISSING.
T  INDICATES TRACE AMOUNT.

$$

TAB
