000
CDUS43 KJKL 110611
CLIJKL

CLIMATE REPORT
NATIONAL WEATHER SERVICE JACKSON KY
111 AM EST THU FEB 11 2016

...................................

...THE JACKSON KY CLIMATE SUMMARY FOR FEBRUARY 10 2016...

CLIMATE NORMAL PERIOD 1981 TO 2010
CLIMATE RECORD PERIOD 1981 TO 2016

WEATHER ITEM   OBSERVED TIME   RECORD YEAR NORMAL DEPARTURE LAST
                VALUE   (LST)  VALUE       VALUE  FROM      YEAR
                                                  NORMAL
..................................................................
TEMPERATURE (F)
 YESTERDAY
  MAXIMUM         20    106 PM  67    2009  46    -26       29
                                      1993
  MINIMUM         13   1013 PM  11    1982  29    -16       24
  AVERAGE         17                        38    -21       27

PRECIPITATION (IN)
  YESTERDAY        T             0.80 1994   0.13  -0.13     0.01
  MONTH TO DATE    2.07                      1.33   0.74     0.60
  SINCE DEC 1     10.00                      9.12   0.88     5.21
  SINCE JAN 1      5.36                      4.94   0.42     2.72

SNOWFALL (IN)
  YESTERDAY        0.5           4.9  2010   0.2    0.3      0.1
  MONTH TO DATE    1.9                       2.8   -0.9      0.4
  SINCE DEC 1     23.3                      14.8    8.5      3.1
  SINCE JUL 1     23.3                      15.4    7.9      4.3
  SNOW DEPTH       1

DEGREE DAYS
 HEATING
  YESTERDAY       48                        27     21       38
  MONTH TO DATE  262                       283    -21      272
  SINCE DEC 1   1676                      2049   -373     1996
  SINCE JUL 1   2274                      2849   -575     2986

 COOLING
  YESTERDAY        0                         0      0        0
  MONTH TO DATE    0                         0      0        0
  SINCE DEC 1      2                         1      1        0
  SINCE JAN 1      0                         0      0        0
..................................................................

WIND (MPH)
  HIGHEST WIND SPEED    16   HIGHEST WIND DIRECTION     W (270)
  HIGHEST GUST SPEED    25   HIGHEST GUST DIRECTION     W (270)
  AVERAGE WIND SPEED     6.2

SKY COVER
  POSSIBLE SUNSHINE  MM
  AVERAGE SKY COVER 0.9

WEATHER CONDITIONS
 THE FOLLOWING WEATHER WAS RECORDED YESTERDAY.
  SNOW
  LIGHT SNOW

RELATIVE HUMIDITY (PERCENT)
 HIGHEST    74           200 AM
 LOWEST     56           600 PM
 AVERAGE    65
..........................................................

THE JACKSON KY CLIMATE NORMALS FOR TODAY
                         NORMAL    RECORD    YEAR
 MAXIMUM TEMPERATURE (F)   47        74      2009
                                             1999
 MINIMUM TEMPERATURE (F)   29         1      1981

SUNRISE AND SUNSET
FEBRUARY 11 2016......SUNRISE   728 AM EST   SUNSET   608 PM EST
FEBRUARY 12 2016......SUNRISE   727 AM EST   SUNSET   609 PM EST


-  INDICATES NEGATIVE NUMBERS.
R  INDICATES RECORD WAS SET OR TIED.
MM INDICATES DATA IS MISSING.
T  INDICATES TRACE AMOUNT.

$$
