000
CDUS43 KSGF 280635
CLIJLN


CLIMATE REPORT
NATIONAL WEATHER SERVICE SPRINGFIELD MO
133 AM CDT FRI APR 28 2017


...................................

...THE JOPLIN MO CLIMATE SUMMARY FOR APRIL 27 2017...

CLIMATE NORMAL PERIOD 1981 TO 2010
CLIMATE RECORD PERIOD 1902 TO 2017


WEATHER ITEM   OBSERVED TIME   RECORD YEAR NORMAL DEPARTURE LAST
                VALUE   (LST)  VALUE       VALUE  FROM      YEAR
                                                  NORMAL
..................................................................
TEMPERATURE (F)
 YESTERDAY
  MAXIMUM         66    426 PM  88    1989  73     -7       74
  MINIMUM         37    547 AM  34    1988  51    -14       52
  AVERAGE         52                        62    -10       63

PRECIPITATION (IN)
  YESTERDAY        0.01          0.87 1990   0.17  -0.16     0.45
  MONTH TO DATE    6.16                      3.91   2.25     2.79
  SINCE MAR 1      8.86                      7.33   1.53     5.36
  SINCE JAN 1     12.85                     11.68   1.17     6.03

DEGREE DAYS
 HEATING
  YESTERDAY       13                         5      8        2
  MONTH TO DATE  157                       227    -70      140
  SINCE MAR 1    537                       735   -198      502
  SINCE JUL 1   3089                      3989   -900     3252

 COOLING
  YESTERDAY        0                         2     -2        0
  MONTH TO DATE   47                        38      9       19
  SINCE MAR 1     64                        47     17       22
  SINCE JAN 1     74                        48     26       23
..................................................................


WIND (MPH)
  HIGHEST WIND SPEED    18   HIGHEST WIND DIRECTION    SE (150)
  HIGHEST GUST SPEED    26   HIGHEST GUST DIRECTION    SE (150)
  AVERAGE WIND SPEED     5.0


SKY COVER
  AVERAGE SKY COVER 0.2


WEATHER CONDITIONS
 THE FOLLOWING WEATHER WAS RECORDED YESTERDAY.
  LIGHT RAIN
  FOG


RELATIVE HUMIDITY (PERCENT)
 HIGHEST   100           300 AM
 LOWEST     44           200 PM
 AVERAGE    72

..........................................................


THE JOPLIN MO CLIMATE NORMALS FOR TODAY
                         NORMAL    RECORD    YEAR
 MAXIMUM TEMPERATURE (F)   74        86      1970
 MINIMUM TEMPERATURE (F)   51        34      1979


SUNRISE AND SUNSET
APRIL 28 2017.........SUNRISE   627 AM CDT   SUNSET   805 PM CDT
APRIL 29 2017.........SUNRISE   625 AM CDT   SUNSET   806 PM CDT


-  INDICATES NEGATIVE NUMBERS.
R  INDICATES RECORD WAS SET OR TIED.
MM INDICATES DATA IS MISSING.
T  INDICATES TRACE AMOUNT.




$$
