000
CDUS43 KSGF 190627
CLIJLN


CLIMATE REPORT
NATIONAL WEATHER SERVICE SPRINGFIELD MO
126 AM CDT THU OCT 19 2017


...................................

...THE JOPLIN MO CLIMATE SUMMARY FOR OCTOBER 18 2017...

CLIMATE NORMAL PERIOD 1981 TO 2010
CLIMATE RECORD PERIOD 1902 TO 2017


WEATHER ITEM   OBSERVED TIME   RECORD YEAR NORMAL DEPARTURE LAST
                VALUE   (LST)  VALUE       VALUE  FROM      YEAR
                                                  NORMAL
..................................................................
TEMPERATURE (F)
 YESTERDAY
  MAXIMUM         77    148 PM  90    2005  71      6       82
  MINIMUM         48    526 AM  28    1948  48      0       65
  AVERAGE         63                        59      4       74

PRECIPITATION (IN)
  YESTERDAY        0.00          1.80 1985   0.13  -0.13     0.00
  MONTH TO DATE    2.80                      2.34   0.46     4.08
  SINCE SEP 1      4.29                      7.29  -3.00     6.82
  SINCE JAN 1     42.97                     38.26   4.71    36.60

DEGREE DAYS
 HEATING
  YESTERDAY        2                         7     -5        0
  MONTH TO DATE   57                        97    -40       51
  SINCE SEP 1     64                       138    -74       68
  SINCE JUL 1     64                       139    -75       68

 COOLING
  YESTERDAY        0                         1     -1        9
  MONTH TO DATE   88                        36     52       75
  SINCE SEP 1    310                       251     59      332
  SINCE JAN 1   1742                      1678     64     1819
..................................................................


WIND (MPH)
  HIGHEST WIND SPEED    23   HIGHEST WIND DIRECTION     S (200)
  HIGHEST GUST SPEED    29   HIGHEST GUST DIRECTION     S (200)
  AVERAGE WIND SPEED    11.5


SKY COVER
  AVERAGE SKY COVER 0.0


WEATHER CONDITIONS
 THE FOLLOWING WEATHER WAS RECORDED YESTERDAY.
  NO SIGNIFICANT WEATHER WAS OBSERVED.


RELATIVE HUMIDITY (PERCENT)
 HIGHEST    86           200 AM
 LOWEST     38           200 PM
 AVERAGE    62

..........................................................


THE JOPLIN MO CLIMATE NORMALS FOR TODAY
                         NORMAL    RECORD    YEAR
 MAXIMUM TEMPERATURE (F)   71        93      2005
 MINIMUM TEMPERATURE (F)   47        27      1989


SUNRISE AND SUNSET
OCTOBER 19 2017.......SUNRISE   730 AM CDT   SUNSET   635 PM CDT
OCTOBER 20 2017.......SUNRISE   731 AM CDT   SUNSET   634 PM CDT


-  INDICATES NEGATIVE NUMBERS.
R  INDICATES RECORD WAS SET OR TIED.
MM INDICATES DATA IS MISSING.
T  INDICATES TRACE AMOUNT.




$$
