000
CDUS43 KSGF 040626
CLIJLN


CLIMATE REPORT
NATIONAL WEATHER SERVICE SPRINGFIELD MO
126 AM CDT SAT JUL 4 2015


...................................

...THE JOPLIN MO CLIMATE SUMMARY FOR JULY 3 2015...

CLIMATE NORMAL PERIOD 1981 TO 2010
CLIMATE RECORD PERIOD 1902 TO 2015


WEATHER ITEM   OBSERVED TIME   RECORD YEAR NORMAL DEPARTURE LAST
                VALUE   (LST)  VALUE       VALUE  FROM      YEAR
                                                  NORMAL
..................................................................
TEMPERATURE (F)
 YESTERDAY
  MAXIMUM         84   1227 PM 100    2011  90     -6       80
                                      1980
  MINIMUM         67    501 AM  50    2014  69     -2       50
  AVERAGE         76                        79     -3       65

PRECIPITATION (IN)
  YESTERDAY        0.14          6.85 1976   0.14   0.00     0.00
  MONTH TO DATE    0.14                      0.43  -0.29      T
  SINCE JUN 1      7.81                      6.29   1.52     3.93
  SINCE JAN 1     25.52                     24.24   1.28    12.68

DEGREE DAYS
 HEATING
  YESTERDAY        0                         0      0        0
  MONTH TO DATE    0                         0      0        0
  SINCE JUN 1      0                         5     -5        2
  SINCE JUL 1      0                         0      0        0

 COOLING
  YESTERDAY       11                        14     -3        0
  MONTH TO DATE   42                        42      0       17
  SINCE JUN 1    427                       360     67      320
  SINCE JAN 1    571                       540     31      533
..................................................................


WIND (MPH)
  HIGHEST WIND SPEED    15   HIGHEST WIND DIRECTION    NE (40)
  HIGHEST GUST SPEED    21   HIGHEST GUST DIRECTION    NE (40)
  AVERAGE WIND SPEED     4.3


SKY COVER
  AVERAGE SKY COVER 0.5


WEATHER CONDITIONS
 THE FOLLOWING WEATHER WAS RECORDED YESTERDAY.
  THUNDERSTORM
  HEAVY RAIN
  RAIN
  FOG


RELATIVE HUMIDITY (PERCENT)
 HIGHEST   100           500 AM
 LOWEST     65          1200 PM
 AVERAGE    83

..........................................................


THE JOPLIN MO CLIMATE NORMALS FOR TODAY
                         NORMAL    RECORD    YEAR
 MAXIMUM TEMPERATURE (F)   90       102      1954
 MINIMUM TEMPERATURE (F)   69        56      1968


SUNRISE AND SUNSET
JULY  4 2015..........SUNRISE   603 AM CDT   SUNSET   842 PM CDT
JULY  5 2015..........SUNRISE   603 AM CDT   SUNSET   841 PM CDT


-  INDICATES NEGATIVE NUMBERS.
R  INDICATES RECORD WAS SET OR TIED.
MM INDICATES DATA IS MISSING.
T  INDICATES TRACE AMOUNT.




$$
