000
CDUS43 KSGF 280628
CLIJLN


CLIMATE REPORT
NATIONAL WEATHER SERVICE SPRINGFIELD MO
128 AM CDT WED SEP 28 2016


...................................

...THE JOPLIN MO CLIMATE SUMMARY FOR SEPTEMBER 27 2016...

CLIMATE NORMAL PERIOD 1981 TO 2010
CLIMATE RECORD PERIOD 1902 TO 2016


WEATHER ITEM   OBSERVED TIME   RECORD YEAR NORMAL DEPARTURE LAST
                VALUE   (LST)  VALUE       VALUE  FROM      YEAR
                                                  NORMAL
..................................................................
TEMPERATURE (F)
 YESTERDAY
  MAXIMUM         80    409 PM  95    1953  78      2       82
  MINIMUM         47    559 AM  41    1967  54     -7       59
                                      1985
                                      1989
  AVERAGE         64                        66     -2       71

PRECIPITATION (IN)
  YESTERDAY        0.00          2.46 1959   0.17  -0.17     0.00
  MONTH TO DATE    2.74                      4.48  -1.74     1.12
  SINCE SEP 1      2.74                      4.48  -1.74     1.12
  SINCE JAN 1     32.52                     35.45  -2.93    39.82

DEGREE DAYS
 HEATING
  YESTERDAY        1                         3     -2        0
  MONTH TO DATE    4                        28    -24        5
  SINCE SEP 1      4                        28    -24        5
  SINCE JUL 1      4                        29    -25        6

 COOLING
  YESTERDAY        0                         4     -4        6
  MONTH TO DATE  257                       203     54      253
  SINCE SEP 1    257                       203     54      253
  SINCE JAN 1   1744                      1630    114     1639
..................................................................


WIND (MPH)
  HIGHEST WIND SPEED    15   HIGHEST WIND DIRECTION    SW (240)
  HIGHEST GUST SPEED    21   HIGHEST GUST DIRECTION    SW (220)
  AVERAGE WIND SPEED     8.1


SKY COVER
  AVERAGE SKY COVER 0.0


WEATHER CONDITIONS
 THE FOLLOWING WEATHER WAS RECORDED YESTERDAY.
  FOG
  HAZE


RELATIVE HUMIDITY (PERCENT)
 HIGHEST    89           700 AM
 LOWEST     33           400 PM
 AVERAGE    61

..........................................................


THE JOPLIN MO CLIMATE NORMALS FOR TODAY
                         NORMAL    RECORD    YEAR
 MAXIMUM TEMPERATURE (F)   77       104      1953
 MINIMUM TEMPERATURE (F)   54        37      1967


SUNRISE AND SUNSET
SEPTEMBER 28 2016.....SUNRISE   711 AM CDT   SUNSET   705 PM CDT
SEPTEMBER 29 2016.....SUNRISE   712 AM CDT   SUNSET   703 PM CDT


-  INDICATES NEGATIVE NUMBERS.
R  INDICATES RECORD WAS SET OR TIED.
MM INDICATES DATA IS MISSING.
T  INDICATES TRACE AMOUNT.




$$
