000
CDUS43 KBIS 270727
CLIJMS


CLIMATE REPORT
NATIONAL WEATHER SERVICE BISMARCK ND
125 AM CST TUE JAN 27 2015


...................................

...THE JAMESTOWN ND CLIMATE SUMMARY FOR JANUARY 26 2015...

CLIMATE NORMAL PERIOD 1981 TO 2010
CLIMATE RECORD PERIOD 1891 TO 2015


WEATHER ITEM   OBSERVED TIME   RECORD YEAR NORMAL DEPARTURE LAST
                VALUE   (LST)  VALUE       VALUE  FROM      YEAR
                                                  NORMAL
..................................................................
TEMPERATURE (F)
 YESTERDAY
  MAXIMUM         41    308 PM  52    1990  20     21       24
  MINIMUM         25   1122 PM -37    1918   0     25      -11
  AVERAGE         33                        10     23        7

PRECIPITATION (IN)
  YESTERDAY        0.00          0.38 1999   0.01  -0.01      T
  MONTH TO DATE    0.27                      0.39  -0.12     0.29
  SINCE DEC 1      0.30                      0.79  -0.49     0.55
  SINCE JAN 1      0.27                      0.39  -0.12     0.29

DEGREE DAYS
 HEATING
  YESTERDAY       32                        55    -23       58
  MONTH TO DATE 1297                      1428   -131     1423
  SINCE DEC 1   2760                      3004   -244     3285
  SINCE JUL 1   4923                      5088   -165     5293

 COOLING
  YESTERDAY        0                         0      0        0
  MONTH TO DATE    0                         0      0        0
  SINCE DEC 1      0                         0      0        0
  SINCE JAN 1      0                         0      0        0
..................................................................


WIND (MPH)
  HIGHEST WIND SPEED    24   HIGHEST WIND DIRECTION    NW (330)
  HIGHEST GUST SPEED    32   HIGHEST GUST DIRECTION    NW (320)
  AVERAGE WIND SPEED    12.9


SKY COVER
  POSSIBLE SUNSHINE  MM
  AVERAGE SKY COVER 0.2


WEATHER CONDITIONS
 THE FOLLOWING WEATHER WAS RECORDED YESTERDAY.
  NO SIGNIFICANT WEATHER WAS OBSERVED.


RELATIVE HUMIDITY (PERCENT)
 HIGHEST   100          1100 PM
 LOWEST     70           100 AM
 AVERAGE    85

..........................................................


THE JAMESTOWN ND CLIMATE NORMALS FOR TODAY
                         NORMAL    RECORD    YEAR
 MAXIMUM TEMPERATURE (F)   21        47      1989
 MINIMUM TEMPERATURE (F)    0       -36      1918


SUNRISE AND SUNSET
JANUARY 27 2015.......SUNRISE   805 AM CST   SUNSET   530 PM CST
JANUARY 28 2015.......SUNRISE   804 AM CST   SUNSET   531 PM CST


-  INDICATES NEGATIVE NUMBERS.
R  INDICATES RECORD WAS SET OR TIED.
MM INDICATES DATA IS MISSING.
T  INDICATES TRACE AMOUNT.




$$
