469
CDUS43 KBIS 100739
CLIJMS


CLIMATE REPORT
NATIONAL WEATHER SERVICE BISMARCK ND
139 AM CST WED FEB 10 2016


...................................

...THE JAMESTOWN ND CLIMATE SUMMARY FOR FEBRUARY 9 2016...

CLIMATE NORMAL PERIOD 1981 TO 2010
CLIMATE RECORD PERIOD 1891 TO 2016


WEATHER ITEM   OBSERVED TIME   RECORD YEAR NORMAL DEPARTURE LAST
                VALUE   (LST)  VALUE       VALUE  FROM      YEAR
                                                  NORMAL
..................................................................
TEMPERATURE (F)
 YESTERDAY
  MAXIMUM         25    230 PM  50    1924  23      2       21
  MINIMUM          7    140 AM -36    1899   3      4       13
  AVERAGE         16                        13      3       17

PRECIPITATION (IN)
  YESTERDAY        T             0.39 2009   0.01  -0.01     0.00
  MONTH TO DATE    0.01                      0.09  -0.08     0.03
  SINCE DEC 1      0.15                      0.94  -0.79     0.33
  SINCE JAN 1      0.01                      0.54  -0.53     0.30

DEGREE DAYS
 HEATING
  YESTERDAY       49                        52     -3       48
  MONTH TO DATE  369                       476   -107      483
  SINCE DEC 1   3287                      3754   -467     3445
  SINCE JUL 1   4935                      5838   -903     5608

 COOLING
  YESTERDAY        0                         0      0        0
  MONTH TO DATE    0                         0      0        0
  SINCE DEC 1      0                         0      0        0
  SINCE JAN 1      0                         0      0        0
..................................................................


WIND (MPH)
  HIGHEST WIND SPEED    14   HIGHEST WIND DIRECTION     E (90)
  HIGHEST GUST SPEED    16   HIGHEST GUST DIRECTION     E (80)
  AVERAGE WIND SPEED     7.7


SKY COVER
  POSSIBLE SUNSHINE  MM
  AVERAGE SKY COVER 0.8


WEATHER CONDITIONS
 THE FOLLOWING WEATHER WAS RECORDED YESTERDAY.
  LIGHT SNOW


RELATIVE HUMIDITY (PERCENT)
 HIGHEST    84           500 AM
 LOWEST     50           300 PM
 AVERAGE    67

..........................................................


THE JAMESTOWN ND CLIMATE NORMALS FOR TODAY
                         NORMAL    RECORD    YEAR
 MAXIMUM TEMPERATURE (F)   23        45      1918
 MINIMUM TEMPERATURE (F)    3       -34      1899


SUNRISE AND SUNSET
FEBRUARY 10 2016......SUNRISE   747 AM CST   SUNSET   551 PM CST
FEBRUARY 11 2016......SUNRISE   746 AM CST   SUNSET   552 PM CST


-  INDICATES NEGATIVE NUMBERS.
R  INDICATES RECORD WAS SET OR TIED.
MM INDICATES DATA IS MISSING.
T  INDICATES TRACE AMOUNT.




$$
