000
CDUS43 KBIS 300726
CLIJMS


CLIMATE REPORT
NATIONAL WEATHER SERVICE BISMARCK ND
226 AM CDT MON MAR 30 2015


...................................

...THE JAMESTOWN ND CLIMATE SUMMARY FOR MARCH 29 2015...

CLIMATE NORMAL PERIOD 1981 TO 2010
CLIMATE RECORD PERIOD 1891 TO 2015


WEATHER ITEM   OBSERVED TIME   RECORD YEAR NORMAL DEPARTURE LAST
                VALUE   (LST)  VALUE       VALUE  FROM      YEAR
                                                  NORMAL
..................................................................
TEMPERATURE (F)
 YESTERDAY
  MAXIMUM         58    329 PM  73    1986  44     14       56
  MINIMUM         34   1156 PM -16    1969  23     11       20
  AVERAGE         46                        34     12       38

PRECIPITATION (IN)
  YESTERDAY        0.28          0.70 1989   0.03   0.25     0.00
  MONTH TO DATE    0.61                      0.77  -0.16     0.03
  SINCE MAR 1      0.61                      0.77  -0.16     0.03
  SINCE JAN 1      1.03                      1.62  -0.59     0.42

DEGREE DAYS
 HEATING
  YESTERDAY       19                        31    -12       27
  MONTH TO DATE  960                      1101   -141     1201
  SINCE MAR 1    960                      1101   -141     1201
  SINCE JUL 1   7697                      7860   -163     8469

 COOLING
  YESTERDAY        0                         0      0        0
  MONTH TO DATE    0                         0      0        0
  SINCE MAR 1      0                         0      0        0
  SINCE JAN 1      0                         0      0        0
..................................................................


WIND (MPH)
  HIGHEST WIND SPEED    36   HIGHEST WIND DIRECTION    NW (330)
  HIGHEST GUST SPEED    45   HIGHEST GUST DIRECTION    NW (320)
  AVERAGE WIND SPEED    19.7


SKY COVER
  POSSIBLE SUNSHINE  MM
  AVERAGE SKY COVER 0.4


WEATHER CONDITIONS
 THE FOLLOWING WEATHER WAS RECORDED YESTERDAY.
  HEAVY RAIN
  RAIN
  LIGHT RAIN
  FOG


RELATIVE HUMIDITY (PERCENT)
 HIGHEST   100           500 AM
 LOWEST     29           200 PM
 AVERAGE    65

..........................................................


THE JAMESTOWN ND CLIMATE NORMALS FOR TODAY
                         NORMAL    RECORD    YEAR
 MAXIMUM TEMPERATURE (F)   45        74      2010
 MINIMUM TEMPERATURE (F)   24       -12      1969


SUNRISE AND SUNSET
MARCH 30 2015.........SUNRISE   718 AM CDT   SUNSET   801 PM CDT
MARCH 31 2015.........SUNRISE   716 AM CDT   SUNSET   802 PM CDT


-  INDICATES NEGATIVE NUMBERS.
R  INDICATES RECORD WAS SET OR TIED.
MM INDICATES DATA IS MISSING.
T  INDICATES TRACE AMOUNT.




$$
