000
CDUS43 KBIS 290743
CLIJMS


CLIMATE REPORT
NATIONAL WEATHER SERVICE BISMARCK ND
242 AM CDT WED JUL 29 2015


...................................

...THE JAMESTOWN ND CLIMATE SUMMARY FOR JULY 28 2015...

CLIMATE NORMAL PERIOD 1981 TO 2010
CLIMATE RECORD PERIOD 1891 TO 2015


WEATHER ITEM   OBSERVED TIME   RECORD YEAR NORMAL DEPARTURE LAST
                VALUE   (LST)  VALUE       VALUE  FROM      YEAR
                                                  NORMAL
..................................................................
TEMPERATURE (F)
 YESTERDAY
  MAXIMUM         77   1253 AM 112    1917  84     -7       72
  MINIMUM         63   1159 PM  42    1934  58      5       54
  AVERAGE         70                        71     -1       63

PRECIPITATION (IN)
  YESTERDAY        0.22          1.24 1946   0.08   0.14     0.00
  MONTH TO DATE    2.96                      3.11  -0.15     0.82
  SINCE JUN 1      8.62                      6.30   2.32     7.18
  SINCE JAN 1     18.78                     11.85   6.93    15.62

DEGREE DAYS
 HEATING
  YESTERDAY        0                         0      0        2
  MONTH TO DATE    9                        19    -10       28
  SINCE JUN 1     51                       116    -65       87
  SINCE JUL 1      9                        19    -10       28

 COOLING
  YESTERDAY        5                         6     -1        0
  MONTH TO DATE  178                       157     21      112
  SINCE JUN 1    280                       237     43      168
  SINCE JAN 1    288                       257     31      222
..................................................................


WIND (MPH)
  HIGHEST WIND SPEED    41   HIGHEST WIND DIRECTION     W (260)
  HIGHEST GUST SPEED    56   HIGHEST GUST DIRECTION     W (260)
  AVERAGE WIND SPEED    22.7


SKY COVER
  POSSIBLE SUNSHINE  MM
  AVERAGE SKY COVER 0.4


WEATHER CONDITIONS
 THE FOLLOWING WEATHER WAS RECORDED YESTERDAY.
  THUNDERSTORM
  HEAVY RAIN
  LIGHT RAIN
  FOG


RELATIVE HUMIDITY (PERCENT)
 HIGHEST    94          1200 AM
 LOWEST     41           600 PM
 AVERAGE    68

..........................................................


THE JAMESTOWN ND CLIMATE NORMALS FOR TODAY
                         NORMAL    RECORD    YEAR
 MAXIMUM TEMPERATURE (F)   84       103      1939
 MINIMUM TEMPERATURE (F)   58        40      1899


SUNRISE AND SUNSET
JULY 29 2015..........SUNRISE   610 AM CDT   SUNSET   911 PM CDT
JULY 30 2015..........SUNRISE   612 AM CDT   SUNSET   910 PM CDT


-  INDICATES NEGATIVE NUMBERS.
R  INDICATES RECORD WAS SET OR TIED.
MM INDICATES DATA IS MISSING.
T  INDICATES TRACE AMOUNT.




$$
