000
CDUS43 KBIS 220753
CLIJMS


CLIMATE REPORT
NATIONAL WEATHER SERVICE BISMARCK ND
153 AM CST WED NOV 22 2017


...................................

...THE JAMESTOWN ND CLIMATE SUMMARY FOR NOVEMBER 21 2017...

CLIMATE NORMAL PERIOD 1981 TO 2010
CLIMATE RECORD PERIOD 1891 TO 2017


WEATHER ITEM   OBSERVED TIME   RECORD YEAR NORMAL DEPARTURE LAST
                VALUE   (LST)  VALUE       VALUE  FROM      YEAR
                                                  NORMAL
..................................................................
TEMPERATURE (F)
 YESTERDAY
  MAXIMUM         19    303 PM  64    2006  34    -15       38
  MINIMUM          7   1159 PM -12    1896  15     -8       18
  AVERAGE         13                        24    -11       28

PRECIPITATION (IN)
  YESTERDAY        T             0.90 1930   0.02  -0.02     0.06
  MONTH TO DATE    0.13                      0.49  -0.36     0.06
  SINCE SEP 1      3.04                      4.04  -1.00     5.12
  SINCE JAN 1     12.35                     18.23  -5.88    23.87

DEGREE DAYS
 HEATING
  YESTERDAY       52                        41     11       37
  MONTH TO DATE  877                       727    150      479
  SINCE SEP 1   1668                      1628     40     1248
  SINCE JUL 1   1702                      1694      8     1281

 COOLING
  YESTERDAY        0                         0      0        0
  MONTH TO DATE    0                         0      0        0
  SINCE SEP 1     35                        31      4       26
  SINCE JAN 1    397                       446    -49      419
..................................................................


WIND (MPH)
  HIGHEST WIND SPEED    35   HIGHEST WIND DIRECTION    NW (310)
  HIGHEST GUST SPEED    43   HIGHEST GUST DIRECTION    NW (320)
  AVERAGE WIND SPEED    16.8


SKY COVER
  POSSIBLE SUNSHINE  MM
  AVERAGE SKY COVER 0.3


WEATHER CONDITIONS
 THE FOLLOWING WEATHER WAS RECORDED YESTERDAY.
  LIGHT SNOW


RELATIVE HUMIDITY (PERCENT)
 HIGHEST    88           800 PM
 LOWEST     61          1200 PM
 AVERAGE    75

..........................................................


THE JAMESTOWN ND CLIMATE NORMALS FOR TODAY
                         NORMAL    RECORD    YEAR
 MAXIMUM TEMPERATURE (F)   33        64      1939
 MINIMUM TEMPERATURE (F)   15       -14      1896


SUNRISE AND SUNSET
NOVEMBER 22 2017......SUNRISE   748 AM CST   SUNSET   453 PM CST
NOVEMBER 23 2017......SUNRISE   749 AM CST   SUNSET   453 PM CST


-  INDICATES NEGATIVE NUMBERS.
R  INDICATES RECORD WAS SET OR TIED.
MM INDICATES DATA IS MISSING.
T  INDICATES TRACE AMOUNT.




$$
