000
CDUS43 KBIS 190805
CLIJMS


CLIMATE REPORT
NATIONAL WEATHER SERVICE BISMARCK ND
205 AM CST MON FEB 19 2018


...................................

...THE JAMESTOWN ND CLIMATE SUMMARY FOR FEBRUARY 18 2018...

CLIMATE NORMAL PERIOD 1981 TO 2010
CLIMATE RECORD PERIOD 1891 TO 2018


WEATHER ITEM   OBSERVED TIME   RECORD YEAR NORMAL DEPARTURE LAST
                VALUE   (LST)  VALUE       VALUE  FROM      YEAR
                                                  NORMAL
..................................................................
TEMPERATURE (F)
 YESTERDAY
  MAXIMUM         15    210 PM  54    1954  26    -11       43
  MINIMUM          8   1159 PM -31    1910   7      1       33
  AVERAGE         12                        16     -4       38

PRECIPITATION (IN)
  YESTERDAY        T             0.31 1998   0.01  -0.01     0.00
  MONTH TO DATE    T                         0.21  -0.21      T
  SINCE DEC 1      0.13                      1.06  -0.93     1.51
  SINCE JAN 1      0.01                      0.66  -0.65     0.22

DEGREE DAYS
 HEATING
  YESTERDAY       53                        49      4       27
  MONTH TO DATE 1075                       929    146      824
  SINCE DEC 1   4221                      4207     14     4075
  SINCE JUL 1   6191                      6291   -100     5636

 COOLING
  YESTERDAY        0                         0      0        0
  MONTH TO DATE    0                         0      0        0
  SINCE DEC 1      0                         0      0        0
  SINCE JAN 1      0                         0      0        0
..................................................................


WIND (MPH)
  HIGHEST WIND SPEED    32   HIGHEST WIND DIRECTION     N (20)
  HIGHEST GUST SPEED    37   HIGHEST GUST DIRECTION     N (20)
  AVERAGE WIND SPEED    19.1


SKY COVER
  POSSIBLE SUNSHINE  MM
  AVERAGE SKY COVER 0.9


WEATHER CONDITIONS
 THE FOLLOWING WEATHER WAS RECORDED YESTERDAY.
  LIGHT SNOW
  FOG
  HAZE
  BLOWING SNOW


RELATIVE HUMIDITY (PERCENT)
 HIGHEST    92           600 AM
 LOWEST     69          1100 PM
 AVERAGE    81

..........................................................


THE JAMESTOWN ND CLIMATE NORMALS FOR TODAY
                         NORMAL    RECORD    YEAR
 MAXIMUM TEMPERATURE (F)   26        52      1981
 MINIMUM TEMPERATURE (F)    7       -36      1929


SUNRISE AND SUNSET
FEBRUARY 19 2018......SUNRISE   732 AM CST   SUNSET   605 PM CST
FEBRUARY 20 2018......SUNRISE   730 AM CST   SUNSET   607 PM CST


-  INDICATES NEGATIVE NUMBERS.
R  INDICATES RECORD WAS SET OR TIED.
MM INDICATES DATA IS MISSING.
T  INDICATES TRACE AMOUNT.




$$
