000
CDUS43 KBIS 060925
CLIJMS


CLIMATE REPORT
NATIONAL WEATHER SERVICE BISMARCK ND
424 AM CDT FRI MAY 6 2016


...................................

...THE JAMESTOWN ND CLIMATE SUMMARY FOR MAY 5 2016...

CLIMATE NORMAL PERIOD 1981 TO 2010
CLIMATE RECORD PERIOD 1891 TO 2016


WEATHER ITEM   OBSERVED TIME   RECORD YEAR NORMAL DEPARTURE LAST
                VALUE   (LST)  VALUE       VALUE  FROM      YEAR
                                                  NORMAL
..................................................................
TEMPERATURE (F)
 YESTERDAY
  MAXIMUM         88    419 PM  96    1926  65     23       78
  MINIMUM         50    304 AM  19    1944  38     12       43
  AVERAGE         69                        51     18       61

PRECIPITATION (IN)
  YESTERDAY        0.00          2.06 1999   0.07  -0.07     0.00
  MONTH TO DATE    0.03                      0.36  -0.33      T
  SINCE MAR 1      2.96                      2.40   0.56     0.99
  SINCE JAN 1      3.07                      3.25  -0.18     1.41

DEGREE DAYS
 HEATING
  YESTERDAY        0                        14    -14        4
  MONTH TO DATE   55                        73    -18       39
  SINCE MAR 1   1600                      1908   -308     1626
  SINCE JUL 1   7342                      8667  -1325     8363

 COOLING
  YESTERDAY        4                         0      4        0
  MONTH TO DATE    4                         0      4        0
  SINCE MAR 1      4                         2      2        0
  SINCE JAN 1      4                         2      2        0
..................................................................


WIND (MPH)
  HIGHEST WIND SPEED    22   HIGHEST WIND DIRECTION    SW (220)
  HIGHEST GUST SPEED    31   HIGHEST GUST DIRECTION    SW (220)
  AVERAGE WIND SPEED    11.5


SKY COVER
  POSSIBLE SUNSHINE  MM
  AVERAGE SKY COVER 0.0


WEATHER CONDITIONS
 THE FOLLOWING WEATHER WAS RECORDED YESTERDAY.
  NO SIGNIFICANT WEATHER WAS OBSERVED.


RELATIVE HUMIDITY (PERCENT)
 HIGHEST    71           300 AM
 LOWEST     18           100 PM
 AVERAGE    45

..........................................................


THE JAMESTOWN ND CLIMATE NORMALS FOR TODAY
                         NORMAL    RECORD    YEAR
 MAXIMUM TEMPERATURE (F)   65        89      1934
                                             1926
 MINIMUM TEMPERATURE (F)   39        20      1929


SUNRISE AND SUNSET
MAY  6 2016...........SUNRISE   611 AM CDT   SUNSET   852 PM CDT
MAY  7 2016...........SUNRISE   609 AM CDT   SUNSET   854 PM CDT


-  INDICATES NEGATIVE NUMBERS.
R  INDICATES RECORD WAS SET OR TIED.
MM INDICATES DATA IS MISSING.
T  INDICATES TRACE AMOUNT.




$$
