000
CDUS43 KBIS 292251
CLIJMS


CLIMATE REPORT
NATIONAL WEATHER SERVICE BISMARCK ND
524 PM CDT MON MAY 29 2017


...................................

...THE JAMESTOWN ND CLIMATE SUMMARY FOR MAY 29 2017...
VALID TODAY AS OF 0500 PM LOCAL TIME.

CLIMATE NORMAL PERIOD 1981 TO 2010
CLIMATE RECORD PERIOD 1891 TO 2017


WEATHER ITEM   OBSERVED TIME   RECORD YEAR NORMAL DEPARTURE LAST
                VALUE   (LST)  VALUE       VALUE  FROM      YEAR
                                                  NORMAL
..................................................................
TEMPERATURE (F)
 TODAY
  MAXIMUM         59    324 PM 107    1934  72    -13       76
  MINIMUM         50    917 AM  28    1947  47      3       52
  AVERAGE         55                        60     -5       64

PRECIPITATION (IN)
  TODAY            0.03          2.72 1953   0.10  -0.07     0.00
  MONTH TO DATE    0.89                      2.46  -1.57     1.69
  SINCE MAR 1      2.37                      4.50  -2.13     4.62
  SINCE JAN 1      2.79                      5.35  -2.56     4.73

DEGREE DAYS
 HEATING
  TODAY           10                         7      3        1
  MONTH TO DATE  284                       311    -27      247
  SINCE MAR 1   2089                      2146    -57     1792
  SINCE JUL 1   8098                      8905   -807     7534

 COOLING
  TODAY            0                         1     -1        0
  MONTH TO DATE    0                        18    -18       12
  SINCE MAR 1      0                        20    -20       12
  SINCE JAN 1      0                        20    -20       12
..................................................................


WIND (MPH)
  RESULTANT WIND SPEED  17   RESULTANT WIND DIRECTION  NW (320)
  HIGHEST WIND SPEED    28   HIGHEST WIND DIRECTION    NW (310)
  HIGHEST GUST SPEED    34   HIGHEST GUST DIRECTION    NW (310)
  AVERAGE WIND SPEED    16.9


SKY COVER
  POSSIBLE SUNSHINE  MM
  AVERAGE SKY COVER 1.0


WEATHER CONDITIONS
 THE FOLLOWING WEATHER WAS RECORDED TODAY.
  LIGHT RAIN
  FOG


RELATIVE HUMIDITY (PERCENT)
 HIGHEST    86           300 AM
 LOWEST     57           400 PM
 AVERAGE    72

..........................................................


THE JAMESTOWN ND CLIMATE NORMALS FOR TOMORROW
                         NORMAL    RECORD    YEAR
 MAXIMUM TEMPERATURE (F)   72       101      1939
 MINIMUM TEMPERATURE (F)   48        24      1947


SUNRISE AND SUNSET
MAY 29 2017...........SUNRISE   546 AM CDT   SUNSET   919 PM CDT
MAY 30 2017...........SUNRISE   545 AM CDT   SUNSET   920 PM CDT


-  INDICATES NEGATIVE NUMBERS.
R  INDICATES RECORD WAS SET OR TIED.
MM INDICATES DATA IS MISSING.
T  INDICATES TRACE AMOUNT.




$$
