000
CDUS43 KBIS 270723
CLIJMS


CLIMATE REPORT
NATIONAL WEATHER SERVICE BISMARCK ND
222 AM CDT WED AUG 27 2014


...................................

...THE JAMESTOWN ND CLIMATE SUMMARY FOR AUGUST 26 2014...

CLIMATE NORMAL PERIOD 1981 TO 2010
CLIMATE RECORD PERIOD 1891 TO 2014


WEATHER ITEM   OBSERVED TIME   RECORD YEAR NORMAL DEPARTURE LAST
                VALUE   (LST)  VALUE       VALUE  FROM      YEAR
                                                  NORMAL
..................................................................
TEMPERATURE (F)
 YESTERDAY
  MAXIMUM         65    200 PM 100    1976  79    -14       84
  MINIMUM         46    405 AM  36    1915  53     -7       66
  AVERAGE         56                        66    -10       75

PRECIPITATION (IN)
  YESTERDAY        0.03          0.60 1977   0.08  -0.05      T
  MONTH TO DATE    2.71                      1.73   0.98     0.94
  SINCE JUN 1      9.89                      8.27   1.62     3.34
  SINCE JAN 1     18.33                     13.82   4.51     8.93

DEGREE DAYS
 HEATING
  YESTERDAY        9                         2      7        0
  MONTH TO DATE   19                        31    -12       21
  SINCE JUN 1    106                       150    -44      129
  SINCE JUL 1     47                        53     -6       44

 COOLING
  YESTERDAY        0                         3     -3       10
  MONTH TO DATE  106                       130    -24      114
  SINCE JUN 1    279                       382   -103      396
  SINCE JAN 1    333                       402    -69      407
..................................................................


WIND (MPH)
  HIGHEST WIND SPEED    10   HIGHEST WIND DIRECTION     W (270)
  HIGHEST GUST SPEED    13   HIGHEST GUST DIRECTION     W (270)
  AVERAGE WIND SPEED     3.5


SKY COVER
  POSSIBLE SUNSHINE  MM
  AVERAGE SKY COVER 0.4


WEATHER CONDITIONS
 THE FOLLOWING WEATHER WAS RECORDED YESTERDAY.
  LIGHT RAIN
  FOG
  FOG W/VISIBILITY <= 1/4 MILE


RELATIVE HUMIDITY (PERCENT)
 HIGHEST   100          1100 PM
 LOWEST     56          1200 PM
 AVERAGE    78

..........................................................


THE JAMESTOWN ND CLIMATE NORMALS FOR TODAY
                         NORMAL    RECORD    YEAR
 MAXIMUM TEMPERATURE (F)   79       103      1973
 MINIMUM TEMPERATURE (F)   53        32      1982


SUNRISE AND SUNSET
AUGUST 27 2014........SUNRISE   648 AM CDT   SUNSET   824 PM CDT
AUGUST 28 2014........SUNRISE   649 AM CDT   SUNSET   822 PM CDT


-  INDICATES NEGATIVE NUMBERS.
R  INDICATES RECORD WAS SET OR TIED.
MM INDICATES DATA IS MISSING.
T  INDICATES TRACE AMOUNT.




$$
