000
CDAK47 PAJK 231232 RRA
CLIJNU

CLIMATE REPORT
NATIONAL WEATHER SERVICE JUNEAU, AK
330 AM AKDT MON OCT 23 2017


...................................

...THE JUNEAU CLIMATE SUMMARY FOR OCTOBER 22 2017...

CLIMATE NORMAL PERIOD 1981 TO 2010
CLIMATE RECORD PERIOD 1936 TO 2017


WEATHER ITEM   OBSERVED RECORD YEAR NORMAL DEPARTURE LAST
                VALUE   VALUE       VALUE  FROM      YEAR
                                           NORMAL
...........................................................
TEMPERATURE (F)
 YESTERDAY
  MAXIMUM         44     56    1965  45     -1       47
  MINIMUM         38     22    1951  36      2       38
  AVERAGE         41                 41      0       43

PRECIPITATION (IN)
  YESTERDAY        0.13   2.23 1953   0.27  -0.14     0.31
                               1945
  MONTH TO DATE    5.04               6.43  -1.39     2.48
  SINCE JAN 1     54.87              48.24   6.63    50.64

SNOWFALL (IN)
  YESTERDAY        0.0    2.0  1966   0.0    0.0      0.0
  MONTH TO DATE    0.0                0.2   -0.2      5.7
  SINCE JUL 1      0.0                0.2   -0.2      5.7
  SNOW DEPTH       0

DEGREE DAYS
 HEATING
  YESTERDAY       24                 25     -1       22
  MONTH TO DATE  497                463     34      511
...........................................................


WIND (MPH)
  HIGHEST WIND SPEED    17   HIGHEST WIND DIRECTION     E (100)
  HIGHEST GUST SPEED    21   HIGHEST GUST DIRECTION     E (100)
  AVERAGE WIND SPEED     5.1


SKY COVER
  AVERAGE SKY COVER 1.0


WEATHER CONDITIONS
 THE FOLLOWING WEATHER WAS RECORDED YESTERDAY.
  LIGHT RAIN
  FOG


..........................................................


THE JUNEAU CLIMATE NORMALS FOR TODAY
                         NORMAL    RECORD    YEAR
 MAXIMUM TEMPERATURE (F)   45        60      1942
 MINIMUM TEMPERATURE (F)   36        20      2004


SUNRISE AND SUNSET
OCTOBER 23 2017.......SUNRISE   754 AM AKDT  SUNSET   530 PM AKDT
OCTOBER 24 2017.......SUNRISE   756 AM AKDT  SUNSET   528 PM AKDT


-  INDICATES NEGATIVE NUMBERS.
R  INDICATES RECORD WAS SET OR TIED.
MM INDICATES DATA IS MISSING.
T  INDICATES TRACE AMOUNT.




$$
--------------------------------------------------------------

AMOUNT OF DAYLIGHT TODAY (HOUR:MIN)......... 9 HOURS 37 MINUTES
GAIN/LOSS SINCE YESTERDAY (HOUR:MIN:SEC).... -0:04:56

$$
