000
CDAK47 PAJK 091147
CLIJNU
AKZ025-092300-
NATIONAL WEATHER SERVICE JUNEAU, AK
245 AM AKST TUE FEB 9 2016


...................................

...THE JUNEAU CLIMATE SUMMARY FOR FEBRUARY 8 2016...

CLIMATE NORMAL PERIOD 1981 TO 2010
CLIMATE RECORD PERIOD 1936 TO 2016


WEATHER ITEM   OBSERVED TIME   RECORD YEAR NORMAL DEPARTURE LAST
                VALUE   (LST)  VALUE       VALUE  FROM      YEAR
                                                  NORMAL
..................................................................
TEMPERATURE (F)
 YESTERDAY
  MAXIMUM         48R   958 PM  48    1968  35     13       22
  MINIMUM         35    814 AM  -8    2008  25     10       12
  AVERAGE         42                        30     12       17

PRECIPITATION (IN)
  YESTERDAY        0.15          0.92 2004   0.15   0.00     0.17
  MONTH TO DATE    0.82                      1.21  -0.39     0.32
  SINCE DEC 1      9.77                     12.40  -2.63    15.59
  SINCE JAN 1      7.35                      6.56   0.79    12.30

SNOWFALL (IN)
  YESTERDAY        0.0           7.2  2009   0.7   -0.7      3.6
  MONTH TO DATE    T                         6.0   -6.0      7.6
  SINCE DEC 1     16.3                      49.3  -33.0     26.2
  SINCE JUL 1     32.9                      63.2  -30.3     36.0
  SNOW DEPTH       0

DEGREE DAYS
 HEATING
  YESTERDAY       23                        35    -12       48
  MONTH TO DATE  226                       287    -61      356
  SINCE DEC 1   2169                      2516   -347     2248
  SINCE JUL 1   4600                      5147   -547     4657
..................................................................


WIND (MPH)
  HIGHEST WIND SPEED    24   HIGHEST WIND DIRECTION    SE (130)
  HIGHEST GUST SPEED    35   HIGHEST GUST DIRECTION    SE (130)
  AVERAGE WIND SPEED     6.6


SKY COVER
  AVERAGE SKY COVER 1.0


WEATHER CONDITIONS
 THE FOLLOWING WEATHER WAS RECORDED YESTERDAY.
  LIGHT RAIN
  FOG


RELATIVE HUMIDITY (PERCENT)
 HIGHEST   100           800 AM
 LOWEST     79          1200 AM
 AVERAGE    90

..........................................................


THE JUNEAU CLIMATE NORMALS FOR TODAY
                         NORMAL    RECORD    YEAR
 MAXIMUM TEMPERATURE (F)   35        48      2012
 MINIMUM TEMPERATURE (F)   25        -2      1951


SUNRISE AND SUNSET
FEBRUARY  9 2016......SUNRISE   746 AM AKST  SUNSET   440 PM AKST
FEBRUARY 10 2016......SUNRISE   744 AM AKST  SUNSET   442 PM AKST


-  INDICATES NEGATIVE NUMBERS.
R  INDICATES RECORD WAS SET OR TIED.
MM INDICATES DATA IS MISSING.
T  INDICATES TRACE AMOUNT.




$$

&&
----------------------------
AMOUNT OF DAYLIGHT TODAY  (HOUR:MIN)........ 8:54
GAIN/LOSS SINCE YESTERDAY (HOUR:MIN:SEC)....+0:04:48
