000
CDAK47 PAJK 311136
CLIJNU
AKZ025-312300-
CLIMATE REPORT
NATIONAL WEATHER SERVICE JUNEAU, AK
336 AM AKDT FRI OCT 31 2014


...................................

...THE JUNEAU CLIMATE SUMMARY FOR OCTOBER 30 2014...

CLIMATE NORMAL PERIOD 1981 TO 2010
CLIMATE RECORD PERIOD 1943 TO 2014


WEATHER ITEM   OBSERVED TIME   RECORD YEAR NORMAL DEPARTURE LAST
                VALUE   (LST)  VALUE       VALUE  FROM      YEAR
                                                  NORMAL
..................................................................
TEMPERATURE (F)
 YESTERDAY
  MAXIMUM         49    341 AM  55    1949  42      7       46
  MINIMUM         40    154 AM  11    1984  33      7       44
  AVERAGE         45                        38      7       45

PRECIPITATION (IN)
  YESTERDAY        0.35          1.91 1978   0.24   0.11     0.57
  MONTH TO DATE    7.06                      8.39  -1.33    10.16
  SINCE SEP 1     16.37                     17.03  -0.66    17.69
  SINCE JAN 1     60.56                     50.20  10.36    58.60

SNOWFALL (IN)
  YESTERDAY        0.0           8.8  1956   0.1   -0.1      0.0
  MONTH TO DATE    0.0                       0.7   -0.7       T
  SINCE SEP 1      T                         0.7   -0.7       T
  SINCE JUL 1      T                         0.7   -0.7       T
  SNOW DEPTH       0

DEGREE DAYS
 HEATING
  YESTERDAY       20                        27     -7       20
  MONTH TO DATE  624                       672    -48      600
  SINCE SEP 1   1015                      1121   -106      987
  SINCE JUL 1   1491                      1656   -165     1422

 COOLING
  YESTERDAY        0                         0      0        0
  MONTH TO DATE    0                         0      0        0
  SINCE SEP 1      0                         0      0        0
  SINCE JAN 1      0                         2     -2        9
..................................................................


WIND (MPH)
  HIGHEST WIND SPEED    16   HIGHEST WIND DIRECTION    SE (120)
  HIGHEST GUST SPEED    24   HIGHEST GUST DIRECTION     E (80)
  AVERAGE WIND SPEED     6.4


SKY COVER
  POSSIBLE SUNSHINE  MM
  AVERAGE SKY COVER 0.9


WEATHER CONDITIONS
 THE FOLLOWING WEATHER WAS RECORDED YESTERDAY.
  RAIN
  LIGHT RAIN
  FOG


RELATIVE HUMIDITY (PERCENT)
 HIGHEST    96           900 AM
 LOWEST     76           500 AM
 AVERAGE    86

..........................................................


THE JUNEAU CLIMATE NORMALS FOR TODAY
                         NORMAL    RECORD    YEAR
 MAXIMUM TEMPERATURE (F)   42        54      1970
 MINIMUM TEMPERATURE (F)   33        15      1984


SUNRISE AND SUNSET
OCTOBER 31 2014.......SUNRISE   812 AM AKDT  SUNSET   511 PM AKDT
NOVEMBER  1 2014......SUNRISE   814 AM AKDT  SUNSET   509 PM AKDT


-  INDICATES NEGATIVE NUMBERS.
R  INDICATES RECORD WAS SET OR TIED.
MM INDICATES DATA IS MISSING.
T  INDICATES TRACE AMOUNT.




$$


&&
----------------------------
AMOUNT OF DAYLIGHT TODAY  (HOUR:MIN)........ 8:59
GAIN/LOSS SINCE YESTERDAY (HOUR:MIN:SEC)....-0:04:48
