000
CDAK47 PAJK 271128
CLIJNU
AKZ025-272300-
CLIMATE REPORT
NATIONAL WEATHER SERVICE JUNEAU, AK
225 AM AKST FRI FEB 27 2015

...................................

...THE JUNEAU CLIMATE SUMMARY FOR FEBRUARY 26 2015...

CLIMATE NORMAL PERIOD 1981 TO 2010
CLIMATE RECORD PERIOD 1943 TO 2015


WEATHER ITEM   OBSERVED TIME   RECORD YEAR NORMAL DEPARTURE LAST
                VALUE   (LST)  VALUE       VALUE  FROM      YEAR
                                                  NORMAL
..................................................................
TEMPERATURE (F)
 YESTERDAY
  MAXIMUM         47    159 PM  56    1992  36     11       41
  MINIMUM         26   1145 PM  -3    1979  26      0       23
  AVERAGE         37                        31      6       32

PRECIPITATION (IN)
  YESTERDAY        0.00          2.71 1993   0.14  -0.14     0.00
  MONTH TO DATE    3.62                      3.84  -0.22     1.98
  SINCE DEC 1     18.89                     15.03   3.86    20.65
  SINCE JAN 1     15.60                      9.19   6.41    12.13

SNOWFALL (IN)
  YESTERDAY        0.0           5.9  1973   0.5   -0.5      0.0
  MONTH TO DATE   10.3                      15.9   -5.6     26.8
  SINCE DEC 1     28.9                      59.2  -30.3     71.6
  SINCE JUL 1     38.7                      73.1  -34.4     90.8
  SNOW DEPTH       0

DEGREE DAYS
 HEATING
  YESTERDAY       28                        34     -6       33
  MONTH TO DATE  859                       910    -51     1071
  SINCE DEC 1   2751                      3139   -388     3097
  SINCE JUL 1   5160                      5770   -610     5570
..................................................................


WIND (MPH)
  HIGHEST WIND SPEED    21   HIGHEST WIND DIRECTION     E (90)
  HIGHEST GUST SPEED    27   HIGHEST GUST DIRECTION     E (100)
  AVERAGE WIND SPEED     4.0


SKY COVER
  POSSIBLE SUNSHINE  MM
  AVERAGE SKY COVER 0.3


WEATHER CONDITIONS
 THE FOLLOWING WEATHER WAS RECORDED YESTERDAY.
  FOG
  FOG W/VISIBILITY <= 1/4 MILE


RELATIVE HUMIDITY (PERCENT)
 HIGHEST   100          1200 AM
 LOWEST     37           200 PM
 AVERAGE    69

..........................................................


THE JUNEAU CLIMATE NORMALS FOR TODAY
                         NORMAL    RECORD    YEAR
 MAXIMUM TEMPERATURE (F)   37        57      1992
 MINIMUM TEMPERATURE (F)   26         0      1972


SUNRISE AND SUNSET
FEBRUARY 27 2015......SUNRISE   659 AM AKST  SUNSET   524 PM AKST
FEBRUARY 28 2015......SUNRISE   657 AM AKST  SUNSET   526 PM AKST


-  INDICATES NEGATIVE NUMBERS.
R  INDICATES RECORD WAS SET OR TIED.
MM INDICATES DATA IS MISSING.
T  INDICATES TRACE AMOUNT.


$$


&&
----------------------------
AMOUNT OF DAYLIGHT TODAY  (HOUR:MIN)........10:25
GAIN/LOSS SINCE YESTERDAY (HOUR:MIN:SEC)....+0:05:05
