000
CDAK47 PAJK 291126
CLIJNU
AKZ025-292300-
CLIMATE REPORT
NATIONAL WEATHER SERVICE JUNEAU, AK
226 AM AKST MON DEC 29 2014


...................................

...THE JUNEAU CLIMATE SUMMARY FOR DECEMBER 28 2014...

CLIMATE NORMAL PERIOD 1981 TO 2010
CLIMATE RECORD PERIOD 1943 TO 2014


WEATHER ITEM   OBSERVED TIME   RECORD YEAR NORMAL DEPARTURE LAST
                VALUE   (LST)  VALUE       VALUE  FROM      YEAR
                                                  NORMAL
..................................................................
TEMPERATURE (F)
 YESTERDAY
  MAXIMUM         32    135 PM  47    2005  33     -1       36
  MINIMUM         19    650 AM  -9    1949  24     -5       30
  AVERAGE         26                        29     -3       33

PRECIPITATION (IN)
  YESTERDAY        0.00          2.24 1956   0.17  -0.17     0.71
  MONTH TO DATE    3.01                      5.33  -2.32     7.66
  SINCE DEC 1      3.01                      5.33  -2.32     7.66
  SINCE JAN 1     68.41                     61.76   6.65    72.98

SNOWFALL (IN)
  YESTERDAY        0.0          10.2  1955   0.6   -0.6      3.4
  MONTH TO DATE    3.5                      13.8  -10.3     32.9
  SINCE DEC 1      3.5                      13.8  -10.3     32.9
  SINCE JUL 1     13.3                      27.7  -14.4     52.1
  SNOW DEPTH       0

DEGREE DAYS
 HEATING
  YESTERDAY       39                        36      3       32
  MONTH TO DATE  863                       980   -117     1056
  SINCE DEC 1    863                       980   -117     1056
  SINCE JUL 1   3272                      3611   -339     3529
..................................................................


WIND (MPH)
  HIGHEST WIND SPEED    18   HIGHEST WIND DIRECTION     E (90)
  HIGHEST GUST SPEED    21   HIGHEST GUST DIRECTION     E (80)
  AVERAGE WIND SPEED     3.8


SKY COVER
  POSSIBLE SUNSHINE  MM
  AVERAGE SKY COVER 0.2


WEATHER CONDITIONS
 THE FOLLOWING WEATHER WAS RECORDED YESTERDAY.
  FOG


RELATIVE HUMIDITY (PERCENT)
 HIGHEST    96           100 AM
 LOWEST     46           700 PM
 AVERAGE    71

..........................................................


THE JUNEAU CLIMATE NORMALS FOR TODAY
                         NORMAL    RECORD    YEAR
 MAXIMUM TEMPERATURE (F)   33        46      1963
 MINIMUM TEMPERATURE (F)   24       -13      1949


SUNRISE AND SUNSET
DECEMBER 29 2014......SUNRISE   847 AM AKST  SUNSET   314 PM AKST
DECEMBER 30 2014......SUNRISE   847 AM AKST  SUNSET   315 PM AKST


-  INDICATES NEGATIVE NUMBERS.
R  INDICATES RECORD WAS SET OR TIED.
MM INDICATES DATA IS MISSING.
T  INDICATES TRACE AMOUNT.




$$


&&
----------------------------
AMOUNT OF DAYLIGHT TODAY  (HOUR:MIN)........ 6:27
GAIN/LOSS SINCE YESTERDAY (HOUR:MIN:SEC)....+0:01:11
