000
CDUS43 KGRR 252126
CLIJXN


CLIMATE REPORT
NATIONAL WEATHER SERVICE GRAND RAPIDS, MI
526 PM EDT MON MAY 25 2015


...................................

...THE JACKSON MI CLIMATE SUMMARY FOR MAY 25 2015...
VALID TODAY AS OF 0500 PM LOCAL TIME.

CLIMATE NORMAL PERIOD 1981 TO 2010
CLIMATE RECORD PERIOD 1944 TO 9999


WEATHER ITEM   OBSERVED TIME   NORMAL DEPARTURE LAST
                VALUE   (LST)  VALUE  FROM      YEAR
                                      NORMAL
......................................................
TEMPERATURE (F)
 TODAY
  MAXIMUM         81    345 PM  72      9       80
  MINIMUM         63   1204 AM  49     14       48
  AVERAGE         72            60     12       64

PRECIPITATION (IN)
  TODAY            0.01          0.11  -0.10     0.00
  MONTH TO DATE    2.71          2.65   0.06     4.10
  SINCE MAR 1      5.78          7.16  -1.38     8.03
  SINCE JAN 1      7.86          9.94  -2.08    12.31

DEGREE DAYS
 HEATING
  TODAY            0             6     -6        1
  MONTH TO DATE  138           227    -89      236
  SINCE MAR 1   1642          1659    -17     1937
  SINCE JUL 1   7146          6573    573     7501

 COOLING
  TODAY            7             2      5        0
  MONTH TO DATE   37            20     17       18
  SINCE MAR 1     37            26     11       18
  SINCE JAN 1     37            26     11       18
......................................................


WIND (MPH)
  RESULTANT WIND SPEED  14   RESULTANT WIND DIRECTION   S (200)
  HIGHEST WIND SPEED    31   HIGHEST WIND DIRECTION    SW (220)
  HIGHEST GUST SPEED    41   HIGHEST GUST DIRECTION    SW (210)
  AVERAGE WIND SPEED    14.4


SKY COVER
  AVERAGE SKY COVER 0.3


WEATHER CONDITIONS
 THE FOLLOWING WEATHER WAS RECORDED TODAY.
  RAIN
  LIGHT RAIN
  FOG


RELATIVE HUMIDITY (PERCENT)
 HIGHEST    73           900 AM
 LOWEST     54           200 PM
 AVERAGE    64

..........................................................


THE JACKSON MI CLIMATE NORMALS FOR TOMORROW
                         NORMAL
 MAXIMUM TEMPERATURE (F)   72
 MINIMUM TEMPERATURE (F)   49


SUNRISE AND SUNSET
MAY 25 2015...........SUNRISE   608 AM EDT   SUNSET   902 PM EDT
MAY 26 2015...........SUNRISE   608 AM EDT   SUNSET   903 PM EDT


-  INDICATES NEGATIVE NUMBERS.
R  INDICATES RECORD WAS SET OR TIED.
MM INDICATES DATA IS MISSING.
T  INDICATES TRACE AMOUNT.




$$
