490
CDUS43 KGRR 260517
CLIJXN


CLIMATE REPORT
NATIONAL WEATHER SERVICE GRAND RAPIDS, MI
1217 AM EST SUN FEB 26 2017


...................................

...THE JACKSON MI CLIMATE SUMMARY FOR FEBRUARY 25 2017...

CLIMATE NORMAL PERIOD 1981 TO 2010
CLIMATE RECORD PERIOD 1944 TO 9999


WEATHER ITEM   OBSERVED TIME   NORMAL DEPARTURE LAST
                VALUE   (LST)  VALUE  FROM      YEAR
                                      NORMAL
......................................................
TEMPERATURE (F)
 YESTERDAY
  MAXIMUM         42   1210 AM  37      5       34
  MINIMUM         22   1159 PM  20      2       25
  AVERAGE         32            29      3       30

PRECIPITATION (IN)
  YESTERDAY        0.03          0.06  -0.03     0.09
  MONTH TO DATE    1.85          1.13   0.72     0.91
  SINCE DEC 1      5.21          4.49   0.72     3.94
  SINCE JAN 1      4.33          2.62   1.71     1.63

DEGREE DAYS
 HEATING
  YESTERDAY       33            36     -3       35
  MONTH TO DATE  719           976   -257      921
  SINCE DEC 1   2965          3403   -438     2893
  SINCE JUL 1   3935          4807   -872     4014

 COOLING
  YESTERDAY        0             0      0        0
  MONTH TO DATE    0             0      0        0
  SINCE DEC 1      0             0      0        0
  SINCE JAN 1      0             0      0        0
......................................................


WIND (MPH)
  RESULTANT WIND SPEED  13   RESULTANT WIND DIRECTION   W (270)
  HIGHEST WIND SPEED    24   HIGHEST WIND DIRECTION     W (270)
  HIGHEST GUST SPEED    33   HIGHEST GUST DIRECTION     W (270)
  AVERAGE WIND SPEED    13.7


SKY COVER
  AVERAGE SKY COVER 1.0


WEATHER CONDITIONS
 THE FOLLOWING WEATHER WAS RECORDED YESTERDAY.
  LIGHT SNOW
  FOG
  HAZE


RELATIVE HUMIDITY (PERCENT)
 HIGHEST    92           600 AM
 LOWEST     68           700 PM
 AVERAGE    80

..........................................................


THE JACKSON MI CLIMATE NORMALS FOR TODAY
                         NORMAL
 MAXIMUM TEMPERATURE (F)   38
 MINIMUM TEMPERATURE (F)   21


SUNRISE AND SUNSET
FEBRUARY 26 2017......SUNRISE   717 AM EST   SUNSET   624 PM EST
FEBRUARY 27 2017......SUNRISE   716 AM EST   SUNSET   626 PM EST


-  INDICATES NEGATIVE NUMBERS.
R  INDICATES RECORD WAS SET OR TIED.
MM INDICATES DATA IS MISSING.
T  INDICATES TRACE AMOUNT.




$$
