000
CDUS43 KGRR 242228
CLIJXN


CLIMATE REPORT
NATIONAL WEATHER SERVICE GRAND RAPIDS, MI
528 PM EST FRI NOV 24 2017


...................................

...THE JACKSON MI CLIMATE SUMMARY FOR NOVEMBER 24 2017...
VALID TODAY AS OF 0500 PM LOCAL TIME.

CLIMATE NORMAL PERIOD 1981 TO 2010
CLIMATE RECORD PERIOD 1944 TO 9999


WEATHER ITEM   OBSERVED TIME   NORMAL DEPARTURE LAST
                VALUE   (LST)  VALUE  FROM      YEAR
                                      NORMAL
......................................................
TEMPERATURE (F)
 TODAY
  MAXIMUM         56    254 PM  44     12       43
  MINIMUM         32   1245 AM  29      3       37
  AVERAGE         44            36      8       40

PRECIPITATION (IN)
  TODAY            0.00          0.08  -0.08     0.04
  MONTH TO DATE    4.46          2.12   2.34     1.63
  SINCE SEP 1     12.81          8.23   4.58     9.20
  SINCE JAN 1     35.87         29.15   6.72    35.51

DEGREE DAYS
 HEATING
  TODAY           21            29     -8       25
  MONTH TO DATE  647           575     72      453
  SINCE SEP 1   1076          1188   -112      829
  SINCE JUL 1   1103          1223   -120      833

 COOLING
  TODAY            0             0      0        0
  MONTH TO DATE    0             0      0        0
  SINCE SEP 1    130            63     67      101
  SINCE JAN 1    657           592     65      829
......................................................


WIND (MPH)
  RESULTANT WIND SPEED  11   RESULTANT WIND DIRECTION   S (190)
  HIGHEST WIND SPEED    23   HIGHEST WIND DIRECTION     S (200)
  HIGHEST GUST SPEED    30   HIGHEST GUST DIRECTION     S (200)
  AVERAGE WIND SPEED    10.9


SKY COVER
  AVERAGE SKY COVER 0.0


WEATHER CONDITIONS
 THE FOLLOWING WEATHER WAS RECORDED TODAY.
  NO SIGNIFICANT WEATHER WAS OBSERVED.


RELATIVE HUMIDITY (PERCENT)
 HIGHEST    64           600 AM
 LOWEST     38           300 PM
 AVERAGE    51

..........................................................


THE JACKSON MI CLIMATE NORMALS FOR TOMORROW
                         NORMAL
 MAXIMUM TEMPERATURE (F)   43
 MINIMUM TEMPERATURE (F)   29


SUNRISE AND SUNSET
NOVEMBER 24 2017......SUNRISE   740 AM EST   SUNSET   509 PM EST
NOVEMBER 25 2017......SUNRISE   741 AM EST   SUNSET   509 PM EST


-  INDICATES NEGATIVE NUMBERS.
R  INDICATES RECORD WAS SET OR TIED.
MM INDICATES DATA IS MISSING.
T  INDICATES TRACE AMOUNT.




$$
