000
CDUS43 KGRR 020519
CLIJXN


CLIMATE REPORT
NATIONAL WEATHER SERVICE GRAND RAPIDS, MI
118 AM EDT MON MAY 2 2016


...................................

...THE JACKSON MI CLIMATE SUMMARY FOR MAY 1 2016...

CLIMATE NORMAL PERIOD 1981 TO 2010
CLIMATE RECORD PERIOD 1944 TO 9999


WEATHER ITEM   OBSERVED TIME   NORMAL DEPARTURE LAST
                VALUE   (LST)  VALUE  FROM      YEAR
                                      NORMAL
......................................................
TEMPERATURE (F)
 YESTERDAY
  MAXIMUM         51    603 PM  65    -14       73
  MINIMUM         44   1159 PM  42      2       42
  AVERAGE         48            53     -5       58

PRECIPITATION (IN)
  YESTERDAY        0.12          0.10   0.02     0.00
  MONTH TO DATE    0.12          0.10   0.02     0.00
  SINCE MAR 1      6.04          4.61   1.43     3.07
  SINCE JAN 1      7.91          7.39   0.52     5.15

DEGREE DAYS
 HEATING
  YESTERDAY       17            12      5        7
  MONTH TO DATE   17            12      5        7
  SINCE MAR 1   1283          1444   -161     1511
  SINCE JUL 1   5405          6358   -953     7015

 COOLING
  YESTERDAY        0             0      0        0
  MONTH TO DATE    0             0      0        0
  SINCE MAR 1      0             6     -6        0
  SINCE JAN 1      0             6     -6        0
......................................................


WIND (MPH)
  RESULTANT WIND SPEED   8   RESULTANT WIND DIRECTION  NE (40)
  HIGHEST WIND SPEED    16   HIGHEST WIND DIRECTION    NE (60)
  HIGHEST GUST SPEED    20   HIGHEST GUST DIRECTION    NE (40)
  AVERAGE WIND SPEED     8.1


SKY COVER
  AVERAGE SKY COVER 1.0


WEATHER CONDITIONS
 THE FOLLOWING WEATHER WAS RECORDED YESTERDAY.
  LIGHT RAIN
  FOG


RELATIVE HUMIDITY (PERCENT)
 HIGHEST   100           200 AM
 LOWEST     83           300 PM
 AVERAGE    92

..........................................................


THE JACKSON MI CLIMATE NORMALS FOR TODAY
                         NORMAL
 MAXIMUM TEMPERATURE (F)   65
 MINIMUM TEMPERATURE (F)   42


SUNRISE AND SUNSET
MAY  2 2016...........SUNRISE   631 AM EDT   SUNSET   839 PM EDT
MAY  3 2016...........SUNRISE   630 AM EDT   SUNSET   840 PM EDT


-  INDICATES NEGATIVE NUMBERS.
R  INDICATES RECORD WAS SET OR TIED.
MM INDICATES DATA IS MISSING.
T  INDICATES TRACE AMOUNT.




$$
