353
CDUS43 KGRR 270517
CLIJXN


CLIMATE REPORT
NATIONAL WEATHER SERVICE GRAND RAPIDS, MI
116 AM EDT MON MAR 27 2017


...................................

...THE JACKSON MI CLIMATE SUMMARY FOR MARCH 26 2017...

CLIMATE NORMAL PERIOD 1981 TO 2010
CLIMATE RECORD PERIOD 1944 TO 9999


WEATHER ITEM   OBSERVED TIME   NORMAL DEPARTURE LAST
                VALUE   (LST)  VALUE  FROM      YEAR
                                      NORMAL
......................................................
TEMPERATURE (F)
 YESTERDAY
  MAXIMUM         56    546 PM  50      6       51
  MINIMUM         40    704 AM  30     10       26
  AVERAGE         48            40      8       39

PRECIPITATION (IN)
  YESTERDAY        0.11          0.07   0.04     0.00
  MONTH TO DATE    2.84          1.54   1.30     1.37
  SINCE MAR 1      2.84          1.54   1.30     1.37
  SINCE JAN 1      7.78          4.32   3.46     3.24

DEGREE DAYS
 HEATING
  YESTERDAY       17            25     -8       26
  MONTH TO DATE  808           789     19      620
  SINCE MAR 1    808           789     19      620
  SINCE JUL 1   4816          5703   -887     4742

 COOLING
  YESTERDAY        0             0      0        0
  MONTH TO DATE    0             0      0        0
  SINCE MAR 1      0             0      0        0
  SINCE JAN 1      0             0      0        0
......................................................


WIND (MPH)
  RESULTANT WIND SPEED   8   RESULTANT WIND DIRECTION  SE (120)
  HIGHEST WIND SPEED    17   HIGHEST WIND DIRECTION     E (110)
  HIGHEST GUST SPEED    22   HIGHEST GUST DIRECTION     E (100)
  AVERAGE WIND SPEED     7.8


SKY COVER
  AVERAGE SKY COVER 1.0


WEATHER CONDITIONS
 THE FOLLOWING WEATHER WAS RECORDED YESTERDAY.
  LIGHT RAIN
  FOG


RELATIVE HUMIDITY (PERCENT)
 HIGHEST   100           800 PM
 LOWEST     86          1200 AM
 AVERAGE    93

..........................................................


THE JACKSON MI CLIMATE NORMALS FOR TODAY
                         NORMAL
 MAXIMUM TEMPERATURE (F)   50
 MINIMUM TEMPERATURE (F)   30


SUNRISE AND SUNSET
MARCH 27 2017.........SUNRISE   729 AM EDT   SUNSET   758 PM EDT
MARCH 28 2017.........SUNRISE   727 AM EDT   SUNSET   759 PM EDT


-  INDICATES NEGATIVE NUMBERS.
R  INDICATES RECORD WAS SET OR TIED.
MM INDICATES DATA IS MISSING.
T  INDICATES TRACE AMOUNT.




$$
