000
CDUS43 KIND 210549
CLILAF


CLIMATE REPORT
NATIONAL WEATHER SERVICE INDIANAPOLIS IN
1245 AM EST TUE FEB 21 2017


...................................

...THE LAFAYETTE IN CLIMATE SUMMARY FOR FEBRUARY 20 2017...

CLIMATE NORMAL PERIOD 1981 TO 2010
CLIMATE RECORD PERIOD 9999 TO 9999


WEATHER ITEM   OBSERVED TIME   NORMAL DEPARTURE LAST
                VALUE   (LST)  VALUE  FROM      YEAR
                                      NORMAL
......................................................
TEMPERATURE (F)
 YESTERDAY
  MAXIMUM         68    352 PM  40     28       68
  MINIMUM         36    518 AM  24     12       35
  AVERAGE         52            32     20       52

PRECIPITATION (IN)
  YESTERDAY        0.00          0.06  -0.06     0.00
  MONTH TO DATE    0.71          1.17  -0.46     0.33
  SINCE DEC 1      6.27          5.54   0.73     8.17
  SINCE JAN 1      4.71          3.03   1.68     1.41

DEGREE DAYS
 HEATING
  YESTERDAY       13            33    -20       13
  MONTH TO DATE  553           712   -159      713
  SINCE DEC 1   2704          2979   -275     2617
  SINCE JUL 1   3550          4080   -530     3566

 COOLING
  YESTERDAY        0             0      0        0
  MONTH TO DATE    0             0      0        0
  SINCE DEC 1      0             0      0        0
  SINCE JAN 1      0             0      0        0
......................................................


WIND (MPH)
  HIGHEST WIND SPEED    17   HIGHEST WIND DIRECTION    SE (140)
  HIGHEST GUST SPEED    22   HIGHEST GUST DIRECTION    SE (150)
  AVERAGE WIND SPEED     7.6


SKY COVER
  AVERAGE SKY COVER 0.0


WEATHER CONDITIONS
 THE FOLLOWING WEATHER WAS RECORDED YESTERDAY.
  FOG
  HAZE


RELATIVE HUMIDITY (PERCENT)
 HIGHEST   100           200 AM
 LOWEST     45           300 PM
 AVERAGE    73

..........................................................


THE LAFAYETTE IN CLIMATE NORMALS FOR TODAY
                         NORMAL
 MAXIMUM TEMPERATURE (F)   41
 MINIMUM TEMPERATURE (F)   24


SUNRISE AND SUNSET
FEBRUARY 21 2017......SUNRISE   733 AM EST   SUNSET   630 PM EST
FEBRUARY 22 2017......SUNRISE   731 AM EST   SUNSET   632 PM EST


-  INDICATES NEGATIVE NUMBERS.
R  INDICATES RECORD WAS SET OR TIED.
MM INDICATES DATA IS MISSING.
T  INDICATES TRACE AMOUNT.




$$
