000
CDUS43 KIND 220531
CLILAF


CLIMATE REPORT
NATIONAL WEATHER SERVICE INDIANAPOLIS IN
131 AM EDT MON SEP 22 2014


...................................

...THE LAFAYETTE IN CLIMATE SUMMARY FOR SEPTEMBER 21 2014...

CLIMATE NORMAL PERIOD 1981 TO 2010
CLIMATE RECORD PERIOD 9999 TO 9999


WEATHER ITEM   OBSERVED TIME   NORMAL DEPARTURE LAST
                VALUE   (LST)  VALUE  FROM      YEAR
                                      NORMAL
......................................................
TEMPERATURE (F)
 YESTERDAY
  MAXIMUM         69   1205 AM  76     -7       70
  MINIMUM         52   1151 PM  52      0       50
  AVERAGE         61            64     -3       60

PRECIPITATION (IN)
  YESTERDAY        T             0.09  -0.09     0.00
  MONTH TO DATE    4.80          1.86   2.94     3.66
  SINCE SEP 1      4.80          1.86   2.94     3.66
  SINCE JAN 1     30.12         27.41   2.71    31.29

DEGREE DAYS
 HEATING
  YESTERDAY        4             4      0        5
  MONTH TO DATE   95            34     61       35
  SINCE SEP 1     95            34     61       35
  SINCE JUL 1    119            40     79       55

 COOLING
  YESTERDAY        0             3     -3        0
  MONTH TO DATE   57            96    -39      126
  SINCE SEP 1     57            96    -39      126
  SINCE JAN 1    733           948   -215      852
......................................................


WIND (MPH)
  HIGHEST WIND SPEED    25   HIGHEST WIND DIRECTION    NW (300)
  HIGHEST GUST SPEED    33   HIGHEST GUST DIRECTION    NW (320)
  AVERAGE WIND SPEED    10.6


SKY COVER
  AVERAGE SKY COVER 0.5


WEATHER CONDITIONS
 THE FOLLOWING WEATHER WAS RECORDED YESTERDAY.
  LIGHT RAIN
  FOG


RELATIVE HUMIDITY (PERCENT)
 HIGHEST   100           300 AM
 LOWEST     53          1200 PM
 AVERAGE    77

..........................................................


THE LAFAYETTE IN CLIMATE NORMALS FOR TODAY
                         NORMAL
 MAXIMUM TEMPERATURE (F)   75
 MINIMUM TEMPERATURE (F)   52


SUNRISE AND SUNSET
SEPTEMBER 22 2014.....SUNRISE   735 AM EDT   SUNSET   745 PM EDT
SEPTEMBER 23 2014.....SUNRISE   736 AM EDT   SUNSET   743 PM EDT


-  INDICATES NEGATIVE NUMBERS.
R  INDICATES RECORD WAS SET OR TIED.
MM INDICATES DATA IS MISSING.
T  INDICATES TRACE AMOUNT.




$$
