000
CDUS43 KIND 270539
CLILAF


CLIMATE REPORT
NATIONAL WEATHER SERVICE INDIANAPOLIS IN
139 AM EDT WED JUL 27 2016


...................................

...THE LAFAYETTE IN CLIMATE SUMMARY FOR JULY 26 2016...

CLIMATE NORMAL PERIOD 1981 TO 2010
CLIMATE RECORD PERIOD 9999 TO 9999


WEATHER ITEM   OBSERVED TIME   NORMAL DEPARTURE LAST
                VALUE   (LST)  VALUE  FROM      YEAR
                                      NORMAL
......................................................
TEMPERATURE (F)
 YESTERDAY
  MAXIMUM         85    606 PM  84      1       84
  MINIMUM         66    252 AM  64      2       67
  AVERAGE         76            74      2       76

PRECIPITATION (IN)
  YESTERDAY        0.00          0.10  -0.10     0.80
  MONTH TO DATE    4.38          3.43   0.95     6.67
  SINCE JUN 1      9.91          7.53   2.38    14.33
  SINCE JAN 1     22.02         21.55   0.47    23.27

DEGREE DAYS
 HEATING
  YESTERDAY        0             0      0        0
  MONTH TO DATE   10             0     10        6
  SINCE JUN 1     20            22     -2       26
  SINCE JUL 1     10             0     10        6

 COOLING
  YESTERDAY       11             9      2       11
  MONTH TO DATE  229           254    -25      165
  SINCE JUN 1    462           471     -9      348
  SINCE JAN 1    530           548    -18      437
......................................................


WIND (MPH)
  HIGHEST WIND SPEED    10   HIGHEST WIND DIRECTION    SE (130)
  HIGHEST GUST SPEED    13   HIGHEST GUST DIRECTION    SE (130)
  AVERAGE WIND SPEED     3.6


SKY COVER
  AVERAGE SKY COVER 0.5


WEATHER CONDITIONS
 THE FOLLOWING WEATHER WAS RECORDED YESTERDAY.
  NO SIGNIFICANT WEATHER WAS OBSERVED.


RELATIVE HUMIDITY (PERCENT)
 HIGHEST   100           200 AM
 LOWEST     55           300 PM
 AVERAGE    78

..........................................................


THE LAFAYETTE IN CLIMATE NORMALS FOR TODAY
                         NORMAL
 MAXIMUM TEMPERATURE (F)   84
 MINIMUM TEMPERATURE (F)   64


SUNRISE AND SUNSET
JULY 27 2016..........SUNRISE   641 AM EDT   SUNSET   907 PM EDT
JULY 28 2016..........SUNRISE   642 AM EDT   SUNSET   906 PM EDT


-  INDICATES NEGATIVE NUMBERS.
R  INDICATES RECORD WAS SET OR TIED.
MM INDICATES DATA IS MISSING.
T  INDICATES TRACE AMOUNT.




$$
