000
CDUS43 KIND 270535
CLILAF


CLIMATE REPORT
NATIONAL WEATHER SERVICE INDIANAPOLIS IN
134 AM EDT WED AUG 27 2014


...................................

...THE LAFAYETTE IN CLIMATE SUMMARY FOR AUGUST 26 2014...

CLIMATE NORMAL PERIOD 1981 TO 2010
CLIMATE RECORD PERIOD 9999 TO 9999


WEATHER ITEM   OBSERVED TIME   NORMAL DEPARTURE LAST
                VALUE   (LST)  VALUE  FROM      YEAR
                                      NORMAL
......................................................
TEMPERATURE (F)
 YESTERDAY
  MAXIMUM         87    129 PM  84      3       91
  MINIMUM         65    609 AM  62      3       61
  AVERAGE         76            72      4       76

PRECIPITATION (IN)
  YESTERDAY        0.14          0.11   0.03     0.00
  MONTH TO DATE    3.67          2.93   0.74     1.74
  SINCE JUN 1     12.13         11.00   1.13     8.66
  SINCE JAN 1     24.96         25.02  -0.06    27.28

DEGREE DAYS
 HEATING
  YESTERDAY        0             0      0        0
  MONTH TO DATE    6             0      6       11
  SINCE JUN 1     30            23      7       38
  SINCE JUL 1     24             1     23       20

 COOLING
  YESTERDAY       11             8      3       11
  MONTH TO DATE  176           226    -50      150
  SINCE JUN 1    527           740   -213      552
  SINCE JAN 1    624           817   -193      653
......................................................


WIND (MPH)
  HIGHEST WIND SPEED    30   HIGHEST WIND DIRECTION     N (350)
  HIGHEST GUST SPEED    38   HIGHEST GUST DIRECTION     N (10)
  AVERAGE WIND SPEED     3.9


SKY COVER
  AVERAGE SKY COVER 0.3


WEATHER CONDITIONS
 THE FOLLOWING WEATHER WAS RECORDED YESTERDAY.
  THUNDERSTORM
  LIGHT RAIN
  FOG


RELATIVE HUMIDITY (PERCENT)
 HIGHEST   100           300 AM
 LOWEST     68           100 PM
 AVERAGE    84

..........................................................


THE LAFAYETTE IN CLIMATE NORMALS FOR TODAY
                         NORMAL
 MAXIMUM TEMPERATURE (F)   83
 MINIMUM TEMPERATURE (F)   61


SUNRISE AND SUNSET
AUGUST 27 2014........SUNRISE   710 AM EDT   SUNSET   827 PM EDT
AUGUST 28 2014........SUNRISE   711 AM EDT   SUNSET   826 PM EDT


-  INDICATES NEGATIVE NUMBERS.
R  INDICATES RECORD WAS SET OR TIED.
MM INDICATES DATA IS MISSING.
T  INDICATES TRACE AMOUNT.




$$
