000
CDUS43 KGRR 100540
CLILAN


CLIMATE REPORT
NATIONAL WEATHER SERVICE GRAND RAPIDS, MI
1239 AM EST SAT DEC 10 2016


...................................

...THE LANSING MI CLIMATE SUMMARY FOR DECEMBER 9 2016...

CLIMATE NORMAL PERIOD 1981 TO 2010
CLIMATE RECORD PERIOD 1864 TO 2016


WEATHER ITEM   OBSERVED TIME   RECORD YEAR NORMAL DEPARTURE LAST
                VALUE   (LST)  VALUE       VALUE  FROM      YEAR
                                                  NORMAL
..................................................................
TEMPERATURE (F)
 YESTERDAY
  MAXIMUM         30   1226 PM  58    1946  36     -6       49
                                      1879
  MINIMUM         23   1159 PM -17    1864  24     -1       36
  AVERAGE         27                        30     -3       43

PRECIPITATION (IN)
  YESTERDAY        0.01          1.54 1879   0.06  -0.05     0.00
  MONTH TO DATE    0.42                      0.61  -0.19     0.10
  SINCE DEC 1      0.42                      0.61  -0.19     0.10
  SINCE JAN 1     33.61                     30.51   3.10    31.90

SNOWFALL (IN)
  YESTERDAY        0.2           5.0  1868   0.3   -0.1      0.0
  MONTH TO DATE    3.7                       3.1    0.6       T
  SINCE DEC 1      3.7                       3.1    0.6       T
  SINCE JUL 1      3.7                       6.9   -3.2      8.2
  SNOW DEPTH       1

DEGREE DAYS
 HEATING
  YESTERDAY       38                        35      3       22
  MONTH TO DATE  283                       300    -17      243
  SINCE DEC 1    283                       300    -17      243
  SINCE JUL 1   1258                      1714   -456     1351

 COOLING
  YESTERDAY        0                         0      0        0
  MONTH TO DATE    0                         0      0        0
  SINCE DEC 1      0                         0      0        0
  SINCE JAN 1    869                       625    244      615
..................................................................


WIND (MPH)
  RESULTANT WIND SPEED  10   RESULTANT WIND DIRECTION   W (280)
  HIGHEST WIND SPEED    17   HIGHEST WIND DIRECTION     W (290)
  HIGHEST GUST SPEED    22   HIGHEST GUST DIRECTION     W (270)
  AVERAGE WIND SPEED    10.2


SKY COVER
  AVERAGE SKY COVER 0.9


WEATHER CONDITIONS
 THE FOLLOWING WEATHER WAS RECORDED YESTERDAY.
  LIGHT SNOW
  FOG


RELATIVE HUMIDITY (PERCENT)
 HIGHEST    92           200 AM
 LOWEST     58          1200 PM
 AVERAGE    75

..........................................................


THE LANSING MI CLIMATE NORMALS FOR TODAY
                         NORMAL    RECORD    YEAR
 MAXIMUM TEMPERATURE (F)   36        63      1971
 MINIMUM TEMPERATURE (F)   24       -24      1868


SUNRISE AND SUNSET
DECEMBER 10 2016......SUNRISE   758 AM EST   SUNSET   504 PM EST
DECEMBER 11 2016......SUNRISE   759 AM EST   SUNSET   504 PM EST


-  INDICATES NEGATIVE NUMBERS.
R  INDICATES RECORD WAS SET OR TIED.
MM INDICATES DATA IS MISSING.
T  INDICATES TRACE AMOUNT.




$$
