000
CDUS43 KGRR 230524
CLILAN


CLIMATE REPORT
NATIONAL WEATHER SERVICE GRAND RAPIDS, MI
124 AM EDT SAT AUG 23 2014


...................................

...THE LANSING MI CLIMATE SUMMARY FOR AUGUST 22 2014...

CLIMATE NORMAL PERIOD 1981 TO 2010
CLIMATE RECORD PERIOD 1864 TO 2014


WEATHER ITEM   OBSERVED TIME   RECORD YEAR NORMAL DEPARTURE LAST
                VALUE   (LST)  VALUE       VALUE  FROM      YEAR
                                                  NORMAL
..................................................................
TEMPERATURE (F)
 YESTERDAY
  MAXIMUM         82    420 PM  94    1936  80      2       80
  MINIMUM         69    200 AM  35    1875  59     10       63
  AVERAGE         76                        69      7       72

PRECIPITATION (IN)
  YESTERDAY        T             1.85 1987   0.09  -0.09     0.04
  MONTH TO DATE    3.93                      2.31   1.62     1.34
  SINCE JUN 1     15.19                      8.60   6.59    11.49
  SINCE JAN 1     26.40                     20.17   6.23    29.49

SNOWFALL (IN)
  YESTERDAY        0.0           0.0    MM   0.0    0.0      0.0
  MONTH TO DATE    0.0                       0.0    0.0      0.0
  SINCE JUN 1      0.0                       0.0    0.0      0.0
  SINCE JUL 1      0.0                       0.0    0.0      0.0
  SNOW DEPTH       0

DEGREE DAYS
 HEATING
  YESTERDAY        0                         1     -1        0
  MONTH TO DATE   10                        18     -8       19
  SINCE JUN 1     63                        84    -21       85
  SINCE JUL 1     39                        29     10       35

 COOLING
  YESTERDAY       11                         5      6        7
  MONTH TO DATE   91                       127    -36       72
  SINCE JUN 1    342                       472   -130      431
  SINCE JAN 1    381                       513   -132      504
..................................................................


WIND (MPH)
  RESULTANT WIND SPEED   4   RESULTANT WIND DIRECTION   E (80)
  HIGHEST WIND SPEED    12   HIGHEST WIND DIRECTION    NE (50)
  HIGHEST GUST SPEED    14   HIGHEST GUST DIRECTION    NE (50)
  AVERAGE WIND SPEED     5.3


SKY COVER
  AVERAGE SKY COVER 1.0


WEATHER CONDITIONS
 THE FOLLOWING WEATHER WAS RECORDED YESTERDAY.
  LIGHT RAIN
  FOG
  HAZE


RELATIVE HUMIDITY (PERCENT)
 HIGHEST   100           600 AM
 LOWEST     65           400 PM
 AVERAGE    83

..........................................................


THE LANSING MI CLIMATE NORMALS FOR TODAY
                         NORMAL    RECORD    YEAR
 MAXIMUM TEMPERATURE (F)   79        96      1876
 MINIMUM TEMPERATURE (F)   59        35      1865


SUNRISE AND SUNSET
AUGUST 23 2014........SUNRISE   653 AM EDT   SUNSET   828 PM EDT
AUGUST 24 2014........SUNRISE   654 AM EDT   SUNSET   826 PM EDT


-  INDICATES NEGATIVE NUMBERS.
R  INDICATES RECORD WAS SET OR TIED.
MM INDICATES DATA IS MISSING.
T  INDICATES TRACE AMOUNT.




$$
