054
CDUS43 KGRR 180523
CLILAN


CLIMATE REPORT
NATIONAL WEATHER SERVICE GRAND RAPIDS, MI
1222 AM EST SUN FEB 18 2018


...................................

...THE LANSING MI CLIMATE SUMMARY FOR FEBRUARY 17 2018...

CLIMATE NORMAL PERIOD 1981 TO 2010
CLIMATE RECORD PERIOD 1864 TO 2018


WEATHER ITEM   OBSERVED TIME   RECORD YEAR NORMAL DEPARTURE LAST
                VALUE   (LST)  VALUE       VALUE  FROM      YEAR
                                                  NORMAL
..................................................................
TEMPERATURE (F)
 YESTERDAY
  MAXIMUM         34    420 PM  56    1880  34      0       52
  MINIMUM         16    311 AM -27    1875  19     -3       28
  AVERAGE         25                        26     -1       40

PRECIPITATION (IN)
  YESTERDAY        0.05          2.30 1883   0.06  -0.01     0.00
  MONTH TO DATE    1.40                      0.82   0.58     1.04
  SINCE DEC 1      4.70                      4.34   0.36     6.45
  SINCE JAN 1      3.38                      2.47   0.91     4.69

SNOWFALL (IN)
  YESTERDAY        0.4           4.5  1944   0.4    0.0      0.0
  MONTH TO DATE   15.3                       7.3    8.0      2.3
  SINCE DEC 1     44.9                      34.1   10.8     27.5
  SINCE JUL 1     45.3                      37.9    7.4     27.5
  SNOW DEPTH       2

DEGREE DAYS
 HEATING
  YESTERDAY       40                        39      1       25
  MONTH TO DATE  749                       684     65      607
  SINCE DEC 1   3268                      3110    158     2857
  SINCE JUL 1   4524                      4524      0     3832

 COOLING
  YESTERDAY        0                         0      0        0
  MONTH TO DATE    0                         0      0        0
  SINCE DEC 1      0                         0      0        0
  SINCE JAN 1      0                         0      0        0
..................................................................


WIND (MPH)
  RESULTANT WIND SPEED   8   RESULTANT WIND DIRECTION  SW (220)
  HIGHEST WIND SPEED    18   HIGHEST WIND DIRECTION    SW (240)
  HIGHEST GUST SPEED    22   HIGHEST GUST DIRECTION    SW (230)
  AVERAGE WIND SPEED     8.1


SKY COVER
  AVERAGE SKY COVER 0.5


WEATHER CONDITIONS
 THE FOLLOWING WEATHER WAS RECORDED YESTERDAY.
  LIGHT SNOW
  FOG


RELATIVE HUMIDITY (PERCENT)
 HIGHEST    92           300 AM
 LOWEST     56           600 PM
 AVERAGE    74

..........................................................


THE LANSING MI CLIMATE NORMALS FOR TODAY
                         NORMAL    RECORD    YEAR
 MAXIMUM TEMPERATURE (F)   34        65      2017
 MINIMUM TEMPERATURE (F)   19       -26      1875


SUNRISE AND SUNSET
FEBRUARY 18 2018......SUNRISE   731 AM EST   SUNSET   614 PM EST
FEBRUARY 19 2018......SUNRISE   730 AM EST   SUNSET   615 PM EST


-  INDICATES NEGATIVE NUMBERS.
R  INDICATES RECORD WAS SET OR TIED.
MM INDICATES DATA IS MISSING.
T  INDICATES TRACE AMOUNT.




$$
