000
CDUS43 KGRR 062136
CLILAN


CLIMATE REPORT
NATIONAL WEATHER SERVICE GRAND RAPIDS, MI
534 PM EDT FRI MAY 6 2016


...................................

...THE LANSING MI CLIMATE SUMMARY FOR MAY 6 2016...
VALID TODAY AS OF 0500 PM LOCAL TIME.

CLIMATE NORMAL PERIOD 1981 TO 2010
CLIMATE RECORD PERIOD 1864 TO 2016


WEATHER ITEM   OBSERVED TIME   RECORD YEAR NORMAL DEPARTURE LAST
                VALUE   (LST)  VALUE       VALUE  FROM      YEAR
                                                  NORMAL
..................................................................
TEMPERATURE (F)
 TODAY
  MAXIMUM         72    359 PM  89    1949  66      6       74
  MINIMUM         41    510 AM  21    1874  44     -3       52
  AVERAGE         57                        54      3       63

PRECIPITATION (IN)
  TODAY            0.00          1.25 1871   0.10  -0.10     0.00
  MONTH TO DATE    0.88                      0.62   0.26     0.51
  SINCE MAR 1      7.64                      5.71   1.93     2.54
  SINCE JAN 1     10.80                      8.83   1.97     4.79

SNOWFALL (IN)
  TODAY            0.0           T    1974   0.0    0.0      0.0
                                      1954
                                      1925
  MONTH TO DATE    0.0                       0.0    0.0      0.0
  SINCE MAR 1     16.4                       8.9    7.5      1.9
  SINCE JUL 1     50.0                      51.1   -1.1     35.6
  SNOW DEPTH       0

DEGREE DAYS
 HEATING
  TODAY            8                        11     -3        2
  MONTH TO DATE   79                        69     10       29
  SINCE MAR 1   1444                      1532    -88     1541
  SINCE JUL 1   5604                      6467   -863     7035

 COOLING
  TODAY            0                         0      0        0
  MONTH TO DATE    0                         0      0        3
  SINCE MAR 1      1                         7     -6        3
  SINCE JAN 1      1                         7     -6        3
..................................................................


WIND (MPH)
  RESULTANT WIND SPEED   1   RESULTANT WIND DIRECTION   W (270)
  HIGHEST WIND SPEED    10   HIGHEST WIND DIRECTION     W (290)
  HIGHEST GUST SPEED    13   HIGHEST GUST DIRECTION    NW (330)
  AVERAGE WIND SPEED     2.4


SKY COVER
  AVERAGE SKY COVER 0.0


WEATHER CONDITIONS
 THE FOLLOWING WEATHER WAS RECORDED TODAY.
  NO SIGNIFICANT WEATHER WAS OBSERVED.


RELATIVE HUMIDITY (PERCENT)
 HIGHEST    92           200 AM
 LOWEST     27           400 PM
 AVERAGE    60

..........................................................


THE LANSING MI CLIMATE NORMALS FOR TOMORROW
                         NORMAL    RECORD    YEAR
 MAXIMUM TEMPERATURE (F)   66        87      1926
 MINIMUM TEMPERATURE (F)   44        22      1974


SUNRISE AND SUNSET
MAY  6 2016...........SUNRISE   626 AM EDT   SUNSET   845 PM EDT
MAY  7 2016...........SUNRISE   624 AM EDT   SUNSET   846 PM EDT


-  INDICATES NEGATIVE NUMBERS.
R  INDICATES RECORD WAS SET OR TIED.
MM INDICATES DATA IS MISSING.
T  INDICATES TRACE AMOUNT.




$$

jam
