000
CDUS43 KGRR 242134
CLILAN


CLIMATE REPORT
NATIONAL WEATHER SERVICE GRAND RAPIDS, MI
529 PM EDT SUN SEP 24 2017


...................................

...THE LANSING MI CLIMATE SUMMARY FOR SEPTEMBER 24 2017...
VALID TODAY AS OF 0500 PM LOCAL TIME.

CLIMATE NORMAL PERIOD 1981 TO 2010
CLIMATE RECORD PERIOD 1864 TO 2017


WEATHER ITEM   OBSERVED TIME   RECORD YEAR NORMAL DEPARTURE LAST
                VALUE   (LST)  VALUE       VALUE  FROM      YEAR
                                                  NORMAL
..................................................................
TEMPERATURE (F)
 TODAY
  MAXIMUM         92R   325 PM  90    1891  69     23       69
  MINIMUM         62    627 AM  26    1976  48     14       51
  AVERAGE         77                        59     18       60

PRECIPITATION (IN)
  TODAY            0.00          1.33 1865   0.12  -0.12     0.00
  MONTH TO DATE    0.79                      2.82  -2.03     1.48
  SINCE SEP 1      0.79                      2.82  -2.03     1.48
  SINCE JAN 1     26.09                     23.91   2.18    24.96

SNOWFALL (IN)
  TODAY            0.0           0.0    MM   0.0    0.0      0.0
  MONTH TO DATE    0.0                       0.0    0.0      0.0
  SINCE SEP 1      0.0                       0.0    0.0      0.0
  SINCE JUL 1      0.0                       0.0    0.0      0.0
  SNOW DEPTH       0

DEGREE DAYS
 HEATING
  TODAY            0                         7     -7        5
  MONTH TO DATE   76                       100    -24       15
  SINCE SEP 1     76                       100    -24       15
  SINCE JUL 1    105                       135    -30       18

 COOLING
  TODAY           12                         1     11        0
  MONTH TO DATE  103                        56     47       89
  SINCE SEP 1    103                        56     47       89
  SINCE JAN 1    737                       613    124      855
..................................................................


WIND (MPH)
  RESULTANT WIND SPEED   3   RESULTANT WIND DIRECTION  SE (130)
  HIGHEST WIND SPEED    15   HIGHEST WIND DIRECTION    SE (140)
  HIGHEST GUST SPEED    20   HIGHEST GUST DIRECTION    SE (140)
  AVERAGE WIND SPEED     3.6


SKY COVER
  AVERAGE SKY COVER 0.0


WEATHER CONDITIONS
 THE FOLLOWING WEATHER WAS RECORDED TODAY.
  NO SIGNIFICANT WEATHER WAS OBSERVED.


RELATIVE HUMIDITY (PERCENT)
 HIGHEST    84           600 AM
 LOWEST     30           300 PM
 AVERAGE    57

..........................................................


THE LANSING MI CLIMATE NORMALS FOR TOMORROW
                         NORMAL    RECORD    YEAR
 MAXIMUM TEMPERATURE (F)   69        91      1920
                                             1900
 MINIMUM TEMPERATURE (F)   47        23      1863


SUNRISE AND SUNSET
SEPTEMBER 24 2017.....SUNRISE   728 AM EDT   SUNSET   732 PM EDT
SEPTEMBER 25 2017.....SUNRISE   729 AM EDT   SUNSET   730 PM EDT


-  INDICATES NEGATIVE NUMBERS.
R  INDICATES RECORD WAS SET OR TIED.
MM INDICATES DATA IS MISSING.
T  INDICATES TRACE AMOUNT.




$$

JAM
