000
CDUS45 KCYS 030324
CLILAR


CLIMATE REPORT
NATIONAL WEATHER SERVICE CHEYENNE WY
924 PM MDT TUE SEP 2 2014


...................................

...THE LARAMIE WY AIRPORT CLIMATE SUMMARY FOR SEPTEMBER 2 2014...
VALID TODAY AS OF 0900 PM LOCAL TIME.

CLIMATE NORMAL PERIOD 1981 TO 2010
CLIMATE RECORD PERIOD 1948 TO 2014


WEATHER ITEM   OBSERVED TIME   RECORD YEAR NORMAL DEPARTURE LAST
                VALUE   (LST)  VALUE       VALUE  FROM      YEAR
                                                  NORMAL
..................................................................
TEMPERATURE (F)
 TODAY
  MAXIMUM         78    238 PM  87    2013  74      4       87
                                      1960
  MINIMUM         37    546 AM  27    2008  43     -6       51
  AVERAGE         58                        58      0       69

PRECIPITATION (IN)
  TODAY            0.00          0.23 1999   0.03  -0.03     0.02
  MONTH TO DATE    0.00                      0.07  -0.07     0.02
  SINCE JAN 1     10.79                      8.22   2.57     6.35

DEGREE DAYS
 HEATING
  TODAY            7                         7      0        0
  MONTH TO DATE   18                        13      5        0
  SINCE SEP 1     18                        13      5        0
  SINCE JUL 1    197                       185     12       71

 COOLING
  TODAY            0                         0      0        4
  MONTH TO DATE    0                         0      0        5
  SINCE SEP 1      0                         0      0        5
  SINCE JAN 1     67                        66      1      143
..................................................................


WIND (MPH)
  HIGHEST WIND SPEED    29   HIGHEST WIND DIRECTION     W (270)
  HIGHEST GUST SPEED    41   HIGHEST GUST DIRECTION     W (290)
  AVERAGE WIND SPEED    12.1


SKY COVER
  AVERAGE SKY COVER 0.0


WEATHER CONDITIONS
 THE FOLLOWING WEATHER WAS RECORDED TODAY.
  NO SIGNIFICANT WEATHER WAS OBSERVED.


RELATIVE HUMIDITY (PERCENT)
 HIGHEST    85           600 AM
 LOWEST     18           400 PM
 AVERAGE    52

..........................................................


THE LARAMIE WY AIRPORT CLIMATE NORMALS FOR TOMORROW
                         NORMAL    RECORD    YEAR
 MAXIMUM TEMPERATURE (F)   74        87      1978
 MINIMUM TEMPERATURE (F)   42        19      1974


SUNRISE AND SUNSET
SEPTEMBER  2 2014.....SUNRISE   630 AM MDT   SUNSET   734 PM MDT
SEPTEMBER  3 2014.....SUNRISE   631 AM MDT   SUNSET   732 PM MDT


-  INDICATES NEGATIVE NUMBERS.
R  INDICATES RECORD WAS SET OR TIED.
MM INDICATES DATA IS MISSING.
T  INDICATES TRACE AMOUNT.




$$
