000
CDUS45 KCYS 260731
CLILAR


CLIMATE REPORT
NATIONAL WEATHER SERVICE CHEYENNE WY
130 AM MDT THU MAY 26 2016


...................................

...THE LARAMIE WY AIRPORT CLIMATE SUMMARY FOR MAY 25 2016...

CLIMATE NORMAL PERIOD 1981 TO 2010
CLIMATE RECORD PERIOD 1948 TO 2016


WEATHER ITEM   OBSERVED TIME   RECORD YEAR NORMAL DEPARTURE LAST
                VALUE   (LST)  VALUE       VALUE  FROM      YEAR
                                                  NORMAL
..................................................................
TEMPERATURE (F)
 YESTERDAY
  MAXIMUM         62    436 PM  79    1964  65     -3       57
  MINIMUM         32    319 AM  27    1990  36     -4       37
                                      1950
  AVERAGE         47                        50     -3       47

PRECIPITATION (IN)
  YESTERDAY        0.00          0.59 1950   0.06  -0.06     0.05
  MONTH TO DATE    1.94                      1.30   0.64     2.69
  SINCE JAN 1      6.87                      3.56   3.31     5.38

DEGREE DAYS
 HEATING
  YESTERDAY       18                        15      3       18
  MONTH TO DATE  509                       459     50      521
  SINCE MAR 1   2392                      2332     60     2183
  SINCE JUL 1   8174                      8508   -334     7860

 COOLING
  YESTERDAY        0                         0      0        0
  MONTH TO DATE    0                         0      0        0
  SINCE MAR 1      0                         0      0        0
  SINCE JAN 1      0                         0      0        0
..................................................................


WIND (MPH)
  HIGHEST WIND SPEED    33   HIGHEST WIND DIRECTION     W (260)
  HIGHEST GUST SPEED    42   HIGHEST GUST DIRECTION    SW (210)
  AVERAGE WIND SPEED    13.6


SKY COVER
  AVERAGE SKY COVER 0.1


WEATHER CONDITIONS
 THE FOLLOWING WEATHER WAS RECORDED YESTERDAY.
  NO SIGNIFICANT WEATHER WAS OBSERVED.


RELATIVE HUMIDITY (PERCENT)
 HIGHEST    96           300 AM
 LOWEST     20          1200 PM
 AVERAGE    58

..........................................................


THE LARAMIE WY AIRPORT CLIMATE NORMALS FOR TODAY
                         NORMAL    RECORD    YEAR
 MAXIMUM TEMPERATURE (F)   65        82      1969
 MINIMUM TEMPERATURE (F)   37        17      1950


SUNRISE AND SUNSET
MAY 26 2016...........SUNRISE   535 AM MDT   SUNSET   825 PM MDT
MAY 27 2016...........SUNRISE   534 AM MDT   SUNSET   826 PM MDT


-  INDICATES NEGATIVE NUMBERS.
R  INDICATES RECORD WAS SET OR TIED.
MM INDICATES DATA IS MISSING.
T  INDICATES TRACE AMOUNT.




$$
