000
CDUS45 KCYS 290735
CLILAR


CLIMATE REPORT
NATIONAL WEATHER SERVICE CHEYENNE WY
134 AM MDT FRI APR 29 2016


...................................

...THE LARAMIE WY AIRPORT CLIMATE SUMMARY FOR APRIL 28 2016...

CLIMATE NORMAL PERIOD 1981 TO 2010
CLIMATE RECORD PERIOD 1948 TO 2016


WEATHER ITEM   OBSERVED TIME   RECORD YEAR NORMAL DEPARTURE LAST
                VALUE   (LST)  VALUE       VALUE  FROM      YEAR
                                                  NORMAL
..................................................................
TEMPERATURE (F)
 YESTERDAY
  MAXIMUM         33    334 PM  71    2007  55    -22       57
                                      1948
  MINIMUM         24   1207 AM   8    1984  28     -4       30
  AVERAGE         29                        42    -13       44

PRECIPITATION (IN)
  YESTERDAY        0.03          0.70 1950   0.04  -0.01     0.00
  MONTH TO DATE    1.51                      0.98   0.53     1.70
  SINCE JAN 1      3.88                      2.17   1.71     2.66

DEGREE DAYS
 HEATING
  YESTERDAY       36                        23     13       21
  MONTH TO DATE  744                       769    -25      765
  SINCE MAR 1   1812                      1828    -16     1634
  SINCE JUL 1   7594                      8004   -410     7311

 COOLING
  YESTERDAY        0                         0      0        0
  MONTH TO DATE    0                         0      0        0
  SINCE MAR 1      0                         0      0        0
  SINCE JAN 1      0                         0      0        0
..................................................................


WIND (MPH)
  HIGHEST WIND SPEED    23   HIGHEST WIND DIRECTION    SE (140)
  HIGHEST GUST SPEED    27   HIGHEST GUST DIRECTION    SE (140)
  AVERAGE WIND SPEED    10.8


SKY COVER
  AVERAGE SKY COVER 1.0


WEATHER CONDITIONS
 THE FOLLOWING WEATHER WAS RECORDED YESTERDAY.
  SNOW
  LIGHT SNOW
  FOG


RELATIVE HUMIDITY (PERCENT)
 HIGHEST    92          1200 AM
 LOWEST     78           700 AM
 AVERAGE    85

..........................................................


THE LARAMIE WY AIRPORT CLIMATE NORMALS FOR TODAY
                         NORMAL    RECORD    YEAR
 MAXIMUM TEMPERATURE (F)   56        75      2007
                                             1992
 MINIMUM TEMPERATURE (F)   28         6      2005


SUNRISE AND SUNSET
APRIL 29 2016.........SUNRISE   602 AM MDT   SUNSET   759 PM MDT
APRIL 30 2016.........SUNRISE   601 AM MDT   SUNSET   800 PM MDT


-  INDICATES NEGATIVE NUMBERS.
R  INDICATES RECORD WAS SET OR TIED.
MM INDICATES DATA IS MISSING.
T  INDICATES TRACE AMOUNT.




$$
