000
CDUS45 KCYS 250728
CLILAR


CLIMATE REPORT
NATIONAL WEATHER SERVICE CHEYENNE WY
127 AM MDT FRI JUL 25 2014


...................................

...THE LARAMIE WY AIRPORT CLIMATE SUMMARY FOR JULY 24 2014...

CLIMATE NORMAL PERIOD 1981 TO 2010
CLIMATE RECORD PERIOD 1948 TO 2014


WEATHER ITEM   OBSERVED TIME   RECORD YEAR NORMAL DEPARTURE LAST
                VALUE   (LST)  VALUE       VALUE  FROM      YEAR
                                                  NORMAL
..................................................................
TEMPERATURE (F)
 YESTERDAY
  MAXIMUM         85   1123 AM  92    1959  81      4       82
  MINIMUM         60    544 AM  41    1962  49     11       54
  AVERAGE         73                        65      8       68

PRECIPITATION (IN)
  YESTERDAY        0.00          2.40 1977   0.05  -0.05     0.07
  MONTH TO DATE    1.96                      1.08   0.88     1.63
  SINCE JAN 1      7.80                      6.57   1.23     5.04

DEGREE DAYS
 HEATING
  YESTERDAY        0                         2     -2        0
  MONTH TO DATE   35                        58    -23        9
  SINCE JUN 1    277                       299    -22      112
  SINCE JUL 1     35                        58    -23        9

 COOLING
  YESTERDAY        8                         2      6        3
  MONTH TO DATE   52                        30     22       58
  SINCE JUN 1     55                        37     18       94
  SINCE JAN 1     55                        37     18       94
..................................................................


WIND (MPH)
  HIGHEST WIND SPEED    32   HIGHEST WIND DIRECTION     W (250)
  HIGHEST GUST SPEED    45   HIGHEST GUST DIRECTION    SW (240)
  AVERAGE WIND SPEED    14.7


SKY COVER
  AVERAGE SKY COVER 0.0


WEATHER CONDITIONS
 THE FOLLOWING WEATHER WAS RECORDED YESTERDAY.
  NO SIGNIFICANT WEATHER WAS OBSERVED.


RELATIVE HUMIDITY (PERCENT)
 HIGHEST    60          1000 PM
 LOWEST     25           300 AM
 AVERAGE    43

..........................................................


THE LARAMIE WY AIRPORT CLIMATE NORMALS FOR TODAY
                         NORMAL    RECORD    YEAR
 MAXIMUM TEMPERATURE (F)   81        91      1963
 MINIMUM TEMPERATURE (F)   49        38      2004


SUNRISE AND SUNSET
JULY 25 2014..........SUNRISE   551 AM MDT   SUNSET   827 PM MDT
JULY 26 2014..........SUNRISE   552 AM MDT   SUNSET   826 PM MDT


-  INDICATES NEGATIVE NUMBERS.
R  INDICATES RECORD WAS SET OR TIED.
MM INDICATES DATA IS MISSING.
T  INDICATES TRACE AMOUNT.




$$
