000
CDUS45 KVEF 200845
CLILAS


CLIMATE REPORT
NATIONAL WEATHER SERVICE LAS VEGAS, NV
1245 AM PST FRI JAN 20 2017


...................................

...THE LAS VEGAS NV CLIMATE SUMMARY FOR JANUARY 19 2017...

CLIMATE NORMAL PERIOD 1981 TO 2010
CLIMATE RECORD PERIOD 1937 TO 2017


WEATHER ITEM   OBSERVED TIME   RECORD YEAR NORMAL DEPARTURE LAST
                VALUE   (LST)  VALUE       VALUE  FROM      YEAR
                                                  NORMAL
..................................................................
TEMPERATURE (F)
 YESTERDAY
  MAXIMUM         56    335 PM  74    1971  58     -2       51
  MINIMUM         47   1141 PM  10    1943  40      7       40
  AVERAGE         52                        49      3       46

PRECIPITATION (IN)
  YESTERDAY        0.01          0.49 2010   0.02  -0.01     0.05
  MONTH TO DATE    0.11                      0.35  -0.24     0.31
  SINCE OCT 1      1.17                      1.48  -0.31     1.72
  SINCE JAN 1      0.11                      0.35  -0.24     0.31

SNOWFALL (IN)
  YESTERDAY       MM             0.7  1949   0.0   MM        0.0
  MONTH TO DATE    0.0                       0.0    0.0      0.0
  SINCE DEC 1      0.0                       0.2   -0.2       T
  SINCE JUL 1      0.0                       0.2   -0.2       T
  SNOW DEPTH       0

DEGREE DAYS
 HEATING
  YESTERDAY       13                        16     -3       19
  MONTH TO DATE  265                       319    -54      343
  SINCE DEC 1    777                       857    -80      886
  SINCE JUL 1    944                      1166   -222     1210

 COOLING
  YESTERDAY        0                         0      0        0
  MONTH TO DATE    0                         0      0        0
  SINCE DEC 1      0                         0      0        0
  SINCE JAN 1      0                         0      0        0
..................................................................


WIND (MPH)
  RESULTANT WIND SPEED   8   RESULTANT WIND DIRECTION   S (200)
  HIGHEST WIND SPEED    22   HIGHEST WIND DIRECTION    SW (220)
  HIGHEST GUST SPEED    29   HIGHEST GUST DIRECTION     S (180)
  AVERAGE WIND SPEED     9.1


SKY COVER
  POSSIBLE SUNSHINE  MM
  AVERAGE SKY COVER 0.8


WEATHER CONDITIONS
 THE FOLLOWING WEATHER WAS RECORDED YESTERDAY.
  LIGHT RAIN


RELATIVE HUMIDITY (PERCENT)
 HIGHEST    71           700 AM
 LOWEST     43           300 PM
 AVERAGE    57

..........................................................


THE LAS VEGAS NV CLIMATE NORMALS FOR TODAY
                         NORMAL    RECORD    YEAR
 MAXIMUM TEMPERATURE (F)   58        72      1986
                                             1971
 MINIMUM TEMPERATURE (F)   40        17      1937


SUNRISE AND SUNSET
JANUARY 20 2017.......SUNRISE   649 AM PST   SUNSET   455 PM PST
JANUARY 21 2017.......SUNRISE   648 AM PST   SUNSET   456 PM PST


-  INDICATES NEGATIVE NUMBERS.
R  INDICATES RECORD WAS SET OR TIED.
MM INDICATES DATA IS MISSING.
T  INDICATES TRACE AMOUNT.




$$
