000
CDUS45 KVEF 270829
CLILAS


CLIMATE REPORT
NATIONAL WEATHER SERVICE LAS VEGAS, NV
128 AM PDT SAT AUG 27 2016


...................................

...THE LAS VEGAS NV CLIMATE SUMMARY FOR AUGUST 26 2016...

CLIMATE NORMAL PERIOD 1981 TO 2010
CLIMATE RECORD PERIOD 1937 TO 2016


WEATHER ITEM   OBSERVED TIME   RECORD YEAR NORMAL DEPARTURE LAST
                VALUE   (LST)  VALUE       VALUE  FROM      YEAR
                                                  NORMAL
..................................................................
TEMPERATURE (F)
 YESTERDAY
  MAXIMUM         98    149 PM 109    2001 101     -3       96
                                      1944
  MINIMUM         78   1159 PM  55    1943  78      0       83
  AVERAGE         88                        89     -1       90

PRECIPITATION (IN)
  YESTERDAY        0.00          0.14 2003   0.01  -0.01     0.00
  MONTH TO DATE    0.16                      0.28  -0.12     0.68
  SINCE OCT 1      5.11                      3.89   1.22     3.36
  SINCE JAN 1      3.70                      2.76   0.94     3.06

SNOWFALL (IN)
  YESTERDAY        0.0           0.0    MM   0.0    0.0      0.0
  MONTH TO DATE    0.0                       0.0    0.0      0.0
  SINCE JUN 1      0.0                       0.0    0.0      0.0
  SINCE JUL 1      0.0                       0.0    0.0      0.0
  SNOW DEPTH       0

DEGREE DAYS
 HEATING
  YESTERDAY        0                         0      0        0
  MONTH TO DATE    0                         0      0        0
  SINCE JUN 1      0                         1     -1        0
  SINCE JUL 1      0                         0      0        0

 COOLING
  YESTERDAY       23                        24     -1       25
  MONTH TO DATE  700                       677     23      730
  SINCE JUN 1   2491                      2181    310     2346
  SINCE JAN 1   3027                      2731    296     2949
..................................................................


WIND (MPH)
  RESULTANT WIND SPEED   2   RESULTANT WIND DIRECTION  SE (150)
  HIGHEST WIND SPEED    25   HIGHEST WIND DIRECTION    SW (220)
  HIGHEST GUST SPEED    35   HIGHEST GUST DIRECTION    SW (230)
  AVERAGE WIND SPEED     7.7


SKY COVER
  POSSIBLE SUNSHINE  MM
  AVERAGE SKY COVER 0.4


WEATHER CONDITIONS
 THE FOLLOWING WEATHER WAS RECORDED YESTERDAY.
  THUNDERSTORM


RELATIVE HUMIDITY (PERCENT)
 HIGHEST    36          1100 PM
 LOWEST     14          1200 AM
 AVERAGE    25

..........................................................


THE LAS VEGAS NV CLIMATE NORMALS FOR TODAY
                         NORMAL    RECORD    YEAR
 MAXIMUM TEMPERATURE (F)  100       109      2001
                                             1944
 MINIMUM TEMPERATURE (F)   78        60      1943


SUNRISE AND SUNSET
AUGUST 27 2016........SUNRISE   609 AM PDT   SUNSET   714 PM PDT
AUGUST 28 2016........SUNRISE   610 AM PDT   SUNSET   713 PM PDT


-  INDICATES NEGATIVE NUMBERS.
R  INDICATES RECORD WAS SET OR TIED.
MM INDICATES DATA IS MISSING.
T  INDICATES TRACE AMOUNT.




$$
