000
CDUS45 KVEF 280843
CLILAS


CLIMATE REPORT
NATIONAL WEATHER SERVICE LAS VEGAS, NV
133 AM PDT SAT MAR 28 2015


...................................

...THE LAS VEGAS NV CLIMATE SUMMARY FOR MARCH 27 2015...

CLIMATE NORMAL PERIOD 1981 TO 2010
CLIMATE RECORD PERIOD 1937 TO 2015


WEATHER ITEM   OBSERVED TIME   RECORD YEAR NORMAL DEPARTURE LAST
                VALUE   (LST)  VALUE       VALUE  FROM      YEAR
                                                  NORMAL
..................................................................
TEMPERATURE (F)
 YESTERDAY
  MAXIMUM         88R   424 PM  88    1988  73     15       66
                                      1986
  MINIMUM         59    548 AM  33    1975  51      8       50
  AVERAGE         74                        62     12       58

PRECIPITATION (IN)
  YESTERDAY        0.00          1.20 1992   0.01  -0.01     0.00
  MONTH TO DATE    0.28                      0.40  -0.12     0.00
  SINCE OCT 1      1.99                      2.83  -0.84     1.72
  SINCE JAN 1      1.69                      1.70  -0.01     0.30

SNOWFALL (IN)
  YESTERDAY        0.0           0.0  2014   0.0    0.0      0.0
  MONTH TO DATE    0.0                       0.0    0.0      0.0
  SINCE MAR 1      0.0                       0.0    0.0      0.0
  SINCE JUL 1      T                         0.3   -0.3      0.0
  SNOW DEPTH       0

DEGREE DAYS
 HEATING
  YESTERDAY        0                         4     -4        7
  MONTH TO DATE   76                       173    -97       79
  SINCE MAR 1     76                       173    -97       79
  SINCE JUL 1   1183                      1864   -681     1465

 COOLING
  YESTERDAY        9                         2      7        0
  MONTH TO DATE   91                        20     71       27
  SINCE MAR 1     91                        20     71       27
  SINCE JAN 1    101                        21     80       30
..................................................................


WIND (MPH)
  RESULTANT WIND SPEED   5   RESULTANT WIND DIRECTION   S (180)
  HIGHEST WIND SPEED    13   HIGHEST WIND DIRECTION     S (200)
  HIGHEST GUST SPEED    14   HIGHEST GUST DIRECTION     S (190)
  AVERAGE WIND SPEED     6.1


SKY COVER
  POSSIBLE SUNSHINE  MM
  AVERAGE SKY COVER 0.0


WEATHER CONDITIONS
 THE FOLLOWING WEATHER WAS RECORDED YESTERDAY.
  HAZE


RELATIVE HUMIDITY (PERCENT)
 HIGHEST    29           300 AM
 LOWEST      8           300 PM
 AVERAGE    19

..........................................................


THE LAS VEGAS NV CLIMATE NORMALS FOR TODAY
                         NORMAL    RECORD    YEAR
 MAXIMUM TEMPERATURE (F)   73        89      1986
 MINIMUM TEMPERATURE (F)   51        31      1975


SUNRISE AND SUNSET
MARCH 28 2015.........SUNRISE   633 AM PDT   SUNSET   659 PM PDT
MARCH 29 2015.........SUNRISE   632 AM PDT   SUNSET   700 PM PDT


-  INDICATES NEGATIVE NUMBERS.
R  INDICATES RECORD WAS SET OR TIED.
MM INDICATES DATA IS MISSING.
T  INDICATES TRACE AMOUNT.




$$
