000
CDUS45 KVEF 280827
CLILAS


CLIMATE REPORT
NATIONAL WEATHER SERVICE LAS VEGAS, NV
126 AM PDT THU JUL 28 2016


...................................

...THE LAS VEGAS NV CLIMATE SUMMARY FOR JULY 27 2016...

CLIMATE NORMAL PERIOD 1981 TO 2010
CLIMATE RECORD PERIOD 1937 TO 2016


WEATHER ITEM   OBSERVED TIME   RECORD YEAR NORMAL DEPARTURE LAST
                VALUE   (LST)  VALUE       VALUE  FROM      YEAR
                                                  NORMAL
..................................................................
TEMPERATURE (F)
 YESTERDAY
  MAXIMUM        115R   259 PM 115    1943 104     11      103
  MINIMUM         90    426 AM  63    1944  81      9       81
  AVERAGE        103                        93     10       92

PRECIPITATION (IN)
  YESTERDAY        0.00          0.33 1984   0.02  -0.02     0.00
  MONTH TO DATE    0.17                      0.33  -0.16     0.19
  SINCE OCT 1      4.92                      3.54   1.38     2.68
  SINCE JAN 1      3.51                      2.41   1.10     2.38

SNOWFALL (IN)
  YESTERDAY        0.0           0.0    MM   0.0    0.0      0.0
  MONTH TO DATE    0.0                       0.0    0.0      0.0
  SINCE JUN 1      0.0                       0.0    0.0      0.0
  SINCE JUL 1      0.0                       0.0    0.0      0.0
  SNOW DEPTH       0

DEGREE DAYS
 HEATING
  YESTERDAY        0                         0      0        0
  MONTH TO DATE    0                         0      0        0
  SINCE JUN 1      0                         1     -1        0
  SINCE JUL 1      0                         0      0        0

 COOLING
  YESTERDAY       38                        28     10       27
  MONTH TO DATE  808                       743     65      685
  SINCE JUN 1   1651                      1393    258     1499
  SINCE JAN 1   2187                      1943    244     2102
..................................................................


WIND (MPH)
  RESULTANT WIND SPEED   2   RESULTANT WIND DIRECTION   S (200)
  HIGHEST WIND SPEED    20   HIGHEST WIND DIRECTION    SW (230)
  HIGHEST GUST SPEED    24   HIGHEST GUST DIRECTION    SW (230)
  AVERAGE WIND SPEED     5.0


SKY COVER
  POSSIBLE SUNSHINE  MM
  AVERAGE SKY COVER 0.2


WEATHER CONDITIONS
 THE FOLLOWING WEATHER WAS RECORDED YESTERDAY.
  NO SIGNIFICANT WEATHER WAS OBSERVED.


RELATIVE HUMIDITY (PERCENT)
 HIGHEST    20           500 AM
 LOWEST      8           300 PM
 AVERAGE    14

..........................................................


THE LAS VEGAS NV CLIMATE NORMALS FOR TODAY
                         NORMAL    RECORD    YEAR
 MAXIMUM TEMPERATURE (F)  104       114      1995
                                             1980
 MINIMUM TEMPERATURE (F)   81        61      1984
                                             1941


SUNRISE AND SUNSET
JULY 28 2016..........SUNRISE   545 AM PDT   SUNSET   749 PM PDT
JULY 29 2016..........SUNRISE   546 AM PDT   SUNSET   748 PM PDT


-  INDICATES NEGATIVE NUMBERS.
R  INDICATES RECORD WAS SET OR TIED.
MM INDICATES DATA IS MISSING.
T  INDICATES TRACE AMOUNT.




$$
