000
CDUS45 KVEF 210027
CLILAS


CLIMATE REPORT
NATIONAL WEATHER SERVICE LAS VEGAS, NV
427 PM PST SAT DEC 20 2014


...................................

...THE LAS VEGAS NV CLIMATE SUMMARY FOR DECEMBER 20 2014...
VALID TODAY AS OF 0400 PM LOCAL TIME.

CLIMATE NORMAL PERIOD 1981 TO 2010
CLIMATE RECORD PERIOD 1937 TO 2014


WEATHER ITEM   OBSERVED TIME   RECORD YEAR NORMAL DEPARTURE LAST
                VALUE   (LST)  VALUE       VALUE  FROM      YEAR
                                                  NORMAL
..................................................................
TEMPERATURE (F)
 TODAY
  MAXIMUM         56    317 PM  73    1981  56      0       56
  MINIMUM         41    637 AM  14    1945  38      3       42
  AVERAGE         49                        47      2       49

PRECIPITATION (IN)
  TODAY            0.00          0.40 2010   0.02  -0.02     0.00
  MONTH TO DATE    0.30                      0.29   0.01     0.05
  SINCE OCT 1      0.30                      0.92  -0.62     1.42
  SINCE JAN 1      1.81                      3.98  -2.17     2.96

SNOWFALL (IN)
  TODAY            0.0           0.0  2013   0.0    0.0      0.0
  MONTH TO DATE    0.0                       0.1   -0.1      0.0
  SINCE DEC 1      0.0                       0.1   -0.1      0.0
  SINCE JUL 1      0.0                       0.1   -0.1      0.0
  SNOW DEPTH       0

DEGREE DAYS
 HEATING
  TODAY           16                        18     -2       16
  MONTH TO DATE  223                       341   -118      387
  SINCE DEC 1    223                       341   -118      387
  SINCE JUL 1    396                       650   -254      650

 COOLING
  TODAY            0                         0      0        0
  MONTH TO DATE    0                         0      0        0
  SINCE DEC 1      0                         0      0        0
  SINCE JAN 1   3970                      3568    402     3766
..................................................................


WIND (MPH)
  RESULTANT WIND SPEED   6   RESULTANT WIND DIRECTION   S (200)
  HIGHEST WIND SPEED    12   HIGHEST WIND DIRECTION     S (200)
  HIGHEST GUST SPEED    13   HIGHEST GUST DIRECTION     S (200)
  AVERAGE WIND SPEED     5.8


SKY COVER
  POSSIBLE SUNSHINE  MM
  AVERAGE SKY COVER 0.7


WEATHER CONDITIONS
 THE FOLLOWING WEATHER WAS RECORDED TODAY.
  NO SIGNIFICANT WEATHER WAS OBSERVED.


RELATIVE HUMIDITY (PERCENT)
 HIGHEST    76           100 AM
 LOWEST     47           100 PM
 AVERAGE    62

..........................................................


THE LAS VEGAS NV CLIMATE NORMALS FOR TOMORROW
                         NORMAL    RECORD    YEAR
 MAXIMUM TEMPERATURE (F)   56        68      1950
 MINIMUM TEMPERATURE (F)   38        20      1990
                                             1968


SUNRISE AND SUNSET
DECEMBER 20 2014......SUNRISE   647 AM PST   SUNSET   430 PM PST
DECEMBER 21 2014......SUNRISE   648 AM PST   SUNSET   430 PM PST


-  INDICATES NEGATIVE NUMBERS.
R  INDICATES RECORD WAS SET OR TIED.
MM INDICATES DATA IS MISSING.
T  INDICATES TRACE AMOUNT.




$$
