000
CDUS45 KVEF 180830
CLILAS


CLIMATE REPORT
NATIONAL WEATHER SERVICE LAS VEGAS, NV
130 AM PDT WED OCT 18 2017


...................................

...THE LAS VEGAS NV CLIMATE SUMMARY FOR OCTOBER 17 2017...

CLIMATE NORMAL PERIOD 1981 TO 2010
CLIMATE RECORD PERIOD 1937 TO 2017


WEATHER ITEM   OBSERVED TIME   RECORD YEAR NORMAL DEPARTURE LAST
                VALUE   (LST)  VALUE       VALUE  FROM      YEAR
                                                  NORMAL
..................................................................
TEMPERATURE (F)
 YESTERDAY
  MAXIMUM         86    356 PM  94    1991  80      6       81
  MINIMUM         56    538 AM  38    1938  58     -2       67
  AVERAGE         71                        69      2       74

PRECIPITATION (IN)
  YESTERDAY        0.00          0.48 2005   0.01  -0.01     0.00
  MONTH TO DATE    0.00                      0.12  -0.12     0.00
  SINCE OCT 1      0.00                      0.12  -0.12     0.00
  SINCE JAN 1      2.38                      3.18  -0.80     3.71

SNOWFALL (IN)
  YESTERDAY        0.0           0.0    MM   0.0    0.0      0.0
  MONTH TO DATE    0.0                       0.0    0.0      0.0
  SINCE SEP 1      0.0                       0.0    0.0      0.0
  SINCE JUL 1      0.0                       0.0    0.0      0.0
  SNOW DEPTH       0

DEGREE DAYS
 HEATING
  YESTERDAY        0                         1     -1        0
  MONTH TO DATE    0                         7     -7        0
  SINCE SEP 1      0                         8     -8        0
  SINCE JUL 1      0                         8     -8        0

 COOLING
  YESTERDAY        6                         5      1        9
  MONTH TO DATE  104                       134    -30      190
  SINCE SEP 1    620                       662    -42      718
  SINCE JAN 1   3912                      3511    401     3864
..................................................................


WIND (MPH)
  RESULTANT WIND SPEED   2   RESULTANT WIND DIRECTION  SW (210)
  HIGHEST WIND SPEED     9   HIGHEST WIND DIRECTION     W (270)
  HIGHEST GUST SPEED    10   HIGHEST GUST DIRECTION     E (70)
  AVERAGE WIND SPEED     4.0


SKY COVER
  POSSIBLE SUNSHINE  MM
  AVERAGE SKY COVER 0.4


WEATHER CONDITIONS
 THE FOLLOWING WEATHER WAS RECORDED YESTERDAY.
  NO SIGNIFICANT WEATHER WAS OBSERVED.


RELATIVE HUMIDITY (PERCENT)
 HIGHEST    18           100 AM
 LOWEST      6           300 PM
 AVERAGE    12

..........................................................


THE LAS VEGAS NV CLIMATE NORMALS FOR TODAY
                         NORMAL    RECORD    YEAR
 MAXIMUM TEMPERATURE (F)   80        95      1958
                                             1940
 MINIMUM TEMPERATURE (F)   58        35      1938


SUNRISE AND SUNSET
OCTOBER 18 2017.......SUNRISE   650 AM PDT   SUNSET   600 PM PDT
OCTOBER 19 2017.......SUNRISE   651 AM PDT   SUNSET   559 PM PDT


-  INDICATES NEGATIVE NUMBERS.
R  INDICATES RECORD WAS SET OR TIED.
MM INDICATES DATA IS MISSING.
T  INDICATES TRACE AMOUNT.




$$
