000
CDUS46 KLOX 010903
CLILAX


CLIMATE REPORT
NATIONAL WEATHER SERVICE LOS ANGELES/OXNARD CA
102 AM PST SUN MAR 1 2015


...................................

...THE LOS ANGELES INTL AIRPORT CA CLIMATE SUMMARY FOR FEBRUARY 28 2015...

CLIMATE NORMAL PERIOD 1981 TO 2010
CLIMATE RECORD PERIOD 1944 TO 2015


WEATHER ITEM   OBSERVED TIME   RECORD YEAR NORMAL DEPARTURE LAST
                VALUE   (LST)  VALUE       VALUE  FROM      YEAR
                                                  NORMAL
..................................................................
TEMPERATURE (F)
 YESTERDAY
  MAXIMUM         61    301 PM  84    1967  64     -3       64
  MINIMUM         53   1159 PM  37    1962  51      2       57
  AVERAGE         57                        58     -1       61

PRECIPITATION (IN)
  YESTERDAY        T             1.61 1978   0.10  -0.10     1.56
  MONTH TO DATE    0.27                      3.25  -2.98     2.79
  SINCE OCT 1      6.22                      9.68  -3.46     3.80
  SINCE JAN 1      1.52                      5.96  -4.44     2.79

SNOWFALL (IN)
  YESTERDAY        0.0
  MONTH TO DATE    0.0
  SINCE DEC 1      0.0
  SINCE JUL 1      0.0

DEGREE DAYS
 HEATING
  YESTERDAY        8                         8      0        4
  MONTH TO DATE  124                       224   -100      141
  SINCE DEC 1    491                       747   -256      455
  SINCE JUL 1    533                       929   -396      555

 COOLING
  YESTERDAY        0                         0      0        0
  MONTH TO DATE   20                         5     15        0
  SINCE DEC 1     29                        10     19       32
  SINCE JAN 1     27                         9     18       16
..................................................................


WIND (MPH)
  HIGHEST WIND SPEED    25   HIGHEST WIND DIRECTION     W (270)
  HIGHEST GUST SPEED    29   HIGHEST GUST DIRECTION     W (260)
  AVERAGE WIND SPEED    11.3


SKY COVER
  POSSIBLE SUNSHINE  MM
  AVERAGE SKY COVER 0.8


WEATHER CONDITIONS
 THE FOLLOWING WEATHER WAS RECORDED YESTERDAY.
  LIGHT RAIN


RELATIVE HUMIDITY (PERCENT)
 HIGHEST    77          1200 AM
 LOWEST     55          1200 PM
 AVERAGE    66

..........................................................


THE LOS ANGELES INTL AIRPORT CA CLIMATE NORMALS FOR TODAY
                         NORMAL    RECORD    YEAR
 MAXIMUM TEMPERATURE (F)   64        81      2013
 MINIMUM TEMPERATURE (F)   51        36      1945


SUNRISE AND SUNSET
MARCH  1 2015.........SUNRISE   622 AM PST   SUNSET   550 PM PST
MARCH  2 2015.........SUNRISE   621 AM PST   SUNSET   551 PM PST


-  INDICATES NEGATIVE NUMBERS.
R  INDICATES RECORD WAS SET OR TIED.
MM INDICATES DATA IS MISSING.
T  INDICATES TRACE AMOUNT.




$$
