000
CDUS46 KLOX 240929
CLILAX


CLIMATE REPORT
NATIONAL WEATHER SERVICE LOS ANGELES/OXNARD CA
129 AM PST FRI NOV 24 2017


...................................

...THE LOS ANGELES INTL AIRPORT CA CLIMATE SUMMARY FOR NOVEMBER 23 2017...

CLIMATE NORMAL PERIOD 1981 TO 2010
CLIMATE RECORD PERIOD 1944 TO 2017


WEATHER ITEM   OBSERVED TIME   RECORD YEAR NORMAL DEPARTURE LAST
                VALUE   (LST)  VALUE       VALUE  FROM      YEAR
                                                  NORMAL
..................................................................
TEMPERATURE (F)
 YESTERDAY
  MAXIMUM         91R  1130 AM  91    2017  68     23       72
  MINIMUM         64   1033 PM  38    1947  52     12       51
  AVERAGE         78                        60     18       62

PRECIPITATION (IN)
  YESTERDAY        0.00          1.64 1946   0.05  -0.05     0.00
  MONTH TO DATE    0.09                      0.79  -0.70     0.79
  SINCE OCT 1      0.09                      1.35  -1.26     1.15
  SINCE JAN 1     12.24                     10.45   1.79     7.17

SNOWFALL (IN)
  YESTERDAY        0.0
  MONTH TO DATE    0.0
  SINCE SEP 1      0.0
  SINCE JUL 1      0.0

DEGREE DAYS
 HEATING
  YESTERDAY        0                         6     -6        3
  MONTH TO DATE   19                        93    -74       33
  SINCE SEP 1     20                       133   -113       36
  SINCE JUL 1     20                       137   -117       36

 COOLING
  YESTERDAY       13                         0     13        0
  MONTH TO DATE   40                        18     22       78
  SINCE SEP 1    452                       203    249      379
  SINCE JAN 1   1016                       549    467      961
..................................................................


WIND (MPH)
  HIGHEST WIND SPEED    15   HIGHEST WIND DIRECTION     W (270)
  HIGHEST GUST SPEED    17   HIGHEST GUST DIRECTION     W (270)
  AVERAGE WIND SPEED     6.2


SKY COVER
  POSSIBLE SUNSHINE  MM
  AVERAGE SKY COVER 0.3


WEATHER CONDITIONS
 THE FOLLOWING WEATHER WAS RECORDED YESTERDAY.
  NO SIGNIFICANT WEATHER WAS OBSERVED.


RELATIVE HUMIDITY (PERCENT)
 HIGHEST    73          1000 PM
 LOWEST     16          1100 AM
 AVERAGE    45

..........................................................


THE LOS ANGELES INTL AIRPORT CA CLIMATE NORMALS FOR TODAY
                         NORMAL    RECORD    YEAR
 MAXIMUM TEMPERATURE (F)   67        88      1959
 MINIMUM TEMPERATURE (F)   51        38      1947


SUNRISE AND SUNSET
NOVEMBER 24 2017......SUNRISE   635 AM PST   SUNSET   446 PM PST
NOVEMBER 25 2017......SUNRISE   636 AM PST   SUNSET   446 PM PST


-  INDICATES NEGATIVE NUMBERS.
R  INDICATES RECORD WAS SET OR TIED.
MM INDICATES DATA IS MISSING.
T  INDICATES TRACE AMOUNT.




$$
