000
CDUS46 KLOX 280912
CLILAX


CLIMATE REPORT
NATIONAL WEATHER SERVICE LOS ANGELES/OXNARD CA
212 AM PDT TUE JUL 28 2015


...................................

...THE LOS ANGELES INTL AIRPORT CA CLIMATE SUMMARY FOR JULY 27 2015...

CLIMATE NORMAL PERIOD 1981 TO 2010
CLIMATE RECORD PERIOD 1944 TO 2015


WEATHER ITEM   OBSERVED TIME   RECORD YEAR NORMAL DEPARTURE LAST
                VALUE   (LST)  VALUE       VALUE  FROM      YEAR
                                                  NORMAL
..................................................................
TEMPERATURE (F)
 YESTERDAY
  MAXIMUM         76   1215 PM  88    1967  74      2       76
                                      1947
  MINIMUM         67   1159 PM  57    1965  64      3       66
  AVERAGE         72                        69      3       71

PRECIPITATION (IN)
  YESTERDAY        0.00          0.14 2014   0.00   0.00     0.14
  MONTH TO DATE    0.35                      0.03   0.32     0.14
  SINCE OCT 1      7.61                     12.56  -4.95     4.56
  SINCE JAN 1      2.91                      8.84  -5.93     3.55

SNOWFALL (IN)
  YESTERDAY        0.0
  MONTH TO DATE    0.0
  SINCE JUN 1      0.0
  SINCE JUL 1      0.0

DEGREE DAYS
 HEATING
  YESTERDAY        0                         0      0        0
  MONTH TO DATE    0                         0      0        0
  SINCE JUN 1     11                        25    -14        1
  SINCE JUL 1      0                         0      0        0

 COOLING
  YESTERDAY        7                         4      3        6
  MONTH TO DATE  145                       100     45      186
  SINCE JUN 1    202                       142     60      273
  SINCE JAN 1    315                       182    133      484
..................................................................


WIND (MPH)
  HIGHEST WIND SPEED    16   HIGHEST WIND DIRECTION     W (280)
  HIGHEST GUST SPEED    21   HIGHEST GUST DIRECTION     W (250)
  AVERAGE WIND SPEED     7.8


SKY COVER
  POSSIBLE SUNSHINE  MM
  AVERAGE SKY COVER 0.5


WEATHER CONDITIONS
 THE FOLLOWING WEATHER WAS RECORDED YESTERDAY.
  NO SIGNIFICANT WEATHER WAS OBSERVED.


RELATIVE HUMIDITY (PERCENT)
 HIGHEST    93           900 PM
 LOWEST     60          1000 AM
 AVERAGE    77

..........................................................


THE LOS ANGELES INTL AIRPORT CA CLIMATE NORMALS FOR TODAY
                         NORMAL    RECORD    YEAR
 MAXIMUM TEMPERATURE (F)   74        85      1947
 MINIMUM TEMPERATURE (F)   64        58      1965


SUNRISE AND SUNSET
JULY 28 2015..........SUNRISE   602 AM PDT   SUNSET   758 PM PDT
JULY 29 2015..........SUNRISE   603 AM PDT   SUNSET   757 PM PDT


-  INDICATES NEGATIVE NUMBERS.
R  INDICATES RECORD WAS SET OR TIED.
MM INDICATES DATA IS MISSING.
T  INDICATES TRACE AMOUNT.




$$
