000
CDUS46 KLOX 230119
CLILAX


CLIMATE REPORT
NATIONAL WEATHER SERVICE LOS ANGELES/OXNARD CA
619 PM PDT SAT JUL 22 2017


...................................

...THE LOS ANGELES AIRPORT CLIMATE SUMMARY FOR JULY 22 2017...
VALID TODAY AS OF 0600 PM LOCAL TIME.

CLIMATE NORMAL PERIOD 1981 TO 2010
CLIMATE RECORD PERIOD 1944 TO 2017


WEATHER ITEM   OBSERVED TIME   RECORD YEAR NORMAL DEPARTURE LAST
                VALUE   (LST)  VALUE       VALUE  FROM      YEAR
                                                  NORMAL
..................................................................
TEMPERATURE (F)
 TODAY
  MAXIMUM         77    148 PM  86    2006  74      3       84
  MINIMUM         66    123 AM  57    1952  64      2       68
  AVERAGE         72                        69      3       76

PRECIPITATION (IN)
  TODAY            0.00          0.05 1986   0.00   0.00     0.00
  MONTH TO DATE    0.00                      0.02  -0.02     0.00
  SINCE OCT 1     16.32                     12.55   3.77     7.25
  SINCE JAN 1     12.07                      8.83   3.24     6.01

SNOWFALL (IN)
  TODAY            0.0
  MONTH TO DATE    0.0
  SINCE JUN 1      0.0
  SINCE JUL 1      0.0

DEGREE DAYS
 HEATING
  TODAY            0                         0      0        0
  MONTH TO DATE    0                         0      0        0
  SINCE JUN 1      4                        25    -21       16
  SINCE JUL 1      0                         0      0        0

 COOLING
  TODAY            7                         4      3       11
  MONTH TO DATE  158                        80     78      124
  SINCE JUN 1    221                       122     99      217
  SINCE JAN 1    279                       162    117      310
..................................................................


WIND (MPH)
  HIGHEST WIND SPEED    16   HIGHEST WIND DIRECTION     W (260)
  HIGHEST GUST SPEED    21   HIGHEST GUST DIRECTION    SW (240)
  AVERAGE WIND SPEED     7.4


SKY COVER
  POSSIBLE SUNSHINE  MM
  AVERAGE SKY COVER 0.5


WEATHER CONDITIONS
 THE FOLLOWING WEATHER WAS RECORDED TODAY.
  FOG
  HAZE


RELATIVE HUMIDITY (PERCENT)
 HIGHEST    87           200 AM
 LOWEST     69           900 AM
 AVERAGE    78

..........................................................


THE LOS ANGELES AIRPORT CLIMATE NORMALS FOR TOMORROW
                         NORMAL    RECORD    YEAR
 MAXIMUM TEMPERATURE (F)   74        88      2006
 MINIMUM TEMPERATURE (F)   64        57      1947


SUNRISE AND SUNSET
JULY 22 2017..........SUNRISE   558 AM PDT   SUNSET   801 PM PDT
JULY 23 2017..........SUNRISE   559 AM PDT   SUNSET   801 PM PDT


-  INDICATES NEGATIVE NUMBERS.
R  INDICATES RECORD WAS SET OR TIED.
MM INDICATES DATA IS MISSING.
T  INDICATES TRACE AMOUNT.




$$
