000
CDUS46 KLOX 190859
CLILAX


CLIMATE REPORT
NATIONAL WEATHER SERVICE LOS ANGELES/OXNARD CA
159 AM PDT TUE SEP 19 2017


...................................

...THE LOS ANGELES INTL AIRPORT CA CLIMATE SUMMARY FOR SEPTEMBER 18 2017...

CLIMATE NORMAL PERIOD 1981 TO 2010
CLIMATE RECORD PERIOD 1944 TO 2017


WEATHER ITEM   OBSERVED TIME   RECORD YEAR NORMAL DEPARTURE LAST
                VALUE   (LST)  VALUE       VALUE  FROM      YEAR
                                                  NORMAL
..................................................................
TEMPERATURE (F)
 YESTERDAY
  MAXIMUM         73    222 PM  92    1946  75     -2       73
  MINIMUM         64    602 AM  56    1954  63      1       62
                                      1952
                                      1950
  AVERAGE         69                        69      0       68

PRECIPITATION (IN)
  YESTERDAY        0.00          0.14 1966   0.01  -0.01     0.00
  MONTH TO DATE    0.06                      0.08  -0.02     0.01
  SINCE OCT 1     16.38                     12.69   3.69     7.26
  SINCE JAN 1     12.13                      8.97   3.16     6.02

SNOWFALL (IN)
  YESTERDAY        0.0
  MONTH TO DATE    0.0
  SINCE SEP 1      0.0
  SINCE JUL 1      0.0

DEGREE DAYS
 HEATING
  YESTERDAY        0                         0      0        0
  MONTH TO DATE    0                         0      0        0
  SINCE SEP 1      0                         0      0        0
  SINCE JUL 1      0                         4     -4        0

 COOLING
  YESTERDAY        4                         4      0        3
  MONTH TO DATE  154                        81     73       58
  SINCE SEP 1    154                        81     73       58
  SINCE JAN 1    719                       427    292      640
..................................................................


WIND (MPH)
  HIGHEST WIND SPEED    16   HIGHEST WIND DIRECTION     W (260)
  HIGHEST GUST SPEED    21   HIGHEST GUST DIRECTION     W (250)
  AVERAGE WIND SPEED     7.8


SKY COVER
  POSSIBLE SUNSHINE  MM
  AVERAGE SKY COVER 0.5


WEATHER CONDITIONS
 THE FOLLOWING WEATHER WAS RECORDED YESTERDAY.
  NO SIGNIFICANT WEATHER WAS OBSERVED.


RELATIVE HUMIDITY (PERCENT)
 HIGHEST    93          1200 AM
 LOWEST     68          1000 AM
 AVERAGE    81

..........................................................


THE LOS ANGELES INTL AIRPORT CA CLIMATE NORMALS FOR TODAY
                         NORMAL    RECORD    YEAR
 MAXIMUM TEMPERATURE (F)   74        88      1979
                                             1978
 MINIMUM TEMPERATURE (F)   63        53      1947


SUNRISE AND SUNSET
SEPTEMBER 19 2017.....SUNRISE   640 AM PDT   SUNSET   654 PM PDT
SEPTEMBER 20 2017.....SUNRISE   640 AM PDT   SUNSET   653 PM PDT


-  INDICATES NEGATIVE NUMBERS.
R  INDICATES RECORD WAS SET OR TIED.
MM INDICATES DATA IS MISSING.
T  INDICATES TRACE AMOUNT.




$$
