000
CDUS46 KLOX 230112
CLILAX


CLIMATE REPORT
NATIONAL WEATHER SERVICE LOS ANGELES/OXNARD CA
612 PM PDT FRI AUG 22 2014


...................................

...THE LOS ANGELES AIRPORT CLIMATE SUMMARY FOR AUGUST 22 2014...
VALID TODAY AS OF 0600 PM LOCAL TIME.

CLIMATE NORMAL PERIOD 1981 TO 2010
CLIMATE RECORD PERIOD 1944 TO 2014


WEATHER ITEM   OBSERVED TIME   RECORD YEAR NORMAL DEPARTURE LAST
                VALUE   (LST)  VALUE       VALUE  FROM      YEAR
                                                  NORMAL
..................................................................
TEMPERATURE (F)
 TODAY
  MAXIMUM         76   1243 PM  89    1972  75      1       77
  MINIMUM         67    525 AM  55    1947  64      3       64
  AVERAGE         72                        70      2       71

PRECIPITATION (IN)
  TODAY            0.00          0.00   MM   0.00   0.00     0.00
  MONTH TO DATE    0.03                      0.03   0.00      T
  SINCE JUL 1      0.17                      0.06   0.11     0.03
  SINCE JAN 1      3.58                      8.87  -5.29     2.64

SNOWFALL (IN)
  TODAY            0.0
  MONTH TO DATE    0.0
  SINCE JUN 1      0.0
  SINCE JUL 1      0.0

DEGREE DAYS
 HEATING
  TODAY            0                         0      0        0
  MONTH TO DATE    0                         0      0        0
  SINCE JUN 1      1                        27    -26        0
  SINCE JUL 1      0                         2     -2        0

 COOLING
  TODAY            7                         5      2        6
  MONTH TO DATE  133                       104     29       60
  SINCE JUN 1    440                       265    175      286
  SINCE JAN 1    651                       305    346      367
..................................................................


WIND (MPH)
  HIGHEST WIND SPEED    14   HIGHEST WIND DIRECTION     W (260)
  HIGHEST GUST SPEED    18   HIGHEST GUST DIRECTION     W (270)
  AVERAGE WIND SPEED     8.3


SKY COVER
  POSSIBLE SUNSHINE  MM
  AVERAGE SKY COVER 0.5


WEATHER CONDITIONS
 THE FOLLOWING WEATHER WAS RECORDED TODAY.
  NO SIGNIFICANT WEATHER WAS OBSERVED.


RELATIVE HUMIDITY (PERCENT)
 HIGHEST    87           300 AM
 LOWEST     64           200 PM
 AVERAGE    76

..........................................................


THE LOS ANGELES AIRPORT CLIMATE NORMALS FOR TOMORROW
                         NORMAL    RECORD    YEAR
 MAXIMUM TEMPERATURE (F)   75        90      1968
 MINIMUM TEMPERATURE (F)   64        56      1948


SUNRISE AND SUNSET
AUGUST 22 2014........SUNRISE   620 AM PDT   SUNSET   732 PM PDT
AUGUST 23 2014........SUNRISE   621 AM PDT   SUNSET   731 PM PDT


-  INDICATES NEGATIVE NUMBERS.
R  INDICATES RECORD WAS SET OR TIED.
MM INDICATES DATA IS MISSING.
T  INDICATES TRACE AMOUNT.




$$
