000
CDUS46 KLOX 220904
CLILAX


CLIMATE REPORT
NATIONAL WEATHER SERVICE LOS ANGELES/OXNARD CA
104 AM PST WED FEB 22 2017


...................................

...THE LOS ANGELES INTL AIRPORT CA CLIMATE SUMMARY FOR FEBRUARY 21 2017...

CLIMATE NORMAL PERIOD 1981 TO 2010
CLIMATE RECORD PERIOD 1944 TO 2017


WEATHER ITEM   OBSERVED TIME   RECORD YEAR NORMAL DEPARTURE LAST
                VALUE   (LST)  VALUE       VALUE  FROM      YEAR
                                                  NORMAL
..................................................................
TEMPERATURE (F)
 YESTERDAY
  MAXIMUM         64    145 PM  89    2002  64      0       65
  MINIMUM         57   1159 PM  40    1953  50      7       51
                                      1948
  AVERAGE         61                        57      4       58

PRECIPITATION (IN)
  YESTERDAY        0.01          1.18 2000   0.13  -0.12     0.00
  MONTH TO DATE    3.97                      2.47   1.50     0.73
  SINCE OCT 1     15.66                      8.90   6.76     4.91
  SINCE JAN 1     11.41                      5.18   6.23     3.67

SNOWFALL (IN)
  YESTERDAY        0.0
  MONTH TO DATE    0.0
  SINCE DEC 1      0.0
  SINCE JUL 1      0.0

DEGREE DAYS
 HEATING
  YESTERDAY        4                         8     -4        7
  MONTH TO DATE  132                       168    -36       89
  SINCE DEC 1    615                       690    -75      568
  SINCE JUL 1    694                       872   -178      679

 COOLING
  YESTERDAY        0                         0      0        0
  MONTH TO DATE    0                         0      0       45
  SINCE DEC 1      2                         5     -3       51
  SINCE JAN 1      0                         4     -4       45
..................................................................


WIND (MPH)
  HIGHEST WIND SPEED    14   HIGHEST WIND DIRECTION     W (280)
  HIGHEST GUST SPEED    18   HIGHEST GUST DIRECTION     W (280)
  AVERAGE WIND SPEED     5.6


SKY COVER
  POSSIBLE SUNSHINE  MM
  AVERAGE SKY COVER 0.8


WEATHER CONDITIONS
 THE FOLLOWING WEATHER WAS RECORDED YESTERDAY.
  LIGHT RAIN
  FOG


RELATIVE HUMIDITY (PERCENT)
 HIGHEST   100          1000 PM
 LOWEST     78           100 PM
 AVERAGE    89

..........................................................


THE LOS ANGELES INTL AIRPORT CA CLIMATE NORMALS FOR TODAY
                         NORMAL    RECORD    YEAR
 MAXIMUM TEMPERATURE (F)   64        88      2002
 MINIMUM TEMPERATURE (F)   51        36      1953


SUNRISE AND SUNSET
FEBRUARY 22 2017......SUNRISE   630 AM PST   SUNSET   544 PM PST
FEBRUARY 23 2017......SUNRISE   629 AM PST   SUNSET   545 PM PST


-  INDICATES NEGATIVE NUMBERS.
R  INDICATES RECORD WAS SET OR TIED.
MM INDICATES DATA IS MISSING.
T  INDICATES TRACE AMOUNT.




$$
