000
CDUS46 KLOX 240904
CLILAX


CLIMATE REPORT
NATIONAL WEATHER SERVICE LOS ANGELES/OXNARD CA
204 AM PDT THU APR 24 2014


...................................

...THE LOS ANGELES INTL AIRPORT CA CLIMATE SUMMARY FOR APRIL 23 2014...

CLIMATE NORMAL PERIOD 1981 TO 2010
CLIMATE RECORD PERIOD 1944 TO 2014


WEATHER ITEM   OBSERVED TIME   RECORD YEAR NORMAL DEPARTURE LAST
                VALUE   (LST)  VALUE       VALUE  FROM      YEAR
                                                  NORMAL
..................................................................
TEMPERATURE (F)
 YESTERDAY
  MAXIMUM         69    951 AM  87    2004  67      2       68
  MINIMUM         56    452 AM  46    2010  55      1       58
  AVERAGE         63                        61      2       63

PRECIPITATION (IN)
  YESTERDAY        0.00          0.06 1988   0.02  -0.02     0.00
  MONTH TO DATE    0.17                      0.59  -0.42     0.06
  SINCE JUL 1      4.36                     12.41  -8.05     6.50
  SINCE JAN 1      3.32                      8.40  -5.08     2.22

SNOWFALL (IN)
  YESTERDAY        0.0
  MONTH TO DATE    0.0
  SINCE MAR 1      0.0
  SINCE JUL 1      0.0

DEGREE DAYS
 HEATING
  YESTERDAY        2                         5     -3        2
  MONTH TO DATE   81                       128    -47       68
  SINCE MAR 1    171                       349   -178      247
  SINCE JUL 1    726                      1278   -552     1115

 COOLING
  YESTERDAY        0                         1     -1        0
  MONTH TO DATE    9                         2      7        4
  SINCE MAR 1     28                         8     20       12
  SINCE JAN 1     44                        17     27       20
..................................................................


WIND (MPH)
  HIGHEST WIND SPEED    17   HIGHEST WIND DIRECTION     W (250)
  HIGHEST GUST SPEED    23   HIGHEST GUST DIRECTION     W (260)
  AVERAGE WIND SPEED     7.7


SKY COVER
  POSSIBLE SUNSHINE  MM
  AVERAGE SKY COVER 0.5


WEATHER CONDITIONS
 THE FOLLOWING WEATHER WAS RECORDED YESTERDAY.
  NO SIGNIFICANT WEATHER WAS OBSERVED.


RELATIVE HUMIDITY (PERCENT)
 HIGHEST    77           400 AM
 LOWEST     32           300 PM
 AVERAGE    55

..........................................................


THE LOS ANGELES INTL AIRPORT CA CLIMATE NORMALS FOR TODAY
                         NORMAL    RECORD    YEAR
 MAXIMUM TEMPERATURE (F)   67        82      1995
 MINIMUM TEMPERATURE (F)   55        47      1963


SUNRISE AND SUNSET
APRIL 24 2014.........SUNRISE   612 AM PDT   SUNSET   732 PM PDT
APRIL 25 2014.........SUNRISE   611 AM PDT   SUNSET   733 PM PDT


-  INDICATES NEGATIVE NUMBERS.
R  INDICATES RECORD WAS SET OR TIED.
MM INDICATES DATA IS MISSING.
T  INDICATES TRACE AMOUNT.




$$
