000
CDUS46 KLOX 300114
CLILAX


CLIMATE REPORT
NATIONAL WEATHER SERVICE LOS ANGELES/OXNARD CA
614 PM PDT MON SEP 29 2014


...................................

...THE LOS ANGELES AIRPORT CLIMATE SUMMARY FOR SEPTEMBER 29 2014...
VALID TODAY AS OF 0600 PM LOCAL TIME.

CLIMATE NORMAL PERIOD 1981 TO 2010
CLIMATE RECORD PERIOD 1944 TO 2014


WEATHER ITEM   OBSERVED TIME   RECORD YEAR NORMAL DEPARTURE LAST
                VALUE   (LST)  VALUE       VALUE  FROM      YEAR
                                                  NORMAL
..................................................................
TEMPERATURE (F)
 TODAY
  MAXIMUM         73    307 PM 101    1963  74     -1       81
  MINIMUM         62    508 AM  52    1948  62      0       56
  AVERAGE         68                        68      0       69

PRECIPITATION (IN)
  TODAY            0.00          0.18 1983   0.02  -0.02     0.00
  MONTH TO DATE    0.02                      0.20  -0.18     0.00
  SINCE JUL 1      0.19                      0.28  -0.09     0.03
  SINCE JAN 1      3.60                      9.09  -5.49     2.64

SNOWFALL (IN)
  TODAY            0.0
  MONTH TO DATE    0.0
  SINCE SEP 1      0.0
  SINCE JUL 1      0.0

DEGREE DAYS
 HEATING
  TODAY            0                         0      0        0
  MONTH TO DATE    0                         0      0        0
  SINCE SEP 1      0                         0      0        0
  SINCE JUL 1      0                         4     -4        1

 COOLING
  TODAY            3                         3      0        4
  MONTH TO DATE  242                       119    123      159
  SINCE SEP 1    242                       119    123      159
  SINCE JAN 1    960                       465    495      589
..................................................................


WIND (MPH)
  HIGHEST WIND SPEED    21   HIGHEST WIND DIRECTION     W (270)
  HIGHEST GUST SPEED    26   HIGHEST GUST DIRECTION     W (260)
  AVERAGE WIND SPEED     6.5


SKY COVER
  POSSIBLE SUNSHINE  MM
  AVERAGE SKY COVER 0.2


WEATHER CONDITIONS
 THE FOLLOWING WEATHER WAS RECORDED TODAY.
  NO SIGNIFICANT WEATHER WAS OBSERVED.


RELATIVE HUMIDITY (PERCENT)
 HIGHEST    84           300 AM
 LOWEST     57          1000 AM
 AVERAGE    71

..........................................................


THE LOS ANGELES AIRPORT CLIMATE NORMALS FOR TOMORROW
                         NORMAL    RECORD    YEAR
 MAXIMUM TEMPERATURE (F)   74        90      2005
                                             1999
 MINIMUM TEMPERATURE (F)   62        52      1948


SUNRISE AND SUNSET
SEPTEMBER 29 2014.....SUNRISE   647 AM PDT   SUNSET   641 PM PDT
SEPTEMBER 30 2014.....SUNRISE   647 AM PDT   SUNSET   639 PM PDT


-  INDICATES NEGATIVE NUMBERS.
R  INDICATES RECORD WAS SET OR TIED.
MM INDICATES DATA IS MISSING.
T  INDICATES TRACE AMOUNT.




$$
