000
CDUS46 KLOX 211106
CLILAX


CLIMATE REPORT
NATIONAL WEATHER SERVICE LOS ANGELES/OXNARD CA
406 AM PDT TUE OCT 21 2014


...................................

...THE LOS ANGELES INTL AIRPORT CA CLIMATE SUMMARY FOR OCTOBER 20 2014...

CLIMATE NORMAL PERIOD 1981 TO 2010
CLIMATE RECORD PERIOD 1944 TO 2014


WEATHER ITEM   OBSERVED TIME   RECORD YEAR NORMAL DEPARTURE LAST
                VALUE   (LST)  VALUE       VALUE  FROM      YEAR
                                                  NORMAL
..................................................................
TEMPERATURE (F)
 YESTERDAY
  MAXIMUM         73   1228 PM  95    1999  72      1       68
  MINIMUM         65    304 AM  45    1949  59      6       56
  AVERAGE         69                        66      3       62

PRECIPITATION (IN)
  YESTERDAY        0.00          1.14 2004   0.02  -0.02     0.00
  MONTH TO DATE    0.00                      0.30  -0.30     0.02
  SINCE JUL 1      0.19                      0.59  -0.40     0.05
  SINCE JAN 1      3.60                      9.40  -5.80     2.66

SNOWFALL (IN)
  YESTERDAY        0.0
  MONTH TO DATE    0.0
  SINCE SEP 1      0.0
  SINCE JUL 1      0.0

DEGREE DAYS
 HEATING
  YESTERDAY        0                         1     -1        3
  MONTH TO DATE    0                        17    -17       14
  SINCE SEP 1      0                        22    -22       14
  SINCE JUL 1      0                        26    -26       15

 COOLING
  YESTERDAY        4                         2      2        0
  MONTH TO DATE  129                        47     82       71
  SINCE SEP 1    376                       169    207      232
  SINCE JAN 1   1094                       515    579      662
..................................................................


WIND (MPH)
  HIGHEST WIND SPEED    16   HIGHEST WIND DIRECTION     W (260)
  HIGHEST GUST SPEED    21   HIGHEST GUST DIRECTION    SW (230)
  AVERAGE WIND SPEED     6.1


SKY COVER
  POSSIBLE SUNSHINE  MM
  AVERAGE SKY COVER 0.5


WEATHER CONDITIONS
 THE FOLLOWING WEATHER WAS RECORDED YESTERDAY.
  NO SIGNIFICANT WEATHER WAS OBSERVED.


RELATIVE HUMIDITY (PERCENT)
 HIGHEST    93           200 AM
 LOWEST     64          1200 PM
 AVERAGE    79

..........................................................


THE LOS ANGELES INTL AIRPORT CA CLIMATE NORMALS FOR TODAY
                         NORMAL    RECORD    YEAR
 MAXIMUM TEMPERATURE (F)   72       100      1965
 MINIMUM TEMPERATURE (F)   59        45      1949


SUNRISE AND SUNSET
OCTOBER 21 2014.......SUNRISE   704 AM PDT   SUNSET   612 PM PDT
OCTOBER 22 2014.......SUNRISE   704 AM PDT   SUNSET   611 PM PDT


-  INDICATES NEGATIVE NUMBERS.
R  INDICATES RECORD WAS SET OR TIED.
MM INDICATES DATA IS MISSING.
T  INDICATES TRACE AMOUNT.




$$
