000
CDUS44 KLUB 210625
CLILBB


CLIMATE REPORT
NATIONAL WEATHER SERVICE LUBBOCK, TX
125 AM CDT SUN SEP 21 2014


...................................

...THE LUBBOCK CLIMATE SUMMARY FOR SEPTEMBER 20 2014...

CLIMATE NORMAL PERIOD 1981 TO 2010
CLIMATE RECORD PERIOD 1911 TO 2014


WEATHER ITEM   OBSERVED TIME   RECORD YEAR NORMAL DEPARTURE LAST
                VALUE   (LST)  VALUE       VALUE  FROM      YEAR
                                                  NORMAL
..................................................................
TEMPERATURE (F)
 YESTERDAY
  MAXIMUM         79    503 PM  98    1977  83     -4       75
  MINIMUM         67    656 AM  41    1991  57     10       54
                                      1983
                                      1971
  AVERAGE         73                        70      3       65

PRECIPITATION (IN)
  YESTERDAY        0.23          2.65 1925   0.08   0.15     0.00
  MONTH TO DATE    3.31                      1.72   1.59     0.08
  SINCE SEP 1      3.31                      1.72   1.59     0.08
  SINCE JAN 1     15.21                     14.79   0.42     9.86

SNOWFALL (IN)
  YESTERDAY        0.0           0.0  2002   0.0    0.0      0.0
  MONTH TO DATE    0.0                       0.0    0.0      0.0
  SINCE SEP 1      0.0                       0.0    0.0      0.0
  SINCE JUL 1      0.0                       0.0    0.0      0.0
  SNOW DEPTH       0

DEGREE DAYS
 HEATING
  YESTERDAY        0                         1     -1        0
  MONTH TO DATE   25                         7     18        0
  SINCE SEP 1     25                         7     18        0
  SINCE JUL 1     25                         7     18        0

 COOLING
  YESTERDAY        8                         6      2        0
  MONTH TO DATE  176                       174      2      248
  SINCE SEP 1    176                       174      2      248
  SINCE JAN 1   1805                      1700    105     1976
..................................................................


WIND (MPH)
  RESULTANT WIND SPEED   9   RESULTANT WIND DIRECTION  SE (130)
  HIGHEST WIND SPEED    16   HIGHEST WIND DIRECTION    SE (140)
  HIGHEST GUST SPEED    19   HIGHEST GUST DIRECTION    SE (140)
  AVERAGE WIND SPEED     8.4


SKY COVER
  AVERAGE SKY COVER 0.6


WEATHER CONDITIONS
 THE FOLLOWING WEATHER WAS RECORDED YESTERDAY.
  HEAVY RAIN
  RAIN
  LIGHT RAIN
  FOG


RELATIVE HUMIDITY (PERCENT)
 HIGHEST    97          1000 PM
 LOWEST     67           500 PM
 AVERAGE    82

..........................................................


THE LUBBOCK CLIMATE NORMALS FOR TODAY
                         NORMAL    RECORD    YEAR
 MAXIMUM TEMPERATURE (F)   83        98      1998
 MINIMUM TEMPERATURE (F)   57        33      1983


SUNRISE AND SUNSET
SEPTEMBER 21 2014.....SUNRISE   735 AM CDT   SUNSET   745 PM CDT
SEPTEMBER 22 2014.....SUNRISE   735 AM CDT   SUNSET   744 PM CDT


-  INDICATES NEGATIVE NUMBERS.
R  INDICATES RECORD WAS SET OR TIED.
MM INDICATES DATA IS MISSING.
T  INDICATES TRACE AMOUNT.




$$
