000
CDUS44 KLUB 260625
CLILBB


CLIMATE REPORT
NATIONAL WEATHER SERVICE LUBBOCK, TX
125 AM CDT THU MAR 26 2015


...................................

...THE LUBBOCK CLIMATE SUMMARY FOR MARCH 25 2015...

CLIMATE NORMAL PERIOD 1981 TO 2010
CLIMATE RECORD PERIOD 1911 TO 2015


WEATHER ITEM   OBSERVED TIME   RECORD YEAR NORMAL DEPARTURE LAST
                VALUE   (LST)  VALUE       VALUE  FROM      YEAR
                                                  NORMAL
..................................................................
TEMPERATURE (F)
 YESTERDAY
  MAXIMUM         86    124 PM  90    1998  69     17       60
  MINIMUM         43   1159 PM  19    2013  39      4       29
  AVERAGE         65                        54     11       45

PRECIPITATION (IN)
  YESTERDAY        0.00          1.33 2007   0.04  -0.04     0.00
  MONTH TO DATE    0.24                      0.87  -0.63     0.01
  SINCE MAR 1      0.24                      0.87  -0.63     0.01
  SINCE JAN 1      2.51                      2.27   0.24     0.17

SNOWFALL (IN)
  YESTERDAY        0.0           4.0  1934   0.0    0.0      0.0
  MONTH TO DATE    1.1                       0.5    0.6       T
  SINCE MAR 1      1.1                       0.5    0.6       T
  SINCE JUL 1     14.7                       7.9    6.8      4.2
  SNOW DEPTH       0

DEGREE DAYS
 HEATING
  YESTERDAY        0                        11    -11       20
  MONTH TO DATE  350                       353     -3      413
  SINCE MAR 1    350                       353     -3      413
  SINCE JUL 1   3069                      3092    -23     3265

 COOLING
  YESTERDAY        0                         0      0        0
  MONTH TO DATE    2                         0      2        2
  SINCE MAR 1      2                         0      2        2
  SINCE JAN 1      2                         0      2        2
..................................................................


WIND (MPH)
  RESULTANT WIND SPEED   5   RESULTANT WIND DIRECTION  NW (310)
  HIGHEST WIND SPEED    41   HIGHEST WIND DIRECTION     N (10)
  HIGHEST GUST SPEED    53   HIGHEST GUST DIRECTION     N (10)
  AVERAGE WIND SPEED    16.4


SKY COVER
  AVERAGE SKY COVER 0.4


WEATHER CONDITIONS
 THE FOLLOWING WEATHER WAS RECORDED YESTERDAY.
  HAZE
  SANDSTORM


RELATIVE HUMIDITY (PERCENT)
 HIGHEST    80           400 AM
 LOWEST      7           300 PM
 AVERAGE    44

..........................................................


THE LUBBOCK CLIMATE NORMALS FOR TODAY
                         NORMAL    RECORD    YEAR
 MAXIMUM TEMPERATURE (F)   70        88      1956
 MINIMUM TEMPERATURE (F)   40        16      1965


SUNRISE AND SUNSET
MARCH 26 2015.........SUNRISE   743 AM CDT   SUNSET   803 PM CDT
MARCH 27 2015.........SUNRISE   742 AM CDT   SUNSET   804 PM CDT


-  INDICATES NEGATIVE NUMBERS.
R  INDICATES RECORD WAS SET OR TIED.
MM INDICATES DATA IS MISSING.
T  INDICATES TRACE AMOUNT.




$$
