000
CDUS44 KLUB 300645
CLILBB


CLIMATE REPORT
NATIONAL WEATHER SERVICE LUBBOCK, TX
145 AM CDT FRI SEP 30 2016


...................................

...THE LUBBOCK CLIMATE SUMMARY FOR SEPTEMBER 29 2016...

CLIMATE NORMAL PERIOD 1981 TO 2010
CLIMATE RECORD PERIOD 1911 TO 2016


WEATHER ITEM   OBSERVED TIME   RECORD YEAR NORMAL DEPARTURE LAST
                VALUE   (LST)  VALUE       VALUE  FROM      YEAR
                                                  NORMAL
..................................................................
TEMPERATURE (F)
 YESTERDAY
  MAXIMUM         79    322 PM  97    2011  80     -1       88
                                      1977
  MINIMUM         49    658 AM  33    1916  54     -5       57
  AVERAGE         64                        67     -3       73

PRECIPITATION (IN)
  YESTERDAY        0.00          0.82 1945   0.07  -0.07     0.00
  MONTH TO DATE    1.47                      2.44  -0.97     0.49
  SINCE SEP 1      1.47                      2.44  -0.97     0.49
  SINCE JAN 1     11.39                     15.51  -4.12    22.78

SNOWFALL (IN)
  YESTERDAY        0.0           0.0  2002   0.0    0.0      0.0
  MONTH TO DATE    0.0                       0.0    0.0      0.0
  SINCE SEP 1      0.0                       0.0    0.0      0.0
  SINCE JUL 1      0.0                       0.0    0.0      0.0
  SNOW DEPTH       0

DEGREE DAYS
 HEATING
  YESTERDAY        1                         2     -1        0
  MONTH TO DATE    2                        21    -19        0
  SINCE SEP 1      2                        21    -19        0
  SINCE JUL 1      2                        21    -19        0

 COOLING
  YESTERDAY        0                         4     -4        8
  MONTH TO DATE  254                       218     36      340
  SINCE SEP 1    254                       218     36      340
  SINCE JAN 1   1980                      1744    236     1845
..................................................................


WIND (MPH)
  RESULTANT WIND SPEED   6   RESULTANT WIND DIRECTION   E (100)
  HIGHEST WIND SPEED    15   HIGHEST WIND DIRECTION    NE (50)
  HIGHEST GUST SPEED    18   HIGHEST GUST DIRECTION    NE (40)
  AVERAGE WIND SPEED     7.5


SKY COVER
  AVERAGE SKY COVER 0.4


WEATHER CONDITIONS
 THE FOLLOWING WEATHER WAS RECORDED YESTERDAY.
  NO SIGNIFICANT WEATHER WAS OBSERVED.


RELATIVE HUMIDITY (PERCENT)
 HIGHEST    93           700 AM
 LOWEST     33           400 PM
 AVERAGE    63

..........................................................


THE LUBBOCK CLIMATE NORMALS FOR TODAY
                         NORMAL    RECORD    YEAR
 MAXIMUM TEMPERATURE (F)   80        99      1977
 MINIMUM TEMPERATURE (F)   53        35      1985


SUNRISE AND SUNSET
SEPTEMBER 30 2016.....SUNRISE   741 AM CDT   SUNSET   732 PM CDT
OCTOBER  1 2016.......SUNRISE   742 AM CDT   SUNSET   731 PM CDT


-  INDICATES NEGATIVE NUMBERS.
R  INDICATES RECORD WAS SET OR TIED.
MM INDICATES DATA IS MISSING.
T  INDICATES TRACE AMOUNT.




$$
