000
CDUS44 KLUB 190626
CLILBB


CLIMATE REPORT
NATIONAL WEATHER SERVICE LUBBOCK, TX
1226 AM CST MON FEB 19 2018


...................................

...THE LUBBOCK CLIMATE SUMMARY FOR FEBRUARY 18 2018...

CLIMATE NORMAL PERIOD 1981 TO 2010
CLIMATE RECORD PERIOD 1911 TO 2018


WEATHER ITEM   OBSERVED TIME   RECORD YEAR NORMAL DEPARTURE LAST
                VALUE   (LST)  VALUE       VALUE  FROM      YEAR
                                                  NORMAL
..................................................................
TEMPERATURE (F)
 YESTERDAY
  MAXIMUM         78    352 PM  87    2016  60     18       71
  MINIMUM         36    243 AM  -2    1978  31      5       34
  AVERAGE         57                        45     12       53

PRECIPITATION (IN)
  YESTERDAY        0.00          0.94 1911   0.02  -0.02     0.00
  MONTH TO DATE    0.18                      0.48  -0.30     0.89
  SINCE DEC 1      0.18                      1.89  -1.71     3.41
  SINCE JAN 1      0.18                      1.13  -0.95     2.92

SNOWFALL (IN)
  YESTERDAY        0.0           1.5  1938   0.0    0.0      0.0
  MONTH TO DATE    0.0                       1.2   -1.2       T
  SINCE DEC 1      0.3                       6.1   -5.8      0.2
  SINCE JUL 1      0.3                       7.0   -6.7      0.2
  SNOW DEPTH       0

DEGREE DAYS
 HEATING
  YESTERDAY        8                        20    -12       12
  MONTH TO DATE  351                       390    -39      260
  SINCE DEC 1   1831                      1913    -82     1619
  SINCE JUL 1   2337                      2555   -218     1983

 COOLING
  YESTERDAY        0                         0      0        0
  MONTH TO DATE    3                         0      3        4
  SINCE DEC 1      3                         0      3        4
  SINCE JAN 1      3                         0      3        4
..................................................................


WIND (MPH)
  RESULTANT WIND SPEED  17   RESULTANT WIND DIRECTION   S (200)
  HIGHEST WIND SPEED    33   HIGHEST WIND DIRECTION    SW (220)
  HIGHEST GUST SPEED    44   HIGHEST GUST DIRECTION    SW (230)
  AVERAGE WIND SPEED    18.4


SKY COVER
  AVERAGE SKY COVER 0.6


WEATHER CONDITIONS
 THE FOLLOWING WEATHER WAS RECORDED YESTERDAY.
  NO SIGNIFICANT WEATHER WAS OBSERVED.


RELATIVE HUMIDITY (PERCENT)
 HIGHEST    84          1100 PM
 LOWEST     26           400 PM
 AVERAGE    55

..........................................................


THE LUBBOCK CLIMATE NORMALS FOR TODAY
                         NORMAL    RECORD    YEAR
 MAXIMUM TEMPERATURE (F)   60        85      2016
 MINIMUM TEMPERATURE (F)   31         2      1978


SUNRISE AND SUNSET
FEBRUARY 19 2018......SUNRISE   727 AM CST   SUNSET   635 PM CST
FEBRUARY 20 2018......SUNRISE   726 AM CST   SUNSET   636 PM CST


-  INDICATES NEGATIVE NUMBERS.
R  INDICATES RECORD WAS SET OR TIED.
MM INDICATES DATA IS MISSING.
T  INDICATES TRACE AMOUNT.




$$
