000
CDUS44 KLUB 232226
CLILBB


CLIMATE REPORT
NATIONAL WEATHER SERVICE LUBBOCK, TX
526 PM CDT SUN JUL 23 2017


...................................

...THE LUBBOCK CLIMATE SUMMARY FOR JULY 23 2017...
VALID TODAY AS OF 0500 PM LOCAL TIME.

CLIMATE NORMAL PERIOD 1981 TO 2010
CLIMATE RECORD PERIOD 1911 TO 2017


WEATHER ITEM   OBSERVED TIME   RECORD YEAR NORMAL DEPARTURE LAST
                VALUE   (LST)  VALUE       VALUE  FROM      YEAR
                                                  NORMAL
..................................................................
TEMPERATURE (F)
 TODAY
  MAXIMUM         94    144 PM 104    2001  93      1       98
                                      1940
  MINIMUM         70    611 AM  54    1915  68      2       68
  AVERAGE         82                        80      2       83

PRECIPITATION (IN)
  TODAY            0.01          1.43 1951   0.06  -0.05     0.00
                                      1928
  MONTH TO DATE    4.68                      1.48   3.20     0.58
  SINCE JUN 1      6.46                      4.52   1.94     1.62
  SINCE JAN 1     11.95                     10.73   1.22     6.89

SNOWFALL (IN)
  TODAY            0.0           0.0  2002   0.0    0.0      0.0
  MONTH TO DATE    0.0                       0.0    0.0      0.0
  SINCE JUN 1      T                         0.0    0.0      0.0
  SINCE JUL 1      0.0                       0.0    0.0      0.0
  SNOW DEPTH       0

DEGREE DAYS
 HEATING
  TODAY            0                         0      0        0
  MONTH TO DATE    0                         0      0        0
  SINCE JUN 1      0                         2     -2        3
  SINCE JUL 1      0                         0      0        0

 COOLING
  TODAY           17                        15      2       18
  MONTH TO DATE  359                       345     14      494
  SINCE JUN 1    837                       719    118      920
  SINCE JAN 1   1139                       965    174     1147
..................................................................


WIND (MPH)
  RESULTANT WIND SPEED   4   RESULTANT WIND DIRECTION   W (290)
  HIGHEST WIND SPEED    35   HIGHEST WIND DIRECTION    SW (230)
  HIGHEST GUST SPEED    40   HIGHEST GUST DIRECTION    SW (220)
  AVERAGE WIND SPEED     7.4


SKY COVER
  AVERAGE SKY COVER 0.7


WEATHER CONDITIONS
 THE FOLLOWING WEATHER WAS RECORDED TODAY.
  THUNDERSTORM
  LIGHT RAIN


RELATIVE HUMIDITY (PERCENT)
 HIGHEST    79           600 AM
 LOWEST     32           100 PM
 AVERAGE    56

..........................................................


THE LUBBOCK CLIMATE NORMALS FOR TOMORROW
                         NORMAL    RECORD    YEAR
 MAXIMUM TEMPERATURE (F)   93       104      1958
                                             1943
 MINIMUM TEMPERATURE (F)   68        57      1915


SUNRISE AND SUNSET
JULY 23 2017..........SUNRISE   653 AM CDT   SUNSET   854 PM CDT
JULY 24 2017..........SUNRISE   654 AM CDT   SUNSET   853 PM CDT


-  INDICATES NEGATIVE NUMBERS.
R  INDICATES RECORD WAS SET OR TIED.
MM INDICATES DATA IS MISSING.
T  INDICATES TRACE AMOUNT.




$$
