000
CDUS44 KLUB 110627
CLILBB


CLIMATE REPORT
NATIONAL WEATHER SERVICE LUBBOCK, TX
1226 AM CST THU FEB 11 2016


...................................

...THE LUBBOCK CLIMATE SUMMARY FOR FEBRUARY 10 2016...

CLIMATE NORMAL PERIOD 1981 TO 2010
CLIMATE RECORD PERIOD 1911 TO 2016


WEATHER ITEM   OBSERVED TIME   RECORD YEAR NORMAL DEPARTURE LAST
                VALUE   (LST)  VALUE       VALUE  FROM      YEAR
                                                  NORMAL
..................................................................
TEMPERATURE (F)
 YESTERDAY
  MAXIMUM         77    423 PM  84    1962  58     19       82
  MINIMUM         25    628 AM   1    1929  29     -4       41
  AVERAGE         51                        43      8       62

PRECIPITATION (IN)
  YESTERDAY        0.00          0.70 1911   0.03  -0.03     0.00
  MONTH TO DATE    0.00                      0.27  -0.27      T
  SINCE DEC 1      1.87                      1.68   0.19     2.00
  SINCE JAN 1      0.30                      0.92  -0.62     1.61

SNOWFALL (IN)
  YESTERDAY        0.0           5.2  1986   0.1   -0.1      0.0
  MONTH TO DATE    0.0                       0.8   -0.8      0.0
  SINCE DEC 1     13.3                       5.7    7.6      6.6
  SINCE JUL 1     13.3                       6.6    6.7      7.1
  SNOW DEPTH       0

DEGREE DAYS
 HEATING
  YESTERDAY       14                        22     -8        3
  MONTH TO DATE  234                       225      9      140
  SINCE DEC 1   1628                      1748   -120     1594
  SINCE JUL 1   2147                      2390   -243     2269

 COOLING
  YESTERDAY        0                         0      0        0
  MONTH TO DATE    0                         0      0        0
  SINCE DEC 1      0                         0      0        0
  SINCE JAN 1      0                         0      0        0
..................................................................


WIND (MPH)
  RESULTANT WIND SPEED  11   RESULTANT WIND DIRECTION   W (260)
  HIGHEST WIND SPEED    26   HIGHEST WIND DIRECTION     W (250)
  HIGHEST GUST SPEED    32   HIGHEST GUST DIRECTION    SW (240)
  AVERAGE WIND SPEED    12.2


SKY COVER
  AVERAGE SKY COVER 0.0


WEATHER CONDITIONS
 THE FOLLOWING WEATHER WAS RECORDED YESTERDAY.
  NO SIGNIFICANT WEATHER WAS OBSERVED.


RELATIVE HUMIDITY (PERCENT)
 HIGHEST    68           500 AM
 LOWEST      9           300 PM
 AVERAGE    39

..........................................................


THE LUBBOCK CLIMATE NORMALS FOR TODAY
                         NORMAL    RECORD    YEAR
 MAXIMUM TEMPERATURE (F)   58        85      1962
                                             1916
 MINIMUM TEMPERATURE (F)   29         6      1981
                                             1955


SUNRISE AND SUNSET
FEBRUARY 11 2016......SUNRISE   736 AM CST   SUNSET   628 PM CST
FEBRUARY 12 2016......SUNRISE   735 AM CST   SUNSET   629 PM CST


-  INDICATES NEGATIVE NUMBERS.
R  INDICATES RECORD WAS SET OR TIED.
MM INDICATES DATA IS MISSING.
T  INDICATES TRACE AMOUNT.




$$
