709
CDUS44 KLUB 280627
CLILBB


CLIMATE REPORT
NATIONAL WEATHER SERVICE LUBBOCK, TX
127 AM CDT TUE MAR 28 2017


...................................

...THE LUBBOCK CLIMATE SUMMARY FOR MARCH 27 2017...

CLIMATE NORMAL PERIOD 1981 TO 2010
CLIMATE RECORD PERIOD 1911 TO 2017


WEATHER ITEM   OBSERVED TIME   RECORD YEAR NORMAL DEPARTURE LAST
                VALUE   (LST)  VALUE       VALUE  FROM      YEAR
                                                  NORMAL
..................................................................
TEMPERATURE (F)
 YESTERDAY
  MAXIMUM         75    531 PM  94    1971  70      5       63
  MINIMUM         37    656 AM  12    1931  40     -3       35
  AVERAGE         56                        55      1       49

PRECIPITATION (IN)
  YESTERDAY        0.00          1.72 1929   0.04  -0.04     0.00
  MONTH TO DATE    0.13                      0.95  -0.82     0.20
  SINCE MAR 1      0.13                      0.95  -0.82     0.20
  SINCE JAN 1      3.05                      2.35   0.70     0.59

SNOWFALL (IN)
  YESTERDAY        0.0           4.0  1930   0.0    0.0      0.0
  MONTH TO DATE    0.0                       0.5   -0.5      0.0
  SINCE MAR 1      0.0                       0.5   -0.5      0.0
  SINCE JUL 1      0.2                       7.9   -7.7     13.3
  SNOW DEPTH       0

DEGREE DAYS
 HEATING
  YESTERDAY        9                        11     -2       16
  MONTH TO DATE  192                       375   -183      229
  SINCE MAR 1    192                       375   -183      229
  SINCE JUL 1   2276                      3114   -838     2629

 COOLING
  YESTERDAY        0                         0      0        0
  MONTH TO DATE   46                         0     46        4
  SINCE MAR 1     46                         0     46        4
  SINCE JAN 1     50                         0     50        8
..................................................................


WIND (MPH)
  RESULTANT WIND SPEED   4   RESULTANT WIND DIRECTION   E (110)
  HIGHEST WIND SPEED    21   HIGHEST WIND DIRECTION     S (170)
  HIGHEST GUST SPEED    25   HIGHEST GUST DIRECTION     S (170)
  AVERAGE WIND SPEED    11.8


SKY COVER
  AVERAGE SKY COVER 0.1


WEATHER CONDITIONS
 THE FOLLOWING WEATHER WAS RECORDED YESTERDAY.
  NO SIGNIFICANT WEATHER WAS OBSERVED.


RELATIVE HUMIDITY (PERCENT)
 HIGHEST    85           500 AM
 LOWEST     20           600 PM
 AVERAGE    53

..........................................................


THE LUBBOCK CLIMATE NORMALS FOR TODAY
                         NORMAL    RECORD    YEAR
 MAXIMUM TEMPERATURE (F)   70        90      1963
 MINIMUM TEMPERATURE (F)   40        16      1931


SUNRISE AND SUNSET
MARCH 28 2017.........SUNRISE   740 AM CDT   SUNSET   805 PM CDT
MARCH 29 2017.........SUNRISE   738 AM CDT   SUNSET   806 PM CDT


-  INDICATES NEGATIVE NUMBERS.
R  INDICATES RECORD WAS SET OR TIED.
MM INDICATES DATA IS MISSING.
T  INDICATES TRACE AMOUNT.




$$
