000
CDUS43 KLBF 302234
CLILBF


CLIMATE REPORT
NATIONAL WEATHER SERVICE NORTH PLATTE
533 PM CDT TUE AUG 30 2016


...................................

...THE NORTH PLATTE NE CLIMATE SUMMARY FOR AUGUST 30 2016...
VALID TODAY AS OF 0500 PM LOCAL TIME.

CLIMATE NORMAL PERIOD 1981 TO 2010
CLIMATE RECORD PERIOD 1874 TO 2016


WEATHER ITEM   OBSERVED TIME   RECORD YEAR NORMAL DEPARTURE LAST
                VALUE   (LST)  VALUE       VALUE  FROM      YEAR
                                                  NORMAL
..................................................................
TEMPERATURE (F)
 TODAY
  MAXIMUM         81   1159 AM 102    2012  84     -3       93
                                      1990
                                      1877
  MINIMUM         65    631 AM  41    1964  54     11       53
  AVERAGE         73                        69      4       73

PRECIPITATION (IN)
  TODAY            0.02          1.10 1934   0.05  -0.03     0.00
  MONTH TO DATE    0.88                      2.24  -1.36     3.19
  SINCE JUN 1      7.98                      8.73  -0.75     8.47
  SINCE JAN 1     19.16                     16.17   2.99    16.57

SNOWFALL (IN)
  TODAY            0.0           0.0  2002   0.0    0.0      0.0
                                      2001
  MONTH TO DATE    0.0                       0.0    0.0      0.0
  SINCE JUN 1      0.0                       0.0    0.0      0.0
  SINCE JUL 1      0.0                       0.0    0.0      0.0
  SNOW DEPTH       0

DEGREE DAYS
 HEATING
  TODAY            0                         1     -1        0
  MONTH TO DATE    6                         9     -3       23
  SINCE JUN 1     22                        65    -43       34
  SINCE JUL 1     12                        14     -2       29

 COOLING
  TODAY            8                         5      3        8
  MONTH TO DATE  239                       230      9      182
  SINCE JUN 1    791                       661    130      658
  SINCE JAN 1    801                       689    112      660
..................................................................


WIND (MPH)
  HIGHEST WIND SPEED    12   HIGHEST WIND DIRECTION     E (110)
  HIGHEST GUST SPEED    14   HIGHEST GUST DIRECTION    SE (120)
  AVERAGE WIND SPEED     4.2


SKY COVER
  POSSIBLE SUNSHINE  MM
  AVERAGE SKY COVER 0.5


WEATHER CONDITIONS
 THE FOLLOWING WEATHER WAS RECORDED TODAY.
  LIGHT RAIN
  FOG


RELATIVE HUMIDITY (PERCENT)
 HIGHEST   100           800 AM
 LOWEST     58          1200 PM
 AVERAGE    79

..........................................................


THE NORTH PLATTE NE CLIMATE NORMALS FOR TOMORROW
                         NORMAL    RECORD    YEAR
 MAXIMUM TEMPERATURE (F)   84       102      1922
 MINIMUM TEMPERATURE (F)   54        38      1993


SUNRISE AND SUNSET
AUGUST 30 2016........SUNRISE   708 AM CDT   SUNSET   818 PM CDT
AUGUST 31 2016........SUNRISE   709 AM CDT   SUNSET   816 PM CDT


-  INDICATES NEGATIVE NUMBERS.
R  INDICATES RECORD WAS SET OR TIED.
MM INDICATES DATA IS MISSING.
T  INDICATES TRACE AMOUNT.




$$
