000
CDUS43 KLBF 040946
CLILBF

CLIMATE REPORT
NATIONAL WEATHER SERVICE NORTH PLATTE
445 AM CDT SAT JUL 4 2015


...................................

...THE NORTH PLATTE NE CLIMATE SUMMARY FOR JULY 3 2015...

CLIMATE NORMAL PERIOD 1981 TO 2010
CLIMATE RECORD PERIOD 1874 TO 2015


WEATHER ITEM   OBSERVED TIME   RECORD YEAR NORMAL DEPARTURE LAST
                VALUE   (LST)  VALUE       VALUE  FROM      YEAR
                                                  NORMAL
..................................................................
TEMPERATURE (F)
 YESTERDAY
  MAXIMUM         85    439 PM 107    1990  87     -2       82
  MINIMUM         56    556 AM  41    1992  59     -3       56
  AVERAGE         71                        73     -2       69

PRECIPITATION (IN)
  YESTERDAY        0.00          1.27 1965   0.09  -0.09     0.00
                                      1919
  MONTH TO DATE    0.12                      0.27  -0.15     0.00
  SINCE JUN 1      2.85                      3.69  -0.84     8.75
  SINCE JAN 1     10.95                     11.13  -0.18    13.04

SNOWFALL (IN)
  YESTERDAY        0.0           0.0  2002   0.0    0.0      0.0
                                      2001
  MONTH TO DATE    0.0                       0.0    0.0      0.0
  SINCE JUN 1      0.0                       0.0    0.0       T
  SINCE JUL 1      0.0                       0.0    0.0      0.0
  SNOW DEPTH       0

DEGREE DAYS
 HEATING
  YESTERDAY        0                         0      0        0
  MONTH TO DATE    0                         0      0        3
  SINCE JUN 1      5                        51    -46       42
  SINCE JUL 1      0                         0      0        3

 COOLING
  YESTERDAY        6                         8     -2        4
  MONTH TO DATE   28                        24      4        4
  SINCE JUN 1    206                       162     44      135
  SINCE JAN 1    208                       190     18      184
..................................................................


WIND (MPH)
  HIGHEST WIND SPEED     9   HIGHEST WIND DIRECTION     S (160)
  HIGHEST GUST SPEED    14   HIGHEST GUST DIRECTION    SE (120)
  AVERAGE WIND SPEED     3.6


SKY COVER
  POSSIBLE SUNSHINE  MM
  AVERAGE SKY COVER 0.1


WEATHER CONDITIONS
 THE FOLLOWING WEATHER WAS RECORDED YESTERDAY.
  NO SIGNIFICANT WEATHER WAS OBSERVED.


RELATIVE HUMIDITY (PERCENT)
 HIGHEST   100           600 AM
 LOWEST     43           100 PM
 AVERAGE    72

..........................................................


THE NORTH PLATTE NE CLIMATE NORMALS FOR TODAY
                         NORMAL    RECORD    YEAR
 MAXIMUM TEMPERATURE (F)   88       106      2012
                                             1936
 MINIMUM TEMPERATURE (F)   59        39      1997


SUNRISE AND SUNSET
JULY  4 2015..........SUNRISE   615 AM CDT   SUNSET   919 PM CDT
JULY  5 2015..........SUNRISE   616 AM CDT   SUNSET   918 PM CDT


-  INDICATES NEGATIVE NUMBERS.
R  INDICATES RECORD WAS SET OR TIED.
MM INDICATES DATA IS MISSING.
T  INDICATES TRACE AMOUNT.

$$
