000
CDUS43 KLBF 252212
CLILBF


CLIMATE REPORT
NATIONAL WEATHER SERVICE NORTH PLATTE
509 PM CDT MON JUL 25 2016


...................................

...THE NORTH PLATTE NE CLIMATE SUMMARY FOR JULY 25 2016...
VALID TODAY AS OF 0500 PM LOCAL TIME.

CLIMATE NORMAL PERIOD 1981 TO 2010
CLIMATE RECORD PERIOD 1874 TO 2016


WEATHER ITEM   OBSERVED TIME   RECORD YEAR NORMAL DEPARTURE LAST
                VALUE   (LST)  VALUE       VALUE  FROM      YEAR
                                                  NORMAL
..................................................................
TEMPERATURE (F)
 TODAY
  MAXIMUM         86    400 PM 108    2003  88     -2       89
                                      1936
  MINIMUM         59    549 AM  43    1911  61     -2       65
  AVERAGE         73                        75     -2       77

PRECIPITATION (IN)
  TODAY            0.00          3.15 1879   0.10  -0.10     0.00
  MONTH TO DATE    2.75                      2.46   0.29     2.36
  SINCE JUN 1      6.01                      5.88   0.13     5.09
  SINCE JAN 1     17.19                     13.32   3.87    13.19

SNOWFALL (IN)
  TODAY            0.0           0.0  2002   0.0    0.0      0.0
                                      2001
  MONTH TO DATE    0.0                       0.0    0.0      0.0
  SINCE JUN 1      0.0                       0.0    0.0      0.0
  SINCE JUL 1      0.0                       0.0    0.0      0.0
  SNOW DEPTH       0

DEGREE DAYS
 HEATING
  TODAY            0                         0      0        0
  MONTH TO DATE    6                         0      6        6
  SINCE JUN 1     16                        51    -35       11
  SINCE JUL 1      6                         0      6        6

 COOLING
  TODAY            8                        10     -2       12
  MONTH TO DATE  254                       236     18      244
  SINCE JUN 1    502                       374    128      422
  SINCE JAN 1    512                       402    110      424
..................................................................


WIND (MPH)
  HIGHEST WIND SPEED    15   HIGHEST WIND DIRECTION     S (160)
  HIGHEST GUST SPEED    19   HIGHEST GUST DIRECTION    SE (130)
  AVERAGE WIND SPEED     6.8


SKY COVER
  POSSIBLE SUNSHINE  MM
  AVERAGE SKY COVER 0.0


WEATHER CONDITIONS
 THE FOLLOWING WEATHER WAS RECORDED TODAY.
  NO SIGNIFICANT WEATHER WAS OBSERVED.


RELATIVE HUMIDITY (PERCENT)
 HIGHEST    97           400 AM
 LOWEST     55           300 PM
 AVERAGE    76

..........................................................


THE NORTH PLATTE NE CLIMATE NORMALS FOR TOMORROW
                         NORMAL    RECORD    YEAR
 MAXIMUM TEMPERATURE (F)   88       107      1936
 MINIMUM TEMPERATURE (F)   61        50      2004


SUNRISE AND SUNSET
JULY 25 2016..........SUNRISE   632 AM CDT   SUNSET   906 PM CDT
JULY 26 2016..........SUNRISE   633 AM CDT   SUNSET   905 PM CDT


-  INDICATES NEGATIVE NUMBERS.
R  INDICATES RECORD WAS SET OR TIED.
MM INDICATES DATA IS MISSING.
T  INDICATES TRACE AMOUNT.

$$
