000
CDUS43 KLBF 051037
CLILBF

CLIMATE REPORT
NATIONAL WEATHER SERVICE NORTH PLATTE
437 AM CST THU MAR 5 2015


...................................

...THE NORTH PLATTE NE CLIMATE SUMMARY FOR MARCH 4 2015...

CLIMATE NORMAL PERIOD 1981 TO 2010
CLIMATE RECORD PERIOD 1874 TO 2015


WEATHER ITEM   OBSERVED TIME   RECORD YEAR NORMAL DEPARTURE LAST
                VALUE   (LST)  VALUE       VALUE  FROM      YEAR
                                                  NORMAL
..................................................................
TEMPERATURE (F)
 YESTERDAY
  MAXIMUM         31    406 PM  77    2009  49    -18       49
                                      1921
  MINIMUM          5    624 AM -17    1960  20    -15       17
  AVERAGE         18                        34    -16       33

PRECIPITATION (IN)
  YESTERDAY        T             0.85 1992   0.03  -0.03      T
  MONTH TO DATE    0.01                      0.11  -0.10      T
  SINCE MAR 1      0.01                      0.11  -0.10      T
  SINCE JAN 1      0.75                      0.95  -0.20     1.05

SNOWFALL (IN)
  YESTERDAY        T             7.0  1886   0.1   -0.1       T
  MONTH TO DATE    0.2                       0.6   -0.4       T
  SINCE MAR 1      0.2                       0.6   -0.4       T
  SINCE JUL 1     19.1                      21.5   -2.4     22.4
  SNOW DEPTH       0

DEGREE DAYS
 HEATING
  YESTERDAY       47                        31     16       32
  MONTH TO DATE  160                       125     35      200
  SINCE MAR 1    160                       125     35      200
  SINCE JUL 1   5049                      5153   -104     5391

 COOLING
  YESTERDAY        0                         0      0        0
  MONTH TO DATE    0                         0      0        0
  SINCE MAR 1      0                         0      0        0
  SINCE JAN 1      0                         0      0        0
..................................................................


WIND (MPH)
  HIGHEST WIND SPEED    29   HIGHEST WIND DIRECTION    NW (320)
  HIGHEST GUST SPEED    36   HIGHEST GUST DIRECTION    NW (330)
  AVERAGE WIND SPEED     9.9


SKY COVER
  POSSIBLE SUNSHINE  MM
  AVERAGE SKY COVER 0.1


WEATHER CONDITIONS
 THE FOLLOWING WEATHER WAS RECORDED YESTERDAY.
  LIGHT SNOW


RELATIVE HUMIDITY (PERCENT)
 HIGHEST    91           600 AM
 LOWEST     25           400 PM
 AVERAGE    58

..........................................................


THE NORTH PLATTE NE CLIMATE NORMALS FOR TODAY
                         NORMAL    RECORD    YEAR
 MAXIMUM TEMPERATURE (F)   49        79      1910
 MINIMUM TEMPERATURE (F)   20       -14      1888


SUNRISE AND SUNSET
MARCH  5 2015.........SUNRISE   711 AM CST   SUNSET   638 PM CST
MARCH  6 2015.........SUNRISE   709 AM CST   SUNSET   639 PM CST


-  INDICATES NEGATIVE NUMBERS.
R  INDICATES RECORD WAS SET OR TIED.
MM INDICATES DATA IS MISSING.
T  INDICATES TRACE AMOUNT.

$$
