000
CDUS43 KLBF 240841
CLILBF


CLIMATE REPORT
NATIONAL WEATHER SERVICE NORTH PLATTE
340 AM CDT SAT JUN 24 2017


...................................

...THE NORTH PLATTE NE CLIMATE SUMMARY FOR JUNE 23 2017...

CLIMATE NORMAL PERIOD 1981 TO 2010
CLIMATE RECORD PERIOD 1874 TO 2017


WEATHER ITEM   OBSERVED TIME   RECORD YEAR NORMAL DEPARTURE LAST
                VALUE   (LST)  VALUE       VALUE  FROM      YEAR
                                                  NORMAL
..................................................................
TEMPERATURE (F)
 YESTERDAY
  MAXIMUM         78    450 PM 104    1954  85     -7       85
  MINIMUM         49   1159 PM  40    1989  56     -7       56
  AVERAGE         64                        70     -6       71

PRECIPITATION (IN)
  YESTERDAY        T             2.31 1966   0.11  -0.11      T
  MONTH TO DATE    0.01                      2.71  -2.70     1.72
  SINCE JUN 1      0.01                      2.71  -2.70     1.72
  SINCE JAN 1      8.55                     10.15  -1.60    12.90

SNOWFALL (IN)
  YESTERDAY        0.0           0.0    MM   0.0    0.0      0.0
  MONTH TO DATE    0.0                       0.0    0.0      0.0
  SINCE JUN 1      0.0                       0.0    0.0      0.0
  SINCE JUL 1     21.3                      28.5   -7.2     32.4
  SNOW DEPTH       0

DEGREE DAYS
 HEATING
  YESTERDAY        1                         1      0        0
  MONTH TO DATE    1                        48    -47       10
  SINCE JUN 1      1                        48    -47       10
  SINCE JUL 1   5666                      6683  -1017     5716

 COOLING
  YESTERDAY        0                         6     -6        6
  MONTH TO DATE  183                        88     95      190
  SINCE JUN 1    183                        88     95      190
  SINCE JAN 1    200                       116     84      200
..................................................................


WIND (MPH)
  HIGHEST WIND SPEED    30   HIGHEST WIND DIRECTION     N (340)
  HIGHEST GUST SPEED    39   HIGHEST GUST DIRECTION     N (340)
  AVERAGE WIND SPEED    10.1


SKY COVER
  POSSIBLE SUNSHINE  MM
  AVERAGE SKY COVER 0.4


WEATHER CONDITIONS
 THE FOLLOWING WEATHER WAS RECORDED YESTERDAY.
  LIGHT RAIN


RELATIVE HUMIDITY (PERCENT)
 HIGHEST    77          1100 PM
 LOWEST     25           300 PM
 AVERAGE    51

..........................................................


THE NORTH PLATTE NE CLIMATE NORMALS FOR TODAY
                         NORMAL    RECORD    YEAR
 MAXIMUM TEMPERATURE (F)   85       106      1954
 MINIMUM TEMPERATURE (F)   57        44      1951


SUNRISE AND SUNSET
JUNE 24 2017..........SUNRISE   611 AM CDT   SUNSET   919 PM CDT
JUNE 25 2017..........SUNRISE   611 AM CDT   SUNSET   919 PM CDT


-  INDICATES NEGATIVE NUMBERS.
R  INDICATES RECORD WAS SET OR TIED.
MM INDICATES DATA IS MISSING.
T  INDICATES TRACE AMOUNT.




$$
