000
CDUS43 KLBF 270938
CLILBF

CLIMATE REPORT
NATIONAL WEATHER SERVICE NORTH PLATTE
437 AM CDT FRI MAR 27 2015


...................................

...THE NORTH PLATTE NE CLIMATE SUMMARY FOR MARCH 26 2015...

CLIMATE NORMAL PERIOD 1981 TO 2010
CLIMATE RECORD PERIOD 1874 TO 2015


WEATHER ITEM   OBSERVED TIME   RECORD YEAR NORMAL DEPARTURE LAST
                VALUE   (LST)  VALUE       VALUE  FROM      YEAR
                                                  NORMAL
..................................................................
TEMPERATURE (F)
 YESTERDAY
  MAXIMUM         60    122 PM  86    2012  56      4       76
  MINIMUM         17    618 AM  -5    1965  27    -10       25
  AVERAGE         39                        41     -2       51

PRECIPITATION (IN)
  YESTERDAY        T             1.10 1949   0.04  -0.04      T
  MONTH TO DATE    0.01                      0.82  -0.81     0.43
  SINCE MAR 1      0.01                      0.82  -0.81     0.43
  SINCE JAN 1      0.75                      1.66  -0.91     1.48

SNOWFALL (IN)
  YESTERDAY        0.0           5.0  1944   0.2   -0.2      0.0
  MONTH TO DATE    0.2                       3.7   -3.5      6.1
  SINCE MAR 1      0.2                       3.7   -3.5      6.1
  SINCE JUL 1     19.1                      24.6   -5.5     28.5
  SNOW DEPTH       0

DEGREE DAYS
 HEATING
  YESTERDAY       26                        24      2       14
  MONTH TO DATE  593                       721   -128      761
  SINCE MAR 1    593                       721   -128      761
  SINCE JUL 1   5482                      5749   -267     5952

 COOLING
  YESTERDAY        0                         0      0        0
  MONTH TO DATE    0                         0      0        0
  SINCE MAR 1      0                         0      0        0
  SINCE JAN 1      0                         0      0        0
..................................................................


WIND (MPH)
  HIGHEST WIND SPEED    29   HIGHEST WIND DIRECTION    NW (310)
  HIGHEST GUST SPEED    40   HIGHEST GUST DIRECTION    NW (300)
  AVERAGE WIND SPEED    10.5


SKY COVER
  POSSIBLE SUNSHINE  MM
  AVERAGE SKY COVER 0.7


WEATHER CONDITIONS
 THE FOLLOWING WEATHER WAS RECORDED YESTERDAY.
  NO SIGNIFICANT WEATHER WAS OBSERVED.


RELATIVE HUMIDITY (PERCENT)
 HIGHEST    92           700 AM
 LOWEST     28           200 PM
 AVERAGE    60

..........................................................


THE NORTH PLATTE NE CLIMATE NORMALS FOR TODAY
                         NORMAL    RECORD    YEAR
 MAXIMUM TEMPERATURE (F)   56        86      1879
 MINIMUM TEMPERATURE (F)   27        -4      1888


SUNRISE AND SUNSET
MARCH 27 2015.........SUNRISE   735 AM CDT   SUNSET   802 PM CDT
MARCH 28 2015.........SUNRISE   733 AM CDT   SUNSET   803 PM CDT


-  INDICATES NEGATIVE NUMBERS.
R  INDICATES RECORD WAS SET OR TIED.
MM INDICATES DATA IS MISSING.
T  INDICATES TRACE AMOUNT.




$$
