000
CDUS43 KLBF 251000
CLILBF


CLIMATE REPORT
NATIONAL WEATHER SERVICE NORTH PLATTE
459 AM CDT WED MAY 25 2016


...................................

...THE NORTH PLATTE NE CLIMATE SUMMARY FOR MAY 24 2016...

CLIMATE NORMAL PERIOD 1981 TO 2010
CLIMATE RECORD PERIOD 1874 TO 2016


WEATHER ITEM   OBSERVED TIME   RECORD YEAR NORMAL DEPARTURE LAST
                VALUE   (LST)  VALUE       VALUE  FROM      YEAR
                                                  NORMAL
..................................................................
TEMPERATURE (F)
 YESTERDAY
  MAXIMUM         79    406 PM  97    1953  74      5       70
  MINIMUM         45    123 AM  31    1966  47     -2       52
                                      1924
  AVERAGE         62                        60      2       61

PRECIPITATION (IN)
  YESTERDAY        0.51          2.25 1881   0.12   0.39     0.08
  MONTH TO DATE    1.97                      2.43  -0.46     3.98
  SINCE MAR 1      7.99                      5.75   2.24     7.00
  SINCE JAN 1      9.25                      6.59   2.66     7.74

SNOWFALL (IN)
  YESTERDAY        0.0           T    2002   0.0    0.0      0.0
  MONTH TO DATE    0.0                       0.0    0.0       T
  SINCE MAR 1      6.8                       7.6   -0.8      2.4
  SINCE JUL 1     32.4                      28.5    3.9     21.3
  SNOW DEPTH       0

DEGREE DAYS
 HEATING
  YESTERDAY        3                         6     -3        4
  MONTH TO DATE  251                       211     40      245
  SINCE MAR 1   1415                      1573   -158     1340
  SINCE JUL 1   5692                      6601   -909     6229

 COOLING
  YESTERDAY        0                         1     -1        0
  MONTH TO DATE    7                        14     -7        0
  SINCE MAR 1      8                        17     -9        2
  SINCE JAN 1      8                        17     -9        2
..................................................................


WIND (MPH)
  HIGHEST WIND SPEED    44   HIGHEST WIND DIRECTION     W (270)
  HIGHEST GUST SPEED    52   HIGHEST GUST DIRECTION     W (270)
  AVERAGE WIND SPEED     7.4


SKY COVER
  POSSIBLE SUNSHINE  MM
  AVERAGE SKY COVER 0.2


WEATHER CONDITIONS
 THE FOLLOWING WEATHER WAS RECORDED YESTERDAY.
  THUNDERSTORM
  HEAVY RAIN
  RAIN
  LIGHT RAIN
  FOG
  HAZE


RELATIVE HUMIDITY (PERCENT)
 HIGHEST    89           400 AM
 LOWEST     42           200 PM
 AVERAGE    66

..........................................................


THE NORTH PLATTE NE CLIMATE NORMALS FOR TODAY
                         NORMAL    RECORD    YEAR
 MAXIMUM TEMPERATURE (F)   74        96      1967
 MINIMUM TEMPERATURE (F)   47        30      2002


SUNRISE AND SUNSET
MAY 25 2016...........SUNRISE   616 AM CDT   SUNSET   904 PM CDT
MAY 26 2016...........SUNRISE   615 AM CDT   SUNSET   905 PM CDT


-  INDICATES NEGATIVE NUMBERS.
R  INDICATES RECORD WAS SET OR TIED.
MM INDICATES DATA IS MISSING.
T  INDICATES TRACE AMOUNT.




$$
