341
CDUS43 KLBF 072337
CLILBF


CLIMATE REPORT
NATIONAL WEATHER SERVICE NORTH PLATTE
532 PM CST SUN FEB 7 2016


...................................

...THE NORTH PLATTE NE CLIMATE SUMMARY FOR FEBRUARY 7 2016...
VALID TODAY AS OF 0500 PM LOCAL TIME.

CLIMATE NORMAL PERIOD 1981 TO 2010
CLIMATE RECORD PERIOD 1874 TO 2016


WEATHER ITEM   OBSERVED TIME   RECORD YEAR NORMAL DEPARTURE LAST
                VALUE   (LST)  VALUE       VALUE  FROM      YEAR
                                                  NORMAL
..................................................................
TEMPERATURE (F)
 TODAY
  MAXIMUM         39    417 PM  73    1987  41     -2       71
  MINIMUM         24    351 AM -23    1895  13     11       23
  AVERAGE         32                        27      5       47

PRECIPITATION (IN)
  TODAY            0.00          0.55 1980   0.02  -0.02     0.00
  MONTH TO DATE    0.75                      0.09   0.66     0.43
  SINCE DEC 1      1.51                      0.84   0.67     1.75
  SINCE JAN 1      1.23                      0.43   0.80     0.71

SNOWFALL (IN)
  TODAY            0.0           6.9  1980   0.1   -0.1      0.0
  MONTH TO DATE   12.0                       1.2   10.8      6.1
  SINCE DEC 1     21.0                      10.6   10.4     18.3
  SINCE JUL 1     25.6                      16.8    8.8     18.7
  SNOW DEPTH       5

DEGREE DAYS
 HEATING
  TODAY           33                        38     -5       18
  MONTH TO DATE  287                       269     18      269
  SINCE DEC 1   2495                      2738   -243     2601
  SINCE JUL 1   3681                      4289   -608     4121

 COOLING
  TODAY            0                         0      0        0
  MONTH TO DATE    0                         0      0        0
  SINCE DEC 1      0                         0      0        0
  SINCE JAN 1      0                         0      0        0
..................................................................


WIND (MPH)
  HIGHEST WIND SPEED    36   HIGHEST WIND DIRECTION    NW (310)
  HIGHEST GUST SPEED    43   HIGHEST GUST DIRECTION     W (290)
  AVERAGE WIND SPEED    17.9


SKY COVER
  POSSIBLE SUNSHINE  MM
  AVERAGE SKY COVER 0.4


WEATHER CONDITIONS
 THE FOLLOWING WEATHER WAS RECORDED TODAY.
  NO SIGNIFICANT WEATHER WAS OBSERVED.


RELATIVE HUMIDITY (PERCENT)
 HIGHEST    81           400 AM
 LOWEST     40           100 PM
 AVERAGE    61

..........................................................


THE NORTH PLATTE NE CLIMATE NORMALS FOR TOMORROW
                         NORMAL    RECORD    YEAR
 MAXIMUM TEMPERATURE (F)   41        75      1954
 MINIMUM TEMPERATURE (F)   13       -25      1936


SUNRISE AND SUNSET
FEBRUARY  7 2016......SUNRISE   748 AM CST   SUNSET   606 PM CST
FEBRUARY  8 2016......SUNRISE   747 AM CST   SUNSET   608 PM CST


-  INDICATES NEGATIVE NUMBERS.
R  INDICATES RECORD WAS SET OR TIED.
MM INDICATES DATA IS MISSING.
T  INDICATES TRACE AMOUNT.




$$
