000
CDUS43 KLBF 141024
CLILBF


CLIMATE REPORT
NATIONAL WEATHER SERVICE NORTH PLATTE
422 AM CST THU DEC 14 2017


...................................

...THE NORTH PLATTE NE CLIMATE SUMMARY FOR DECEMBER 13 2017...

CLIMATE NORMAL PERIOD 1981 TO 2010
CLIMATE RECORD PERIOD 1874 TO 2017


WEATHER ITEM   OBSERVED TIME   RECORD YEAR NORMAL DEPARTURE LAST
                VALUE   (LST)  VALUE       VALUE  FROM      YEAR
                                                  NORMAL
..................................................................
TEMPERATURE (F)
 YESTERDAY
  MAXIMUM         53    122 PM  70    1988  39     14       25
  MINIMUM         24    215 AM -18    1985  12     12        0
  AVERAGE         39                        25     14       13

PRECIPITATION (IN)
  YESTERDAY        0.00          0.46 1984   0.01  -0.01     0.00
  MONTH TO DATE    T                         0.18  -0.18     0.01
  SINCE DEC 1      T                         0.18  -0.18     0.01
  SINCE JAN 1     25.69                     20.00   5.69    22.44

SNOWFALL (IN)
  YESTERDAY        0.0           4.9  1984   0.2   -0.2      0.0
  MONTH TO DATE    T                         1.9   -1.9      0.2
  SINCE DEC 1      T                         1.9   -1.9      0.2
  SINCE JUL 1      1.0                       8.1   -7.1      5.2
  SNOW DEPTH       0

DEGREE DAYS
 HEATING
  YESTERDAY       26                        40    -14       52
  MONTH TO DATE  395                       499   -104      521
  SINCE DEC 1    395                       499   -104      521
  SINCE JUL 1   1686                      2050   -364     1562

 COOLING
  YESTERDAY        0                         0      0        0
  MONTH TO DATE    0                         0      0        0
  SINCE DEC 1      0                         0      0        0
  SINCE JAN 1    954                       768    186      911
..................................................................


WIND (MPH)
  HIGHEST WIND SPEED    36   HIGHEST WIND DIRECTION    NW (330)
  HIGHEST GUST SPEED    48   HIGHEST GUST DIRECTION    NW (320)
  AVERAGE WIND SPEED    13.5


SKY COVER
  POSSIBLE SUNSHINE  MM
  AVERAGE SKY COVER 0.0


WEATHER CONDITIONS
 THE FOLLOWING WEATHER WAS RECORDED YESTERDAY.
  NO SIGNIFICANT WEATHER WAS OBSERVED.


RELATIVE HUMIDITY (PERCENT)
 HIGHEST    75           200 AM
 LOWEST     20           100 PM
 AVERAGE    48

..........................................................


THE NORTH PLATTE NE CLIMATE NORMALS FOR TODAY
                         NORMAL    RECORD    YEAR
 MAXIMUM TEMPERATURE (F)   39        67      1894
 MINIMUM TEMPERATURE (F)   11       -30      1901


SUNRISE AND SUNSET
DECEMBER 14 2017......SUNRISE   800 AM CST   SUNSET   515 PM CST
DECEMBER 15 2017......SUNRISE   801 AM CST   SUNSET   515 PM CST


-  INDICATES NEGATIVE NUMBERS.
R  INDICATES RECORD WAS SET OR TIED.
MM INDICATES DATA IS MISSING.
T  INDICATES TRACE AMOUNT.




$$
