000
CDUS43 KLBF 162240
CLILBF


CLIMATE REPORT
NATIONAL WEATHER SERVICE NORTH PLATTE
539 PM CDT MON OCT 16 2017


...................................

...THE NORTH PLATTE NE CLIMATE SUMMARY FOR OCTOBER 16 2017...
VALID TODAY AS OF 0500 PM LOCAL TIME.

CLIMATE NORMAL PERIOD 1981 TO 2010
CLIMATE RECORD PERIOD 1874 TO 2017


WEATHER ITEM   OBSERVED TIME   RECORD YEAR NORMAL DEPARTURE LAST
                VALUE   (LST)  VALUE       VALUE  FROM      YEAR
                                                  NORMAL
..................................................................
TEMPERATURE (F)
 TODAY
  MAXIMUM         79    412 PM  89    1991  65     14       82
                                      1910
  MINIMUM         29    702 AM  11    1969  34     -5       42
  AVERAGE         54                        49      5       62

PRECIPITATION (IN)
  TODAY            0.00          0.98 1897   0.05  -0.05     0.00
  MONTH TO DATE    3.05                      0.85   2.20     1.46
  SINCE SEP 1      7.80                      2.26   5.54     2.40
  SINCE JAN 1     25.56                     18.48   7.08    21.56

SNOWFALL (IN)
  TODAY            0.0           0.2  1930   0.1   -0.1      0.0
  MONTH TO DATE    0.0                       0.7   -0.7       T
  SINCE SEP 1      0.0                       0.9   -0.9       T
  SINCE JUL 1      T                         0.9   -0.9       T
  SNOW DEPTH       0

DEGREE DAYS
 HEATING
  TODAY           11                        16     -5        3
  MONTH TO DATE  170                       211    -41      142
  SINCE SEP 1    275                       362    -87      221
  SINCE JUL 1    279                       382   -103      233

 COOLING
  TODAY            0                         0      0        0
  MONTH TO DATE    0                         0      0        3
  SINCE SEP 1    130                        70     60      104
  SINCE JAN 1    953                       765    188      911
..................................................................


WIND (MPH)
  HIGHEST WIND SPEED    23   HIGHEST WIND DIRECTION     S (200)
  HIGHEST GUST SPEED    32   HIGHEST GUST DIRECTION    SW (210)
  AVERAGE WIND SPEED     5.6


SKY COVER
  POSSIBLE SUNSHINE  MM
  AVERAGE SKY COVER 0.0


WEATHER CONDITIONS
 THE FOLLOWING WEATHER WAS RECORDED TODAY.
  NO SIGNIFICANT WEATHER WAS OBSERVED.


RELATIVE HUMIDITY (PERCENT)
 HIGHEST    92           400 AM
 LOWEST     17           200 PM
 AVERAGE    55

..........................................................


THE NORTH PLATTE NE CLIMATE NORMALS FOR TOMORROW
                         NORMAL    RECORD    YEAR
 MAXIMUM TEMPERATURE (F)   64        89      1926
 MINIMUM TEMPERATURE (F)   33        15      1969
                                             1948


SUNRISE AND SUNSET
OCTOBER 16 2017.......SUNRISE   756 AM CDT   SUNSET   700 PM CDT
OCTOBER 17 2017.......SUNRISE   757 AM CDT   SUNSET   659 PM CDT


-  INDICATES NEGATIVE NUMBERS.
R  INDICATES RECORD WAS SET OR TIED.
MM INDICATES DATA IS MISSING.
T  INDICATES TRACE AMOUNT.




$$
