000
CDUS43 KLBF 281318 CCA
CLILBF

CLIMATE REPORT
NATIONAL WEATHER SERVICE NORTH PLATTE
718 AM CST SUN DEC 28 2014


...................................

...THE NORTH PLATTE NE CLIMATE SUMMARY FOR DECEMBER 27 2014...

CLIMATE NORMAL PERIOD 1981 TO 2010
CLIMATE RECORD PERIOD 1874 TO 2014


WEATHER ITEM   OBSERVED TIME   RECORD YEAR NORMAL DEPARTURE LAST
                VALUE   (LST)  VALUE       VALUE  FROM      YEAR
                                                  NORMAL
..................................................................
TEMPERATURE (F)
 YESTERDAY
  MAXIMUM         23    402 PM  71    1980  38    -15       58
  MINIMUM         -9    819 AM -14    1876  11    -20       15
  AVERAGE          7                        24    -17       37

PRECIPITATION (IN)
  YESTERDAY        T             0.49 1982   0.01  -0.01     0.00
  MONTH TO DATE    0.94                      0.36   0.58     0.16
  SINCE DEC 1      0.94                      0.36   0.58     0.16
  SINCE JAN 1     21.42                     20.18   1.24    21.77

SNOWFALL (IN)
  YESTERDAY        T              6.0  1987  0.2   -0.2      0.0
  MONTH TO DATE    7.1                       4.0    3.1      3.6
  SINCE DEC 1      7.1                       4.0    3.1      3.6
  SINCE JUL 1      7.5                      10.2   -2.7      6.7
  SNOW DEPTH       0

DEGREE DAYS
 HEATING
  YESTERDAY       58                        41     17       28
  MONTH TO DATE  923                      1068   -145     1124
  SINCE DEC 1    923                      1068   -145     1124
  SINCE JUL 1   2443                      2619   -176     2609

 COOLING
  YESTERDAY        0                         0      0        0
  MONTH TO DATE    0                         0      0        0
  SINCE DEC 1      0                         0      0        0
  SINCE JAN 1    744                       768    -24      998
..................................................................


WIND (MPH)
  HIGHEST WIND SPEED    13   HIGHEST WIND DIRECTION     W (260)
  HIGHEST GUST SPEED    14   HIGHEST GUST DIRECTION     W (260)
  AVERAGE WIND SPEED     6.4


SKY COVER
  POSSIBLE SUNSHINE  MM
  AVERAGE SKY COVER 0.2


WEATHER CONDITIONS
 THE FOLLOWING WEATHER WAS RECORDED YESTERDAY.
  LIGHT SNOW
  FOG


RELATIVE HUMIDITY (PERCENT)
 HIGHEST    96           300 AM
 LOWEST     68           300 PM
 AVERAGE    82

..........................................................


THE NORTH PLATTE NE CLIMATE NORMALS FOR TODAY
                         NORMAL    RECORD    YEAR
 MAXIMUM TEMPERATURE (F)   38        65      1999
 MINIMUM TEMPERATURE (F)   11       -23      1880


SUNRISE AND SUNSET
DECEMBER 28 2014......SUNRISE   807 AM CST   SUNSET   522 PM CST
DECEMBER 29 2014......SUNRISE   808 AM CST   SUNSET   522 PM CST


-  INDICATES NEGATIVE NUMBERS.
R  INDICATES RECORD WAS SET OR TIED.
MM INDICATES DATA IS MISSING.
T  INDICATES TRACE AMOUNT.




$$
