865
CDUS42 KILM 030841
CLILBT


CLIMATE REPORT
NATIONAL WEATHER SERVICE WILMINGTON NC
441 AM EDT TUE MAY 3 2016


...................................

...THE LUMBERTON NC CLIMATE SUMMARY FOR MAY 2 2016...

CLIMATE NORMAL PERIOD 1981 TO 2010
CLIMATE RECORD PERIOD 9999 TO 9999


WEATHER ITEM   OBSERVED TIME   NORMAL DEPARTURE LAST
                VALUE   (LST)  VALUE  FROM      YEAR
                                      NORMAL
......................................................
TEMPERATURE (F)
 YESTERDAY
  MAXIMUM         85   1256 PM  79      6       78
  MINIMUM         67    102 AM  53     14       45
  AVERAGE         76            66     10       62

PRECIPITATION (IN)
  YESTERDAY        0.54          0.06   0.48     0.00
  MONTH TO DATE    0.90          0.12   0.78     0.02
  SINCE MAR 1      5.25          6.27  -1.02     6.09
  SINCE JAN 1     13.53         12.14   1.39    15.55

DEGREE DAYS
 HEATING
  YESTERDAY        0             3     -3        3
  MONTH TO DATE    0             6     -6       10
  SINCE MAR 1    317           505   -188      412
  SINCE JUL 1   1996          2735   -739     2776

 COOLING
  YESTERDAY       11             3      8        0
  MONTH TO DATE   15             6      9        0
  SINCE MAR 1    131            71     60       94
  SINCE JAN 1    132            74     58       94
......................................................


WIND (MPH)
  HIGHEST WIND SPEED    22   HIGHEST WIND DIRECTION     W (280)
  HIGHEST GUST SPEED    27   HIGHEST GUST DIRECTION     W (280)
  AVERAGE WIND SPEED     6.8


SKY COVER
  POSSIBLE SUNSHINE  MM
  AVERAGE SKY COVER 0.5


WEATHER CONDITIONS
 THE FOLLOWING WEATHER WAS RECORDED YESTERDAY.
  THUNDERSTORM
  HEAVY RAIN
  RAIN
  LIGHT RAIN
  FOG
  HAZE


RELATIVE HUMIDITY (PERCENT)
 HIGHEST    97           600 AM
 LOWEST     61           100 PM
 AVERAGE    79

..........................................................


THE LUMBERTON NC CLIMATE NORMALS FOR TODAY
                         NORMAL
 MAXIMUM TEMPERATURE (F)   79
 MINIMUM TEMPERATURE (F)   53


SUNRISE AND SUNSET
MAY  3 2016...........SUNRISE   624 AM EDT   SUNSET   803 PM EDT
MAY  4 2016...........SUNRISE   623 AM EDT   SUNSET   804 PM EDT


-  INDICATES NEGATIVE NUMBERS.
R  INDICATES RECORD WAS SET OR TIED.
MM INDICATES DATA IS MISSING.
T  INDICATES TRACE AMOUNT.




$$
