000
CDUS42 KILM 192054
CLILBT


CLIMATE REPORT
NATIONAL WEATHER SERVICE WILMINGTON NC
453 PM EDT TUE SEP 19 2017


...................................

...THE LUMBERTON NC CLIMATE SUMMARY FOR SEPTEMBER 19 2017...
VALID TODAY AS OF 0400 PM LOCAL TIME.

CLIMATE NORMAL PERIOD 1981 TO 2010
CLIMATE RECORD PERIOD 9999 TO 9999


WEATHER ITEM   OBSERVED TIME   NORMAL DEPARTURE LAST
                VALUE   (LST)  VALUE  FROM      YEAR
                                      NORMAL
......................................................
TEMPERATURE (F)
 TODAY
  MAXIMUM         86    259 PM  83      3       90
  MINIMUM         64    209 AM  61      3       70
  AVERAGE         75            72      3       80

PRECIPITATION (IN)
  TODAY            T             0.15  -0.15     0.26
  MONTH TO DATE    4.75          3.10   1.65     4.83
  SINCE SEP 1      4.75          3.10   1.65     4.83
  SINCE JAN 1     36.56         33.49   3.07    37.34

DEGREE DAYS
 HEATING
  TODAY            0             0      0        0
  MONTH TO DATE    0             0      0        0
  SINCE SEP 1      0             0      0        0
  SINCE JUL 1      0             0      0        0

 COOLING
  TODAY           10             7      3       15
  MONTH TO DATE  158           182    -24      249
  SINCE SEP 1    158           182    -24      249
  SINCE JAN 1   1892          1754    138     2148
......................................................


WIND (MPH)
  HIGHEST WIND SPEED    15   HIGHEST WIND DIRECTION    NW (320)
  HIGHEST GUST SPEED    18   HIGHEST GUST DIRECTION    NW (330)
  AVERAGE WIND SPEED     5.3


SKY COVER
  POSSIBLE SUNSHINE  MM
  AVERAGE SKY COVER 0.0


WEATHER CONDITIONS
 THE FOLLOWING WEATHER WAS RECORDED TODAY.
  NO SIGNIFICANT WEATHER WAS OBSERVED.


RELATIVE HUMIDITY (PERCENT)
 HIGHEST   100          1200 AM
 LOWEST     45           300 PM
 AVERAGE    73

..........................................................


THE LUMBERTON NC CLIMATE NORMALS FOR TOMORROW
                         NORMAL
 MAXIMUM TEMPERATURE (F)   83
 MINIMUM TEMPERATURE (F)   61


SUNRISE AND SUNSET
SEPTEMBER 19 2017.....SUNRISE   702 AM EDT   SUNSET   717 PM EDT
SEPTEMBER 20 2017.....SUNRISE   703 AM EDT   SUNSET   716 PM EDT


-  INDICATES NEGATIVE NUMBERS.
R  INDICATES RECORD WAS SET OR TIED.
MM INDICATES DATA IS MISSING.
T  INDICATES TRACE AMOUNT.




$$
