000
CDUS42 KILM 250946
CLILBT


CLIMATE REPORT
NATIONAL WEATHER SERVICE WILMINGTON NC
446 AM EST THU DEC 25 2014


...................................

...THE LUMBERTON NC CLIMATE SUMMARY FOR DECEMBER 24 2014...

CLIMATE NORMAL PERIOD 1981 TO 2010
CLIMATE RECORD PERIOD 9999 TO 9999


WEATHER ITEM   OBSERVED TIME   NORMAL DEPARTURE LAST
                VALUE   (LST)  VALUE  FROM      YEAR
                                      NORMAL
......................................................
TEMPERATURE (F)
 YESTERDAY
  MAXIMUM         71    110 PM  55     16       52
  MINIMUM         48   1214 AM  35     13       35
  AVERAGE         60            44     16       44

PRECIPITATION (IN)
  YESTERDAY        1.35          0.08   1.27     0.03
  MONTH TO DATE    2.66          2.39   0.27     3.31
  SINCE DEC 1      2.66          2.39   0.27     3.31
  SINCE JAN 1     42.28         43.02  -0.74    43.51

SNOWFALL (IN)
  YESTERDAY       MM
  MONTH TO DATE   MM
  SINCE DEC 1     MM
  SINCE JUL 1     MM
  SNOW DEPTH      MM

DEGREE DAYS
 HEATING
  YESTERDAY        5            21    -16       21
  MONTH TO DATE  400           437    -37      339
  SINCE DEC 1    400           437    -37      339
  SINCE JUL 1    943           903     40      855

 COOLING
  YESTERDAY        0             0      0        0
  MONTH TO DATE    0             0      0       15
  SINCE DEC 1      0             0      0       15
  SINCE JAN 1   2061          1907    154     1876
......................................................


WIND (MPH)
  HIGHEST WIND SPEED    25   HIGHEST WIND DIRECTION    SW (220)
  HIGHEST GUST SPEED    33   HIGHEST GUST DIRECTION    SW (210)
  AVERAGE WIND SPEED     9.4


SKY COVER
  POSSIBLE SUNSHINE  MM
  AVERAGE SKY COVER 0.9


WEATHER CONDITIONS
 THE FOLLOWING WEATHER WAS RECORDED YESTERDAY.
  HEAVY RAIN
  RAIN
  LIGHT RAIN
  FOG


RELATIVE HUMIDITY (PERCENT)
 HIGHEST   100           100 AM
 LOWEST     78           500 PM
 AVERAGE    89

..........................................................


THE LUMBERTON NC CLIMATE NORMALS FOR TODAY
                         NORMAL
 MAXIMUM TEMPERATURE (F)   54
 MINIMUM TEMPERATURE (F)   34


SUNRISE AND SUNSET
DECEMBER 25 2014......SUNRISE   721 AM EST   SUNSET   512 PM EST
DECEMBER 26 2014......SUNRISE   721 AM EST   SUNSET   512 PM EST


-  INDICATES NEGATIVE NUMBERS.
R  INDICATES RECORD WAS SET OR TIED.
MM INDICATES DATA IS MISSING.
T  INDICATES TRACE AMOUNT.




$$
