000
CDUS42 KILM 030843
CLILBT


CLIMATE REPORT
NATIONAL WEATHER SERVICE WILMINGTON NC
441 AM EDT FRI JUL 3 2015


...................................

...THE LUMBERTON NC CLIMATE SUMMARY FOR JULY 2 2015...

CLIMATE NORMAL PERIOD 1981 TO 2010
CLIMATE RECORD PERIOD 9999 TO 9999


WEATHER ITEM   OBSERVED TIME   NORMAL DEPARTURE LAST
                VALUE   (LST)  VALUE  FROM      YEAR
                                      NORMAL
......................................................
TEMPERATURE (F)
 YESTERDAY
  MAXIMUM         91    302 PM  91      0       94
  MINIMUM         72   1159 PM  71      1       73
  AVERAGE         82            81      1       84

PRECIPITATION (IN)
  YESTERDAY        0.15          0.14   0.01     0.00
  MONTH TO DATE    0.15          0.27  -0.12     0.00
  SINCE JUN 1      6.39          4.61   1.78     7.57
  SINCE JAN 1     23.85         19.68   4.17    24.83

DEGREE DAYS
 HEATING
  YESTERDAY        0             0      0        0
  MONTH TO DATE    0             0      0        0
  SINCE JUN 1      0             0      0        0
  SINCE JUL 1      0             0      0        0

 COOLING
  YESTERDAY       17            16      1       19
  MONTH TO DATE   30            32     -2       36
  SINCE JUN 1    574           420    154      494
  SINCE JAN 1    913           670    243      782
......................................................


WIND (MPH)
  HIGHEST WIND SPEED    18   HIGHEST WIND DIRECTION    SW (240)
  HIGHEST GUST SPEED    23   HIGHEST GUST DIRECTION    SW (230)
  AVERAGE WIND SPEED     9.8


SKY COVER
  POSSIBLE SUNSHINE  MM
  AVERAGE SKY COVER 0.2


WEATHER CONDITIONS
 THE FOLLOWING WEATHER WAS RECORDED YESTERDAY.
  THUNDERSTORM
  HEAVY RAIN
  RAIN
  LIGHT RAIN
  HAZE


RELATIVE HUMIDITY (PERCENT)
 HIGHEST    93          1000 PM
 LOWEST     52           100 PM
 AVERAGE    73

..........................................................


THE LUMBERTON NC CLIMATE NORMALS FOR TODAY
                         NORMAL
 MAXIMUM TEMPERATURE (F)   91
 MINIMUM TEMPERATURE (F)   71


SUNRISE AND SUNSET
JULY  3 2015..........SUNRISE   608 AM EDT   SUNSET   833 PM EDT
JULY  4 2015..........SUNRISE   608 AM EDT   SUNSET   833 PM EDT


-  INDICATES NEGATIVE NUMBERS.
R  INDICATES RECORD WAS SET OR TIED.
MM INDICATES DATA IS MISSING.
T  INDICATES TRACE AMOUNT.




$$
