000
CDUS44 KLCH 271245
CLILCH


CLIMATE REPORT
NATIONAL WEATHER SERVICE LAKE CHARLES, LA
745 AM CDT TUE SEP 27 2016


...................................

...THE LAKE CHARLES CLIMATE SUMMARY FOR SEPTEMBER 26 2016...

CLIMATE NORMAL PERIOD 1981 TO 2010
CLIMATE RECORD PERIOD 1895 TO 2016


WEATHER ITEM   OBSERVED TIME   RECORD YEAR NORMAL DEPARTURE LAST
                VALUE   (LST)  VALUE       VALUE  FROM      YEAR
                                                  NORMAL
..................................................................
TEMPERATURE (F)
 YESTERDAY
  MAXIMUM         91    131 PM  98    1910  86      5       90
  MINIMUM         73    603 AM  51    2000  66      7       70
                                      1940
                                      1909
  AVERAGE         82                        76      6       80

PRECIPITATION (IN)
  YESTERDAY        0.15          3.09 1957   0.16  -0.01     0.42
  MONTH TO DATE    3.44                      4.69  -1.25     4.51
  SINCE SEP 1      3.44                      4.69  -1.25     4.51
  SINCE JAN 1     59.35                     42.91  16.44    50.48

SNOWFALL (IN)
  YESTERDAY        0.0           0.0    MM   0.0    0.0      0.0
  MONTH TO DATE    0.0                       0.0    0.0      0.0
  SINCE SEP 1      0.0                       0.0    0.0      0.0
  SINCE JUL 1      0.0                       0.0    0.0      0.0
  SNOW DEPTH       0

DEGREE DAYS
 HEATING
  YESTERDAY        0                         0      0        0
  MONTH TO DATE    0                         0      0        0
  SINCE SEP 1      0                         0      0        0
  SINCE JUL 1      0                         0      0        0

 COOLING
  YESTERDAY       17                        11      6       15
  MONTH TO DATE  472                       369    103      393
  SINCE SEP 1    472                       369    103      393
  SINCE JAN 1   2799                      2498    301     2756
..................................................................


WIND (MPH)
  HIGHEST WIND SPEED    15   HIGHEST WIND DIRECTION     W (250)
  HIGHEST GUST SPEED    18   HIGHEST GUST DIRECTION     W (250)
  AVERAGE WIND SPEED     3.5


SKY COVER
  POSSIBLE SUNSHINE  MM
  AVERAGE SKY COVER 0.2


WEATHER CONDITIONS
 THE FOLLOWING WEATHER WAS RECORDED YESTERDAY.
  THUNDERSTORM
  HEAVY RAIN
  LIGHT RAIN
  FOG


RELATIVE HUMIDITY (PERCENT)
 HIGHEST   100           100 AM
 LOWEST     55           200 PM
 AVERAGE    78

..........................................................


THE LAKE CHARLES CLIMATE NORMALS FOR TODAY
                         NORMAL    RECORD    YEAR
 MAXIMUM TEMPERATURE (F)   86        97      1910
 MINIMUM TEMPERATURE (F)   66        45      1942


SUNRISE AND SUNSET
SEPTEMBER 27 2016.....SUNRISE   704 AM CDT   SUNSET   702 PM CDT
SEPTEMBER 28 2016.....SUNRISE   705 AM CDT   SUNSET   701 PM CDT


-  INDICATES NEGATIVE NUMBERS.
R  INDICATES RECORD WAS SET OR TIED.
MM INDICATES DATA IS MISSING.
T  INDICATES TRACE AMOUNT.




$$
