000
CDUS44 KLCH 270827
CLILCH


CLIMATE REPORT
NATIONAL WEATHER SERVICE LAKE CHARLES, LA
327 AM CDT WED JUL 27 2016


...................................

...THE LAKE CHARLES CLIMATE SUMMARY FOR JULY 26 2016...

CLIMATE NORMAL PERIOD 1981 TO 2010
CLIMATE RECORD PERIOD 1895 TO 2016


WEATHER ITEM   OBSERVED TIME   RECORD YEAR NORMAL DEPARTURE LAST
                VALUE   (LST)  VALUE       VALUE  FROM      YEAR
                                                  NORMAL
..................................................................
TEMPERATURE (F)
 YESTERDAY
  MAXIMUM         90    120 PM 101    1912  92     -2       97
  MINIMUM         73    614 AM  64    1915  75     -2       78
  AVERAGE         82                        83     -1       88

PRECIPITATION (IN)
  YESTERDAY        T             5.18 2006   0.17  -0.17     0.02
  MONTH TO DATE    2.42                      4.77  -2.35     0.28
  SINCE JUN 1     11.56                     11.62  -0.06     7.36
  SINCE JAN 1     40.88                     32.50   8.38    41.79

SNOWFALL (IN)
  YESTERDAY        0.0           0.0    MM   0.0    0.0      0.0
  MONTH TO DATE    0.0                       0.0    0.0      0.0
  SINCE JUN 1      0.0                       0.0    0.0      0.0
  SINCE JUL 1      0.0                       0.0    0.0      0.0
  SNOW DEPTH       0

DEGREE DAYS
 HEATING
  YESTERDAY        0                         0      0        0
  MONTH TO DATE    0                         0      0        0
  SINCE JUN 1      0                         0      0        0
  SINCE JUL 1      0                         0      0        0

 COOLING
  YESTERDAY       17                        18     -1       23
  MONTH TO DATE  528                       465     63      512
  SINCE JUN 1   1040                       945     95     1024
  SINCE JAN 1   1656                      1483    173     1668
..................................................................


WIND (MPH)
  HIGHEST WIND SPEED    15   HIGHEST WIND DIRECTION     S (190)
  HIGHEST GUST SPEED    20   HIGHEST GUST DIRECTION     S (190)
  AVERAGE WIND SPEED     4.5


SKY COVER
  POSSIBLE SUNSHINE  MM
  AVERAGE SKY COVER 0.5


WEATHER CONDITIONS
 THE FOLLOWING WEATHER WAS RECORDED YESTERDAY.
  THUNDERSTORM
  LIGHT RAIN
  FOG
  FOG W/VISIBILITY <= 1/4 MILE


RELATIVE HUMIDITY (PERCENT)
 HIGHEST   100           300 AM
 LOWEST     63          1200 PM
 AVERAGE    82

..........................................................


THE LAKE CHARLES CLIMATE NORMALS FOR TODAY
                         NORMAL    RECORD    YEAR
 MAXIMUM TEMPERATURE (F)   92        99      1930
                                             1925
                                             1915
 MINIMUM TEMPERATURE (F)   75        64      1911


SUNRISE AND SUNSET
JULY 27 2016..........SUNRISE   629 AM CDT   SUNSET   809 PM CDT
JULY 28 2016..........SUNRISE   630 AM CDT   SUNSET   809 PM CDT


-  INDICATES NEGATIVE NUMBERS.
R  INDICATES RECORD WAS SET OR TIED.
MM INDICATES DATA IS MISSING.
T  INDICATES TRACE AMOUNT.




$$
