000
CDUS44 KLCH 101245
CLILCH


CLIMATE REPORT
NATIONAL WEATHER SERVICE LAKE CHARLES, LA
645 AM CST WED FEB 10 2016


...................................

...THE LAKE CHARLES CLIMATE SUMMARY FOR FEBRUARY 9 2016...

CLIMATE NORMAL PERIOD 1981 TO 2010
CLIMATE RECORD PERIOD 1895 TO 2016


WEATHER ITEM   OBSERVED TIME   RECORD YEAR NORMAL DEPARTURE LAST
                VALUE   (LST)  VALUE       VALUE  FROM      YEAR
                                                  NORMAL
..................................................................
TEMPERATURE (F)
 YESTERDAY
  MAXIMUM         62    439 PM  80    2015  63     -1       80
                                      1965
  MINIMUM         39    708 AM  17    1933  44     -5       56
  AVERAGE         51                        54     -3       68

PRECIPITATION (IN)
  YESTERDAY        0.00          2.83 1923   0.13  -0.13     0.00
  MONTH TO DATE    0.07                      1.17  -1.10     0.38
  SINCE DEC 1      7.41                     11.08  -3.67     9.31
  SINCE JAN 1      4.17                      6.40  -2.23     7.28

SNOWFALL (IN)
  YESTERDAY        0.0           T    1973   0.0    0.0      0.0
  MONTH TO DATE    0.0                       0.0    0.0      0.0
  SINCE DEC 1      0.0                       T      0.0      0.0
  SINCE JUL 1      0.0                       T      0.0      0.0
  SNOW DEPTH       0

DEGREE DAYS
 HEATING
  YESTERDAY       14                        12      2        0
  MONTH TO DATE  119                       109     10      112
  SINCE DEC 1    750                       893   -143      886
  SINCE JUL 1    826                      1100   -274     1162

 COOLING
  YESTERDAY        0                         0      0        3
  MONTH TO DATE    5                         0      5        3
  SINCE DEC 1     65                        30     35       20
  SINCE JAN 1      8                        10     -2        3
..................................................................


WIND (MPH)
  HIGHEST WIND SPEED    24   HIGHEST WIND DIRECTION    NW (330)
  HIGHEST GUST SPEED    32   HIGHEST GUST DIRECTION    NW (310)
  AVERAGE WIND SPEED    10.3


SKY COVER
  POSSIBLE SUNSHINE  MM
  AVERAGE SKY COVER 0.0


WEATHER CONDITIONS
 THE FOLLOWING WEATHER WAS RECORDED YESTERDAY.
  NO SIGNIFICANT WEATHER WAS OBSERVED.


RELATIVE HUMIDITY (PERCENT)
 HIGHEST    46          1100 PM
 LOWEST     18          1200 PM
 AVERAGE    32

..........................................................


THE LAKE CHARLES CLIMATE NORMALS FOR TODAY
                         NORMAL    RECORD    YEAR
 MAXIMUM TEMPERATURE (F)   64        80      1957
 MINIMUM TEMPERATURE (F)   45        19      1933


SUNRISE AND SUNSET
FEBRUARY 10 2016......SUNRISE   657 AM CST   SUNSET   557 PM CST
FEBRUARY 11 2016......SUNRISE   657 AM CST   SUNSET   558 PM CST


-  INDICATES NEGATIVE NUMBERS.
R  INDICATES RECORD WAS SET OR TIED.
MM INDICATES DATA IS MISSING.
T  INDICATES TRACE AMOUNT.




$$
