000
CDUS44 KLCH 200818
CLILCH


CLIMATE REPORT
NATIONAL WEATHER SERVICE LAKE CHARLES, LA
317 AM CDT SAT SEP 20 2014


...................................

...THE LAKE CHARLES CLIMATE SUMMARY FOR SEPTEMBER 19 2014...

CLIMATE NORMAL PERIOD 1981 TO 2010
CLIMATE RECORD PERIOD 1895 TO 2014


WEATHER ITEM   OBSERVED TIME   RECORD YEAR NORMAL DEPARTURE LAST
                VALUE   (LST)  VALUE       VALUE  FROM      YEAR
                                                  NORMAL
..................................................................
TEMPERATURE (F)
 YESTERDAY
  MAXIMUM         87    357 PM  97    1915  88     -1       92
                                      1909
                                      1906
  MINIMUM         73    700 AM  49    1981  68      5       76
  AVERAGE         80                        78      2       84

PRECIPITATION (IN)
  YESTERDAY        0.00          2.68 1932   0.16  -0.16     1.87
  MONTH TO DATE    3.75                      3.54   0.21     2.64
  SINCE SEP 1      3.75                      3.54   0.21     2.64
  SINCE JAN 1     55.82                     41.76  14.06    41.64

SNOWFALL (IN)
  YESTERDAY        0.0           0.0    MM   0.0    0.0      0.0
  MONTH TO DATE    0.0                       0.0    0.0      0.0
  SINCE SEP 1      0.0                       0.0    0.0      0.0
  SINCE JUL 1      0.0                       0.0    0.0      0.0
  SNOW DEPTH       0

DEGREE DAYS
 HEATING
  YESTERDAY        0                         0      0        0
  MONTH TO DATE    0                         0      0        0
  SINCE SEP 1      0                         0      0        0
  SINCE JUL 1      0                         0      0        0

 COOLING
  YESTERDAY       15                        13      2       19
  MONTH TO DATE  294                       286      8      360
  SINCE SEP 1    294                       286      8      360
  SINCE JAN 1   2304                      2415   -111     2565
..................................................................


WIND (MPH)
  HIGHEST WIND SPEED    15   HIGHEST WIND DIRECTION     E (110)
  HIGHEST GUST SPEED    21   HIGHEST GUST DIRECTION     E (70)
  AVERAGE WIND SPEED     6.1


SKY COVER
  POSSIBLE SUNSHINE  MM
  AVERAGE SKY COVER 0.6


WEATHER CONDITIONS
 THE FOLLOWING WEATHER WAS RECORDED YESTERDAY.
  FOG


RELATIVE HUMIDITY (PERCENT)
 HIGHEST   100          1200 AM
 LOWEST     61           400 PM
 AVERAGE    81

..........................................................


THE LAKE CHARLES CLIMATE NORMALS FOR TODAY
                         NORMAL    RECORD    YEAR
 MAXIMUM TEMPERATURE (F)   87       100      2005
 MINIMUM TEMPERATURE (F)   68        51      1981


SUNRISE AND SUNSET
SEPTEMBER 20 2014.....SUNRISE   700 AM CDT   SUNSET   712 PM CDT
SEPTEMBER 21 2014.....SUNRISE   701 AM CDT   SUNSET   711 PM CDT


-  INDICATES NEGATIVE NUMBERS.
R  INDICATES RECORD WAS SET OR TIED.
MM INDICATES DATA IS MISSING.
T  INDICATES TRACE AMOUNT.




$$
