000
CDUS44 KLCH 201013
CLILCH


CLIMATE REPORT
NATIONAL WEATHER SERVICE LAKE CHARLES, LA
413 AM CST MON NOV 20 2017


...................................

...THE LAKE CHARLES CLIMATE SUMMARY FOR NOVEMBER 19 2017...

CLIMATE NORMAL PERIOD 1981 TO 2010
CLIMATE RECORD PERIOD 1895 TO 2017


WEATHER ITEM   OBSERVED TIME   RECORD YEAR NORMAL DEPARTURE LAST
                VALUE   (LST)  VALUE       VALUE  FROM      YEAR
                                                  NORMAL
..................................................................
TEMPERATURE (F)
 YESTERDAY
  MAXIMUM         65    318 PM  89    1913  70     -5       63
  MINIMUM         42   1145 PM  30    2014  50     -8       43
                                      1926
  AVERAGE         54                        60     -6       53

PRECIPITATION (IN)
  YESTERDAY        0.00          1.89 1976   0.14  -0.14     0.00
  MONTH TO DATE    1.73                      2.86  -1.13     0.61
  SINCE SEP 1      6.51                     13.02  -6.51     4.32
  SINCE JAN 1     70.27                     51.24  19.03    60.23

SNOWFALL (IN)
  YESTERDAY        0.0           0.0    MM   0.0    0.0      0.0
  MONTH TO DATE    0.0                       0.0    0.0      0.0
  SINCE SEP 1      0.0                       0.0    0.0      0.0
  SINCE JUL 1      0.0                       0.0    0.0      0.0
  SNOW DEPTH       0

DEGREE DAYS
 HEATING
  YESTERDAY       11                         6      5       12
  MONTH TO DATE   30                        84    -54       31
  SINCE SEP 1     67                       120    -53       37
  SINCE JUL 1     67                       120    -53       37

 COOLING
  YESTERDAY        0                         1     -1        0
  MONTH TO DATE  103                        43     60       73
  SINCE SEP 1    830                       647    183      858
  SINCE JAN 1   3156                      2776    380     3185
..................................................................


WIND (MPH)
  HIGHEST WIND SPEED    24   HIGHEST WIND DIRECTION     N (10)
  HIGHEST GUST SPEED    32   HIGHEST GUST DIRECTION     N (10)
  AVERAGE WIND SPEED    10.7


SKY COVER
  POSSIBLE SUNSHINE  MM
  AVERAGE SKY COVER 0.0


WEATHER CONDITIONS
 THE FOLLOWING WEATHER WAS RECORDED YESTERDAY.
  NO SIGNIFICANT WEATHER WAS OBSERVED.


RELATIVE HUMIDITY (PERCENT)
 HIGHEST    83          1000 PM
 LOWEST     25          1200 PM
 AVERAGE    54

..........................................................


THE LAKE CHARLES CLIMATE NORMALS FOR TODAY
                         NORMAL    RECORD    YEAR
 MAXIMUM TEMPERATURE (F)   70        86      1896
 MINIMUM TEMPERATURE (F)   49        28      1969
                                             1937


SUNRISE AND SUNSET
NOVEMBER 20 2017......SUNRISE   643 AM CST   SUNSET   514 PM CST
NOVEMBER 21 2017......SUNRISE   643 AM CST   SUNSET   514 PM CST


-  INDICATES NEGATIVE NUMBERS.
R  INDICATES RECORD WAS SET OR TIED.
MM INDICATES DATA IS MISSING.
T  INDICATES TRACE AMOUNT.




$$
