000
CDUS44 KLCH 300859
CLILCH


CLIMATE REPORT
NATIONAL WEATHER SERVICE LAKE CHARLES, LA
258 AM CST FRI JAN 30 2015


...................................

...THE LAKE CHARLES CLIMATE SUMMARY FOR JANUARY 29 2015...

CLIMATE NORMAL PERIOD 1981 TO 2010
CLIMATE RECORD PERIOD 1895 TO 2015


WEATHER ITEM   OBSERVED TIME   RECORD YEAR NORMAL DEPARTURE LAST
                VALUE   (LST)  VALUE       VALUE  FROM      YEAR
                                                  NORMAL
..................................................................
TEMPERATURE (F)
 YESTERDAY
  MAXIMUM         74    405 PM  84    1912  62     12       39
  MINIMUM         49    658 AM  23    2014  43      6       23
  AVERAGE         62                        52     10       31

PRECIPITATION (IN)
  YESTERDAY        0.00          2.51 1922   0.16  -0.16     0.00
  MONTH TO DATE    6.90                      4.92   1.98     2.29
  SINCE DEC 1      8.93                      9.60  -0.67     4.34
  SINCE JAN 1      6.90                      4.92   1.98     2.29

SNOWFALL (IN)
  YESTERDAY        0.0           0.2  1949   0.0    0.0      0.0
  MONTH TO DATE    0.0                       0.0    0.0      0.1
  SINCE DEC 1      0.0                       T      0.0      0.1
  SINCE JUL 1      0.0                       T      0.0      0.1
  SNOW DEPTH       0

DEGREE DAYS
 HEATING
  YESTERDAY        3                        13    -10       34
  MONTH TO DATE  466                       397     69      537
  SINCE DEC 1    749                       764    -15      980
  SINCE JUL 1   1025                       971     54     1254

 COOLING
  YESTERDAY        0                         0      0        0
  MONTH TO DATE    0                         0      0        0
  SINCE DEC 1     17                        20     -3       25
  SINCE JAN 1      0                         0      0        0
..................................................................


WIND (MPH)
  HIGHEST WIND SPEED    14   HIGHEST WIND DIRECTION     W (250)
  HIGHEST GUST SPEED    18   HIGHEST GUST DIRECTION     W (250)
  AVERAGE WIND SPEED     4.9


SKY COVER
  POSSIBLE SUNSHINE  MM
  AVERAGE SKY COVER 0.5


WEATHER CONDITIONS
 THE FOLLOWING WEATHER WAS RECORDED YESTERDAY.
  FOG
  FOG W/VISIBILITY <= 1/4 MILE


RELATIVE HUMIDITY (PERCENT)
 HIGHEST   100          1200 AM
 LOWEST     53           200 PM
 AVERAGE    77

..........................................................


THE LAKE CHARLES CLIMATE NORMALS FOR TODAY
                         NORMAL    RECORD    YEAR
 MAXIMUM TEMPERATURE (F)   62        81      2002
                                             1911
 MINIMUM TEMPERATURE (F)   43        19      2014


SUNRISE AND SUNSET
JANUARY 30 2015.......SUNRISE   705 AM CST   SUNSET   548 PM CST
JANUARY 31 2015.......SUNRISE   704 AM CST   SUNSET   549 PM CST


-  INDICATES NEGATIVE NUMBERS.
R  INDICATES RECORD WAS SET OR TIED.
MM INDICATES DATA IS MISSING.
T  INDICATES TRACE AMOUNT.




$$
