000
CDUS44 KLCH 300851
CLILCH


CLIMATE REPORT
NATIONAL WEATHER SERVICE LAKE CHARLES, LA
351 AM CDT TUE SEP 30 2014


...................................

...THE LAKE CHARLES CLIMATE SUMMARY FOR SEPTEMBER 29 2014...

CLIMATE NORMAL PERIOD 1981 TO 2010
CLIMATE RECORD PERIOD 1895 TO 2014


WEATHER ITEM   OBSERVED TIME   RECORD YEAR NORMAL DEPARTURE LAST
                VALUE   (LST)  VALUE       VALUE  FROM      YEAR
                                                  NORMAL
..................................................................
TEMPERATURE (F)
 YESTERDAY
  MAXIMUM         88    218 PM  97    1953  85      3       85
                                      1910
                                      1897
  MINIMUM         72    356 AM  45    1909  65      7       72
  AVERAGE         80                        75      5       79

PRECIPITATION (IN)
  YESTERDAY        T             2.69 1943   0.15  -0.15     0.32
  MONTH TO DATE    4.97                      5.12  -0.15     8.44
  SINCE SEP 1      4.97                      5.12  -0.15     8.44
  SINCE JAN 1     57.04                     43.34  13.70    47.44

SNOWFALL (IN)
  YESTERDAY        0.0           0.0    MM   0.0    0.0      0.0
  MONTH TO DATE    0.0                       0.0    0.0      0.0
  SINCE SEP 1      0.0                       0.0    0.0      0.0
  SINCE JUL 1      0.0                       0.0    0.0      0.0
  SNOW DEPTH       0

DEGREE DAYS
 HEATING
  YESTERDAY        0                         0      0        0
  MONTH TO DATE    0                         0      0        0
  SINCE SEP 1      0                         0      0        0
  SINCE JUL 1      0                         0      0        0

 COOLING
  YESTERDAY       15                        10      5       14
  MONTH TO DATE  423                       400     23      493
  SINCE SEP 1    423                       400     23      493
  SINCE JAN 1   2433                      2529    -96     2698
..................................................................


WIND (MPH)
  HIGHEST WIND SPEED    13   HIGHEST WIND DIRECTION    NE (40)
  HIGHEST GUST SPEED    16   HIGHEST GUST DIRECTION    NE (30)
  AVERAGE WIND SPEED     6.5


SKY COVER
  POSSIBLE SUNSHINE  MM
  AVERAGE SKY COVER 0.6


WEATHER CONDITIONS
 THE FOLLOWING WEATHER WAS RECORDED YESTERDAY.
  LIGHT RAIN
  FOG


RELATIVE HUMIDITY (PERCENT)
 HIGHEST   100           400 AM
 LOWEST     59           200 PM
 AVERAGE    80

..........................................................


THE LAKE CHARLES CLIMATE NORMALS FOR TODAY
                         NORMAL    RECORD    YEAR
 MAXIMUM TEMPERATURE (F)   85        97      1929
                                             1910
                                             1904
 MINIMUM TEMPERATURE (F)   65        45      1909


SUNRISE AND SUNSET
SEPTEMBER 30 2014.....SUNRISE   706 AM CDT   SUNSET   659 PM CDT
OCTOBER  1 2014.......SUNRISE   706 AM CDT   SUNSET   658 PM CDT


-  INDICATES NEGATIVE NUMBERS.
R  INDICATES RECORD WAS SET OR TIED.
MM INDICATES DATA IS MISSING.
T  INDICATES TRACE AMOUNT.




$$
