000
CDUS43 KLMK 240626
CLILEX


CLIMATE REPORT
NATIONAL WEATHER SERVICE LOUISVILLE KY
226 AM EDT SUN SEP 24 2017


...................................

...THE LEXINGTON KY CLIMATE SUMMARY FOR SEPTEMBER 23 2017...

CLIMATE NORMAL PERIOD 1981 TO 2010
CLIMATE RECORD PERIOD 1872 TO 2017


WEATHER ITEM   OBSERVED TIME   RECORD YEAR NORMAL DEPARTURE LAST
                VALUE   (LST)  VALUE       VALUE  FROM      YEAR
                                                  NORMAL
..................................................................
TEMPERATURE (F)
 YESTERDAY
  MAXIMUM         88    354 PM  94    2010  76     12       91
  MINIMUM         63    637 AM  36    2012  55      8       62
                                      1974
                                      1896
  AVERAGE         76                        65     11       77

PRECIPITATION (IN)
  YESTERDAY        0.00          4.76 2006   0.09  -0.09     0.00
  MONTH TO DATE    3.74                      2.22   1.52     0.65
  SINCE SEP 1      3.74                      2.22   1.52     0.65
  SINCE JAN 1     38.68                     33.89   4.79    35.02

SNOWFALL (IN)
  YESTERDAY        0.0          MM      MM   0.0    0.0      0.0
  MONTH TO DATE    0.0                       0.0    0.0      0.0
  SINCE SEP 1      0.0                       0.0    0.0      0.0
  SINCE JUL 1      0.0                       0.0    0.0      0.0
  SNOW DEPTH       0

DEGREE DAYS
 HEATING
  YESTERDAY        0                         3     -3        0
  MONTH TO DATE   31                        24      7        0
  SINCE SEP 1     31                        24      7        0
  SINCE JUL 1     31                        26      5        0

 COOLING
  YESTERDAY       11                         3      8       12
  MONTH TO DATE   99                       127    -28      244
  SINCE SEP 1     99                       127    -28      244
  SINCE JAN 1   1180                      1144     36     1520
..................................................................


WIND (MPH)
  HIGHEST WIND SPEED    13   HIGHEST WIND DIRECTION    NE (40)
  HIGHEST GUST SPEED    17   HIGHEST GUST DIRECTION    NE (40)
  AVERAGE WIND SPEED     5.8


SKY COVER
  POSSIBLE SUNSHINE  MM
  AVERAGE SKY COVER 0.0


WEATHER CONDITIONS
 THE FOLLOWING WEATHER WAS RECORDED YESTERDAY.
  FOG
  HAZE


RELATIVE HUMIDITY (PERCENT)
 HIGHEST    93           200 AM
 LOWEST     43           200 PM
 AVERAGE    68

..........................................................


THE LEXINGTON KY CLIMATE NORMALS FOR TODAY
                         NORMAL    RECORD    YEAR
 MAXIMUM TEMPERATURE (F)   76        93      2007
 MINIMUM TEMPERATURE (F)   54        36      2012
                                             1928


SUNRISE AND SUNSET
SEPTEMBER 24 2017.....SUNRISE   728 AM EDT   SUNSET   732 PM EDT
SEPTEMBER 25 2017.....SUNRISE   729 AM EDT   SUNSET   730 PM EDT


-  INDICATES NEGATIVE NUMBERS.
R  INDICATES RECORD WAS SET OR TIED.
MM INDICATES DATA IS MISSING.
T  INDICATES TRACE AMOUNT.




$$
