715
CDUS43 KLMK 242032
CLILEX


CLIMATE REPORT
NATIONAL WEATHER SERVICE LOUISVILLE KY
431 PM EDT WED AUG 24 2016


...................................

...THE LEXINGTON KY CLIMATE SUMMARY FOR AUGUST 24 2016...
VALID TODAY AS OF 0400 PM LOCAL TIME.

CLIMATE NORMAL PERIOD 1981 TO 2010
CLIMATE RECORD PERIOD 1872 TO 2016


WEATHER ITEM   OBSERVED TIME   RECORD YEAR NORMAL DEPARTURE LAST
                VALUE   (LST)  VALUE       VALUE  FROM      YEAR
                                                  NORMAL
..................................................................
TEMPERATURE (F)
 TODAY
  MAXIMUM         88    259 PM  99    1943  85      3       79
                                      1936
  MINIMUM         66    558 AM  50    1952  64      2       61
                                      1942
  AVERAGE         77                        75      2       70

PRECIPITATION (IN)
  TODAY            0.00          2.55 1926   0.10  -0.10     0.00
  MONTH TO DATE    6.53                      2.60   3.93     1.73
  SINCE JUN 1     16.07                     11.69   4.38    17.03
  SINCE JAN 1     34.36                     31.02   3.34    42.82

SNOWFALL (IN)
  TODAY            0.0          MM      MM   0.0    0.0      0.0
  MONTH TO DATE    0.0                       0.0    0.0      0.0
  SINCE JUN 1      0.0                       0.0    0.0      0.0
  SINCE JUL 1      0.0                       0.0    0.0      0.0
  SNOW DEPTH       0

DEGREE DAYS
 HEATING
  TODAY            0                         0      0        0
  MONTH TO DATE    0                         0      0        0
  SINCE JUN 1      1                        11    -10       18
  SINCE JUL 1      0                         0      0        0

 COOLING
  TODAY           12                        10      2        5
  MONTH TO DATE  317                       257     60      214
  SINCE JUN 1   1047                       846    201      852
  SINCE JAN 1   1161                       953    208     1020
..................................................................


WIND (MPH)
  HIGHEST WIND SPEED    18   HIGHEST WIND DIRECTION     S (190)
  HIGHEST GUST SPEED    23   HIGHEST GUST DIRECTION     S (200)
  AVERAGE WIND SPEED     7.6


SKY COVER
  POSSIBLE SUNSHINE  MM
  AVERAGE SKY COVER 0.1


WEATHER CONDITIONS
 THE FOLLOWING WEATHER WAS RECORDED TODAY.
  NO SIGNIFICANT WEATHER WAS OBSERVED.


RELATIVE HUMIDITY (PERCENT)
 HIGHEST    87           200 AM
 LOWEST     57          1200 PM
 AVERAGE    72

..........................................................


THE LEXINGTON KY CLIMATE NORMALS FOR TOMORROW
                         NORMAL    RECORD    YEAR
 MAXIMUM TEMPERATURE (F)   85       102      1943
 MINIMUM TEMPERATURE (F)   64        48      1942


SUNRISE AND SUNSET
AUGUST 24 2016........SUNRISE   702 AM EDT   SUNSET   819 PM EDT
AUGUST 25 2016........SUNRISE   703 AM EDT   SUNSET   817 PM EDT


-  INDICATES NEGATIVE NUMBERS.
R  INDICATES RECORD WAS SET OR TIED.
MM INDICATES DATA IS MISSING.
T  INDICATES TRACE AMOUNT.




$$
