000
CDUS44 KSHV 220838
CLILFK


CLIMATE REPORT
NATIONAL WEATHER SERVICE SHREVEPORT, LA
238 AM CST MON DEC 22 2014


...................................

...THE LUFKIN CLIMATE SUMMARY FOR DECEMBER 21 2014...

CLIMATE NORMAL PERIOD 1981 TO 2010
CLIMATE RECORD PERIOD 1906 TO 2014


WEATHER ITEM   OBSERVED TIME   RECORD YEAR NORMAL DEPARTURE LAST
                VALUE   (LST)  VALUE       VALUE  FROM      YEAR
                                                  NORMAL
..................................................................
TEMPERATURE (F)
 YESTERDAY
  MAXIMUM         55    435 PM  83    2010  60     -5       73
  MINIMUM         40    152 AM  19    1973  38      2       53
  AVERAGE         48                        49     -1       63

PRECIPITATION (IN)
  YESTERDAY        0.00          2.84 1991   0.14  -0.14     0.97
  MONTH TO DATE    0.98                      3.09  -2.11     2.21
  SINCE DEC 1      0.98                      3.09  -2.11     2.21
  SINCE JAN 1     43.66                     47.60  -3.94    42.49

SNOWFALL (IN)
  YESTERDAY        0.0
  MONTH TO DATE    0.0
  SINCE DEC 1      0.0
  SINCE JUL 1      0.0
  SNOW DEPTH       0

DEGREE DAYS
 HEATING
  YESTERDAY       17                        16      1        2
  MONTH TO DATE  169                       306   -137      316
  SINCE DEC 1    169                       306   -137      316
  SINCE JUL 1    465                       613   -148      672

 COOLING
  YESTERDAY        0                         0      0        0
  MONTH TO DATE   12                         4      8       16
  SINCE DEC 1     12                         4      8       16
  SINCE JAN 1   2980                      2587    393     2857
..................................................................


WIND (MPH)
  HIGHEST WIND SPEED    13   HIGHEST WIND DIRECTION    SE (140)
  HIGHEST GUST SPEED    15   HIGHEST GUST DIRECTION     S (160)
  AVERAGE WIND SPEED     3.4


SKY COVER
  POSSIBLE SUNSHINE  MM
  AVERAGE SKY COVER 0.9


WEATHER CONDITIONS
 THE FOLLOWING WEATHER WAS RECORDED YESTERDAY.
  FOG
  HAZE


RELATIVE HUMIDITY (PERCENT)
 HIGHEST    89          1200 AM
 LOWEST     66           300 PM
 AVERAGE    78

..........................................................


THE LUFKIN CLIMATE NORMALS FOR TODAY
                         NORMAL    RECORD    YEAR
 MAXIMUM TEMPERATURE (F)   60        80      1933
 MINIMUM TEMPERATURE (F)   38        14      1989


SUNRISE AND SUNSET
DECEMBER 22 2014......SUNRISE   714 AM CST   SUNSET   521 PM CST
DECEMBER 23 2014......SUNRISE   715 AM CST   SUNSET   522 PM CST


-  INDICATES NEGATIVE NUMBERS.
R  INDICATES RECORD WAS SET OR TIED.
MM INDICATES DATA IS MISSING.
T  INDICATES TRACE AMOUNT.




$$
