000
CDUS44 KSHV 010741
CLILFK


CLIMATE REPORT
NATIONAL WEATHER SERVICE SHREVEPORT, LA
234 AM CDT SAT OCT 1 2016


...................................

...THE LUFKIN CLIMATE SUMMARY FOR SEPTEMBER 30 2016...

CLIMATE NORMAL PERIOD 1981 TO 2010
CLIMATE RECORD PERIOD 1906 TO 2016


WEATHER ITEM   OBSERVED TIME   RECORD YEAR NORMAL DEPARTURE LAST
                VALUE   (LST)  VALUE       VALUE  FROM      YEAR
                                                  NORMAL
..................................................................
TEMPERATURE (F)
 YESTERDAY
  MAXIMUM         81    307 PM 100    1953  85     -4       91
  MINIMUM         51    638 AM  36    1920  61    -10       66
  AVERAGE         66                        73     -7       79

PRECIPITATION (IN)
  YESTERDAY        0.00          2.55 1934   0.13  -0.13     0.00
  MONTH TO DATE    1.10                      4.08  -2.98     1.79
  SINCE DEC 1     46.48                     39.11   7.37    51.44
  SINCE JAN 1     42.43                     34.67   7.76    49.39

SNOWFALL (IN)
  YESTERDAY        0.0
  MONTH TO DATE    0.0
  SINCE SEP 1      0.0
  SINCE JUL 1      0.0
  SNOW DEPTH       0

DEGREE DAYS
 HEATING
  YESTERDAY        0                         0      0        0
  MONTH TO DATE    0                         0      0        0
  SINCE SEP 1      0                         4     -4        0
  SINCE JUL 1      0                         4     -4        0

 COOLING
  YESTERDAY        1                         8     -7       14
  MONTH TO DATE  447                       374     73      428
  SINCE SEP 1    447                       374     73      428
  SINCE JAN 1   2535                      2397    138     2862
..................................................................


WIND (MPH)
  HIGHEST WIND SPEED    10   HIGHEST WIND DIRECTION    NW (310)
  HIGHEST GUST SPEED    13   HIGHEST GUST DIRECTION    NE (30)
  AVERAGE WIND SPEED     2.5


SKY COVER
  POSSIBLE SUNSHINE  MM
  AVERAGE SKY COVER 0.0


WEATHER CONDITIONS
 THE FOLLOWING WEATHER WAS RECORDED YESTERDAY.
  NO SIGNIFICANT WEATHER WAS OBSERVED.


RELATIVE HUMIDITY (PERCENT)
 HIGHEST   100           300 AM
 LOWEST     39           100 PM
 AVERAGE    70

..........................................................


THE LUFKIN CLIMATE NORMALS FOR TODAY
                         NORMAL    RECORD    YEAR
 MAXIMUM TEMPERATURE (F)   84       100      1938
 MINIMUM TEMPERATURE (F)   61        38      1984


SUNRISE AND SUNSET
OCTOBER  1 2016.......SUNRISE   713 AM CDT   SUNSET   703 PM CDT
OCTOBER  2 2016.......SUNRISE   714 AM CDT   SUNSET   702 PM CDT


-  INDICATES NEGATIVE NUMBERS.
R  INDICATES RECORD WAS SET OR TIED.
MM INDICATES DATA IS MISSING.
T  INDICATES TRACE AMOUNT.




$$
