000
CDUS44 KSHV 270747
CLILFK


CLIMATE REPORT
NATIONAL WEATHER SERVICE SHREVEPORT, LA
247 AM CDT MON MAR 27 2017


...................................

...THE LUFKIN CLIMATE SUMMARY FOR MARCH 26 2017...

CLIMATE NORMAL PERIOD 1981 TO 2010
CLIMATE RECORD PERIOD 1906 TO 2017


WEATHER ITEM   OBSERVED TIME   RECORD YEAR NORMAL DEPARTURE LAST
                VALUE   (LST)  VALUE       VALUE  FROM      YEAR
                                                  NORMAL
..................................................................
TEMPERATURE (F)
 YESTERDAY
  MAXIMUM         84    240 PM  90    1928  74     10       79
  MINIMUM         48    547 AM  25    1955  50     -2       47
  AVERAGE         66                        62      4       63

PRECIPITATION (IN)
  YESTERDAY        T             3.63 1946   0.11  -0.11     0.00
  MONTH TO DATE    1.98                      3.21  -1.23     5.61
  SINCE DEC 1     14.67                     15.70  -1.03    15.84
  SINCE JAN 1      9.76                     11.26  -1.50    11.79

SNOWFALL (IN)
  YESTERDAY        0.0
  MONTH TO DATE    0.0
  SINCE MAR 1      0.0
  SINCE JUL 1      T
  SNOW DEPTH       0

DEGREE DAYS
 HEATING
  YESTERDAY        0                         5     -5        2
  MONTH TO DATE  122                       188    -66      104
  SINCE MAR 1    122                       188    -66      104
  SINCE JUL 1   1098                      1822   -724     1426

 COOLING
  YESTERDAY        1                         2     -1        0
  MONTH TO DATE   71                        31     40       41
  SINCE MAR 1     71                        31     40       41
  SINCE JAN 1    153                        50    103       55
..................................................................


WIND (MPH)
  HIGHEST WIND SPEED    21   HIGHEST WIND DIRECTION    SE (150)
  HIGHEST GUST SPEED    28   HIGHEST GUST DIRECTION    SE (150)
  AVERAGE WIND SPEED     8.6


SKY COVER
  POSSIBLE SUNSHINE  MM
  AVERAGE SKY COVER 0.2


WEATHER CONDITIONS
 THE FOLLOWING WEATHER WAS RECORDED YESTERDAY.
  LIGHT RAIN
  FOG


RELATIVE HUMIDITY (PERCENT)
 HIGHEST    96          1200 AM
 LOWEST     43           400 PM
 AVERAGE    70

..........................................................


THE LUFKIN CLIMATE NORMALS FOR TODAY
                         NORMAL    RECORD    YEAR
 MAXIMUM TEMPERATURE (F)   74        89      1907
 MINIMUM TEMPERATURE (F)   50        28      1955


SUNRISE AND SUNSET
MARCH 27 2017.........SUNRISE   714 AM CDT   SUNSET   735 PM CDT
MARCH 28 2017.........SUNRISE   712 AM CDT   SUNSET   736 PM CDT


-  INDICATES NEGATIVE NUMBERS.
R  INDICATES RECORD WAS SET OR TIED.
MM INDICATES DATA IS MISSING.
T  INDICATES TRACE AMOUNT.




$$
