000
CDUS44 KSHV 100744
CLILFK


CLIMATE REPORT
NATIONAL WEATHER SERVICE SHREVEPORT, LA
237 AM CDT THU JUL 10 2014


...................................

...THE LUFKIN CLIMATE SUMMARY FOR JULY 9 2014...

CLIMATE NORMAL PERIOD 1981 TO 2010
CLIMATE RECORD PERIOD 1906 TO 2014


WEATHER ITEM   OBSERVED TIME   RECORD YEAR NORMAL DEPARTURE LAST
                VALUE   (LST)  VALUE       VALUE  FROM      YEAR
                                                  NORMAL
..................................................................
TEMPERATURE (F)
 YESTERDAY
  MAXIMUM         97    254 PM 103    1939  93      4       96
  MINIMUM         76    603 AM  60    1920  72      4       70
  AVERAGE         87                        82      5       83

PRECIPITATION (IN)
  YESTERDAY        0.00          1.00 1921   0.12  -0.12     0.00
  MONTH TO DATE    1.12                      1.09   0.03     0.57
  SINCE DEC 1     23.51                     29.73  -6.22    25.88
  SINCE JAN 1     21.30                     25.29  -3.99    21.57

SNOWFALL (IN)
  YESTERDAY        0.0
  MONTH TO DATE    0.0
  SINCE JUN 1      0.0
  SINCE JUL 1      0.0
  SNOW DEPTH       0

DEGREE DAYS
 HEATING
  YESTERDAY        0                         0      0        0
  MONTH TO DATE    0                         0      0        0
  SINCE JUN 1      0                         0      0        0
  SINCE JUL 1      0                         0      0        0

 COOLING
  YESTERDAY       22                        17      5       18
  MONTH TO DATE  175                       153     22      134
  SINCE JUN 1    714                       605    109      657
  SINCE JAN 1   1210                      1074    136     1171
..................................................................


WIND (MPH)
  HIGHEST WIND SPEED    12   HIGHEST WIND DIRECTION    SW (210)
  HIGHEST GUST SPEED    17   HIGHEST GUST DIRECTION     W (250)
  AVERAGE WIND SPEED     4.7


SKY COVER
  POSSIBLE SUNSHINE  MM
  AVERAGE SKY COVER 0.0


WEATHER CONDITIONS
 THE FOLLOWING WEATHER WAS RECORDED YESTERDAY.
  NO SIGNIFICANT WEATHER WAS OBSERVED.


RELATIVE HUMIDITY (PERCENT)
 HIGHEST    87           500 AM
 LOWEST     39           500 PM
 AVERAGE    63

..........................................................


THE LUFKIN CLIMATE NORMALS FOR TODAY
                         NORMAL    RECORD    YEAR
 MAXIMUM TEMPERATURE (F)   93       108      1917
 MINIMUM TEMPERATURE (F)   72        60      1920


SUNRISE AND SUNSET
JULY 10 2014..........SUNRISE   623 AM CDT   SUNSET   826 PM CDT
JULY 11 2014..........SUNRISE   623 AM CDT   SUNSET   826 PM CDT


-  INDICATES NEGATIVE NUMBERS.
R  INDICATES RECORD WAS SET OR TIED.
MM INDICATES DATA IS MISSING.
T  INDICATES TRACE AMOUNT.




$$
