000
CDUS44 KSHV 192132
CLILFK


CLIMATE REPORT
NATIONAL WEATHER SERVICE SHREVEPORT, LA
432 PM CDT FRI SEP 19 2014


...................................

...THE LUFKIN CLIMATE SUMMARY FOR SEPTEMBER 19 2014...
VALID TODAY AS OF 0400 PM LOCAL TIME.

CLIMATE NORMAL PERIOD 1981 TO 2010
CLIMATE RECORD PERIOD 1906 TO 2014


WEATHER ITEM   OBSERVED TIME   RECORD YEAR NORMAL DEPARTURE LAST
                VALUE   (LST)  VALUE       VALUE  FROM      YEAR
                                                  NORMAL
..................................................................
TEMPERATURE (F)
 TODAY
  MAXIMUM         90    255 PM 102    1956  88      2       93
  MINIMUM         74    146 AM  46    1981  65      9       71
  AVERAGE         82                        76      6       82

PRECIPITATION (IN)
  TODAY            T             2.53 1979   0.13  -0.13     0.08
  MONTH TO DATE    3.08                      2.68   0.40     0.30
  SINCE DEC 1     37.21                     37.71  -0.50    30.51
  SINCE JAN 1     35.00                     33.27   1.73    26.20

DEGREE DAYS
 HEATING
  TODAY            0                         0      0        0
  MONTH TO DATE    0                         0      0        0
  SINCE SEP 1      0                         0      0        0
  SINCE JUL 1      0                         0      0        0

 COOLING
  TODAY           17                        12      5       17
  MONTH TO DATE  347                       267     80      343
  SINCE SEP 1    347                       267     80      343
  SINCE JAN 1   2581                      2290    291     2510
..................................................................


WIND (MPH)
  HIGHEST WIND SPEED    13   HIGHEST WIND DIRECTION     E (80)
  HIGHEST GUST SPEED    17   HIGHEST GUST DIRECTION     E (110)
  AVERAGE WIND SPEED     5.0


SKY COVER
  POSSIBLE SUNSHINE  MM
  AVERAGE SKY COVER 0.7


WEATHER CONDITIONS
 THE FOLLOWING WEATHER WAS RECORDED TODAY.
  FOG
  HAZE


RELATIVE HUMIDITY (PERCENT)
 HIGHEST    87          1200 AM
 LOWEST     52           100 PM
 AVERAGE    70

..........................................................


THE LUFKIN CLIMATE NORMALS FOR TOMORROW
                         NORMAL    RECORD    YEAR
 MAXIMUM TEMPERATURE (F)   88       102      2005
 MINIMUM TEMPERATURE (F)   65        51      1981


SUNRISE AND SUNSET
SEPTEMBER 19 2014.....SUNRISE   705 AM CDT   SUNSET   719 PM CDT
SEPTEMBER 20 2014.....SUNRISE   706 AM CDT   SUNSET   718 PM CDT


-  INDICATES NEGATIVE NUMBERS.
R  INDICATES RECORD WAS SET OR TIED.
MM INDICATES DATA IS MISSING.
T  INDICATES TRACE AMOUNT.




$$
