000
CDUS44 KSHV 210740
CLILFK


CLIMATE REPORT
NATIONAL WEATHER SERVICE SHREVEPORT, LA
237 AM CDT SAT OCT 21 2017


...................................

...THE LUFKIN CLIMATE SUMMARY FOR OCTOBER 20 2017...

CLIMATE NORMAL PERIOD 1981 TO 2010
CLIMATE RECORD PERIOD 1906 TO 2017


WEATHER ITEM   OBSERVED TIME   RECORD YEAR NORMAL DEPARTURE LAST
                VALUE   (LST)  VALUE       VALUE  FROM      YEAR
                                                  NORMAL
..................................................................
TEMPERATURE (F)
 YESTERDAY
  MAXIMUM         80    309 PM  98    1920  79      1       81
  MINIMUM         62    221 AM  26    1989  54      8       60
  AVERAGE         71                        66      5       71

PRECIPITATION (IN)
  YESTERDAY        0.05          3.52 1993   0.18  -0.13     0.03
  MONTH TO DATE    0.42                      2.88  -2.46     0.15
  SINCE DEC 1     53.36                     41.99  11.37    46.63
  SINCE JAN 1     48.45                     37.55  10.90    42.58

SNOWFALL (IN)
  YESTERDAY        0.0
  MONTH TO DATE    0.0
  SINCE SEP 1      0.0
  SINCE JUL 1      0.0
  SNOW DEPTH       0

DEGREE DAYS
 HEATING
  YESTERDAY        0                         2     -2        0
  MONTH TO DATE   11                        26    -15        1
  SINCE SEP 1     11                        30    -19        1
  SINCE JUL 1     11                        30    -19        1

 COOLING
  YESTERDAY        6                         4      2        6
  MONTH TO DATE  168                       113     55      191
  SINCE SEP 1    529                       487     42      638
  SINCE JAN 1   2552                      2510     42     2726
..................................................................


WIND (MPH)
  HIGHEST WIND SPEED    21   HIGHEST WIND DIRECTION    SE (130)
  HIGHEST GUST SPEED    27   HIGHEST GUST DIRECTION    SE (120)
  AVERAGE WIND SPEED     8.0


SKY COVER
  POSSIBLE SUNSHINE  MM
  AVERAGE SKY COVER 0.3


WEATHER CONDITIONS
 THE FOLLOWING WEATHER WAS RECORDED YESTERDAY.
  LIGHT RAIN
  FOG


RELATIVE HUMIDITY (PERCENT)
 HIGHEST   100          1000 PM
 LOWEST     64           100 PM
 AVERAGE    82

..........................................................


THE LUFKIN CLIMATE NORMALS FOR TODAY
                         NORMAL    RECORD    YEAR
 MAXIMUM TEMPERATURE (F)   78        93      1934
 MINIMUM TEMPERATURE (F)   54        32      1976


SUNRISE AND SUNSET
OCTOBER 21 2017.......SUNRISE   726 AM CDT   SUNSET   640 PM CDT
OCTOBER 22 2017.......SUNRISE   727 AM CDT   SUNSET   639 PM CDT


-  INDICATES NEGATIVE NUMBERS.
R  INDICATES RECORD WAS SET OR TIED.
MM INDICATES DATA IS MISSING.
T  INDICATES TRACE AMOUNT.




$$
