000
CDUS44 KSHV 060902
CLILFK


CLIMATE REPORT
NATIONAL WEATHER SERVICE SHREVEPORT, LA
302 AM CST FRI MAR 6 2015


...................................

...THE LUFKIN CLIMATE SUMMARY FOR MARCH 5 2015...

CLIMATE NORMAL PERIOD 1981 TO 2010
CLIMATE RECORD PERIOD 1906 TO 2015


WEATHER ITEM   OBSERVED TIME   RECORD YEAR NORMAL DEPARTURE LAST
                VALUE   (LST)  VALUE       VALUE  FROM      YEAR
                                                  NORMAL
..................................................................
TEMPERATURE (F)
 YESTERDAY
  MAXIMUM         48    421 PM  87    1946  68    -20       53
  MINIMUM         33   1159 PM  24    1917  46    -13       31
  AVERAGE         41                        57    -16       42

PRECIPITATION (IN)
  YESTERDAY        0.18          1.65 1912   0.14   0.04     0.04
  MONTH TO DATE    0.42                      0.67  -0.25     0.13
  SINCE DEC 1     11.21                     13.16  -1.95     5.16
  SINCE JAN 1      9.16                      8.72   0.44     2.95

SNOWFALL (IN)
  YESTERDAY       MM
  MONTH TO DATE    0.0
  SINCE MAR 1      0.0
  SINCE JUL 1      T
  SNOW DEPTH       0

DEGREE DAYS
 HEATING
  YESTERDAY       24                         9     15       23
  MONTH TO DATE   59                        47     12       98
  SINCE MAR 1     59                        47     12       98
  SINCE JUL 1   1579                      1681   -102     1901

 COOLING
  YESTERDAY        0                         1     -1        0
  MONTH TO DATE    0                         5     -5        8
  SINCE MAR 1      0                         5     -5        8
  SINCE JAN 1      6                        24    -18       26
..................................................................


WIND (MPH)
  HIGHEST WIND SPEED    21   HIGHEST WIND DIRECTION     N (360)
  HIGHEST GUST SPEED    31   HIGHEST GUST DIRECTION     N (350)
  AVERAGE WIND SPEED    11.2


SKY COVER
  POSSIBLE SUNSHINE  MM
  AVERAGE SKY COVER 0.2


WEATHER CONDITIONS
 THE FOLLOWING WEATHER WAS RECORDED YESTERDAY.
  RAIN
  LIGHT RAIN
  FOG
  HAZE


RELATIVE HUMIDITY (PERCENT)
 HIGHEST    82           700 AM
 LOWEST     31           500 PM
 AVERAGE    57

..........................................................


THE LUFKIN CLIMATE NORMALS FOR TODAY
                         NORMAL    RECORD    YEAR
 MAXIMUM TEMPERATURE (F)   69        92      1929
 MINIMUM TEMPERATURE (F)   46        23      1989


SUNRISE AND SUNSET
MARCH  6 2015.........SUNRISE   640 AM CST   SUNSET   621 PM CST
MARCH  7 2015.........SUNRISE   639 AM CST   SUNSET   621 PM CST


-  INDICATES NEGATIVE NUMBERS.
R  INDICATES RECORD WAS SET OR TIED.
MM INDICATES DATA IS MISSING.
T  INDICATES TRACE AMOUNT.




$$
