000
CDUS44 KSHV 070754
CLILFK


CLIMATE REPORT
NATIONAL WEATHER SERVICE SHREVEPORT, LA
245 AM CDT TUE JUL 7 2015


...................................

...THE LUFKIN CLIMATE SUMMARY FOR JULY 6 2015...

CLIMATE NORMAL PERIOD 1981 TO 2010
CLIMATE RECORD PERIOD 1906 TO 2015


WEATHER ITEM   OBSERVED TIME   RECORD YEAR NORMAL DEPARTURE LAST
                VALUE   (LST)  VALUE       VALUE  FROM      YEAR
                                                  NORMAL
..................................................................
TEMPERATURE (F)
 YESTERDAY
  MAXIMUM         95    337 PM 104    1943  93      2       94
  MINIMUM         77    943 PM  62    1920  72      5       71
  AVERAGE         86                        82      4       83

PRECIPITATION (IN)
  YESTERDAY        0.00          1.59 1911   0.12  -0.12     0.00
  MONTH TO DATE    0.23                      0.74  -0.51     1.12
  SINCE DEC 1     48.51                     29.38  19.13    23.51
  SINCE JAN 1     46.46                     24.94  21.52    21.30

SNOWFALL (IN)
  YESTERDAY        0.0
  MONTH TO DATE    0.0
  SINCE JUN 1      0.0
  SINCE JUL 1      0.0
  SNOW DEPTH       0

DEGREE DAYS
 HEATING
  YESTERDAY        0                         0      0        0
  MONTH TO DATE    0                         0      0        0
  SINCE JUN 1      0                         0      0        0
  SINCE JUL 1      0                         0      0        0

 COOLING
  YESTERDAY       21                        17      4       18
  MONTH TO DATE  118                       102     16      112
  SINCE JUN 1    671                       554    117      651
  SINCE JAN 1   1354                      1023    331     1147
..................................................................


WIND (MPH)
  HIGHEST WIND SPEED    17   HIGHEST WIND DIRECTION    SE (150)
  HIGHEST GUST SPEED    21   HIGHEST GUST DIRECTION     S (180)
  AVERAGE WIND SPEED     8.1


SKY COVER
  POSSIBLE SUNSHINE  MM
  AVERAGE SKY COVER 0.2


WEATHER CONDITIONS
 THE FOLLOWING WEATHER WAS RECORDED YESTERDAY.
  FOG
  HAZE


RELATIVE HUMIDITY (PERCENT)
 HIGHEST    91           300 AM
 LOWEST     43           300 PM
 AVERAGE    67

..........................................................


THE LUFKIN CLIMATE NORMALS FOR TODAY
                         NORMAL    RECORD    YEAR
 MAXIMUM TEMPERATURE (F)   93       105      1914
 MINIMUM TEMPERATURE (F)   72        62      1920


SUNRISE AND SUNSET
JULY  7 2015..........SUNRISE   621 AM CDT   SUNSET   827 PM CDT
JULY  8 2015..........SUNRISE   622 AM CDT   SUNSET   826 PM CDT


-  INDICATES NEGATIVE NUMBERS.
R  INDICATES RECORD WAS SET OR TIED.
MM INDICATES DATA IS MISSING.
T  INDICATES TRACE AMOUNT.




$$
