000
CDUS44 KLCH 231203
CLILFT


CLIMATE REPORT
NATIONAL WEATHER SERVICE LAKE CHARLES, LA
602 AM CST FRI FEB 23 2018


...................................

...THE LAFAYETTE CLIMATE SUMMARY FOR FEBRUARY 22 2018...

CLIMATE NORMAL PERIOD 1981 TO 2010
CLIMATE RECORD PERIOD 1893 TO 2018


WEATHER ITEM   OBSERVED TIME   RECORD YEAR NORMAL DEPARTURE LAST
                VALUE   (LST)  VALUE       VALUE  FROM      YEAR
                                                  NORMAL
..................................................................
TEMPERATURE (F)
 YESTERDAY
  MAXIMUM         82    241 PM  84    1898  67     15       76
  MINIMUM         71   1159 PM  26    1978  48     23       59
  AVERAGE         77                        57     20       68

PRECIPITATION (IN)
  YESTERDAY        0.00          2.77 1952   0.16  -0.16     0.00
  MONTH TO DATE    1.53                      3.59  -2.06     0.12
  SINCE DEC 1     12.01                     14.84  -2.83    12.58
  SINCE JAN 1      5.72                      9.26  -3.54     3.49

SNOWFALL (IN)
  YESTERDAY        0.0           T    1973   0.0    0.0      0.0
                                      1963
  MONTH TO DATE    0.0                       0.0    0.0      0.0
  SINCE DEC 1      2.0                       0.0    2.0      0.0
  SINCE JUL 1      2.0                       0.0    2.0      0.0
  SNOW DEPTH       0

DEGREE DAYS
 HEATING
  YESTERDAY        0                         8     -8        0
  MONTH TO DATE   93                       229   -136       59
  SINCE DEC 1   1023                       986     37      483
  SINCE JUL 1   1190                      1185      5      569
..................................................................


WIND (MPH)
  HIGHEST WIND SPEED    21   HIGHEST WIND DIRECTION     S (180)
  HIGHEST GUST SPEED    28   HIGHEST GUST DIRECTION     S (170)
  AVERAGE WIND SPEED     9.7


SKY COVER
  POSSIBLE SUNSHINE  MM
  AVERAGE SKY COVER 0.6


WEATHER CONDITIONS
 THE FOLLOWING WEATHER WAS RECORDED YESTERDAY.
  FOG


RELATIVE HUMIDITY (PERCENT)
 HIGHEST    93          1200 AM
 LOWEST     63           200 PM
 AVERAGE    78

..........................................................


THE LAFAYETTE CLIMATE NORMALS FOR TODAY
                         NORMAL    RECORD    YEAR
 MAXIMUM TEMPERATURE (F)   67        87      1910
 MINIMUM TEMPERATURE (F)   48        25      1911


SUNRISE AND SUNSET
FEBRUARY 23 2018......SUNRISE   640 AM CST   SUNSET   603 PM CST
FEBRUARY 24 2018......SUNRISE   639 AM CST   SUNSET   603 PM CST


-  INDICATES NEGATIVE NUMBERS.
R  INDICATES RECORD WAS SET OR TIED.
MM INDICATES DATA IS MISSING.
T  INDICATES TRACE AMOUNT.




$$
