211
CDUS44 KLCH 172204
CLILFT


CLIMATE REPORT
NATIONAL WEATHER SERVICE LAKE CHARLES, LA
504 PM CDT TUE OCT 17 2017


...................................

...THE LAFAYETTE CLIMATE SUMMARY FOR OCTOBER 17 2017...
VALID TODAY AS OF 0500 PM LOCAL TIME.

CLIMATE NORMAL PERIOD 1981 TO 2010
CLIMATE RECORD PERIOD 1893 TO 2017


WEATHER ITEM   OBSERVED TIME   RECORD YEAR NORMAL DEPARTURE LAST
                VALUE   (LST)  VALUE       VALUE  FROM      YEAR
                                                  NORMAL
..................................................................
TEMPERATURE (F)
 TODAY
  MAXIMUM         79    306 PM  92    2006  81     -2       89
                                      1936
  MINIMUM         49    626 AM  38    1943  59    -10       68
  AVERAGE         64                        70     -6       79

PRECIPITATION (IN)
  TODAY            0.00          1.45 1911   0.19  -0.19     0.00
  MONTH TO DATE    0.98                      2.72  -1.74     0.04
  SINCE SEP 1      1.31                      7.44  -6.13     3.53
  SINCE JAN 1     54.15                     48.06   6.09    68.62

SNOWFALL (IN)
  TODAY            0.0           0.0    MM   0.0    0.0      0.0
  MONTH TO DATE    0.0                       0.0    0.0      0.0
  SINCE SEP 1      0.0                       0.0    0.0      0.0
  SINCE JUL 1      0.0                       0.0    0.0      0.0
  SNOW DEPTH       0

DEGREE DAYS
 HEATING
  TODAY            1                         1      0        0
  MONTH TO DATE    1                         8     -7        0
  SINCE SEP 1      1                         9     -8        0
  SINCE JUL 1      1                         9     -8        0

 COOLING
  TODAY            0                         6     -6       14
  MONTH TO DATE  232                       134     98      192
  SINCE SEP 1    681                       561    120      714
  SINCE JAN 1   3182                      2822    360     3103
..................................................................


WIND (MPH)
  HIGHEST WIND SPEED    14   HIGHEST WIND DIRECTION     N (20)
  HIGHEST GUST SPEED    18   HIGHEST GUST DIRECTION    NE (30)
  AVERAGE WIND SPEED     8.3


SKY COVER
  POSSIBLE SUNSHINE  MM
  AVERAGE SKY COVER 0.0


WEATHER CONDITIONS
 THE FOLLOWING WEATHER WAS RECORDED TODAY.
  HAZE


RELATIVE HUMIDITY (PERCENT)
 HIGHEST    93           600 AM
 LOWEST     32           200 PM
 AVERAGE    63

..........................................................


THE LAFAYETTE CLIMATE NORMALS FOR TOMORROW
                         NORMAL    RECORD    YEAR
 MAXIMUM TEMPERATURE (F)   81        91      2016
                                             1972
                                             1947
 MINIMUM TEMPERATURE (F)   59        36      1948


SUNRISE AND SUNSET
OCTOBER 17 2017.......SUNRISE   712 AM CDT   SUNSET   635 PM CDT
OCTOBER 18 2017.......SUNRISE   712 AM CDT   SUNSET   633 PM CDT


-  INDICATES NEGATIVE NUMBERS.
R  INDICATES RECORD WAS SET OR TIED.
MM INDICATES DATA IS MISSING.
T  INDICATES TRACE AMOUNT.




$$
