000
CDUS44 KLCH 312216
CLILFT


CLIMATE REPORT
NATIONAL WEATHER SERVICE LAKE CHARLES, LA
515 PM CDT THU JUL 31 2014


...................................

...THE LAFAYETTE CLIMATE SUMMARY FOR JULY 31 2014...
VALID TODAY AS OF 0500 PM LOCAL TIME.

CLIMATE NORMAL PERIOD 1981 TO 2010
CLIMATE RECORD PERIOD 1893 TO 2014


WEATHER ITEM   OBSERVED TIME   RECORD YEAR NORMAL DEPARTURE LAST
                VALUE   (LST)  VALUE       VALUE  FROM      YEAR
                                                  NORMAL
..................................................................
TEMPERATURE (F)
 TODAY
  MAXIMUM         90    346 PM 103    1899  93     -3       95
  MINIMUM         70    436 AM  67    1936  75     -5       77
                                      1914
  AVERAGE         80                        84     -4       86

PRECIPITATION (IN)
  TODAY            0.00          4.22 1908   0.17  -0.17     0.00
  MONTH TO DATE    5.98                      6.30  -0.32     3.84
  SINCE JUN 1     14.57                     13.38   1.19     7.00
  SINCE JAN 1     37.61                     36.00   1.61    39.12

DEGREE DAYS
 COOLING
  TODAY           15                        19     -4       21
  MONTH TO DATE  526                       572    -46      535
  SINCE JUN 1   1033                      1070    -37     1076
  SINCE JAN 1   1502                      1684   -182     1540
..................................................................


WIND (MPH)
  HIGHEST WIND SPEED     8   HIGHEST WIND DIRECTION     E (100)
  HIGHEST GUST SPEED    10   HIGHEST GUST DIRECTION     E (90)
  AVERAGE WIND SPEED     2.2


SKY COVER
  POSSIBLE SUNSHINE  MM
  AVERAGE SKY COVER 0.1


WEATHER CONDITIONS
 THE FOLLOWING WEATHER WAS RECORDED TODAY.
  NO SIGNIFICANT WEATHER WAS OBSERVED.


RELATIVE HUMIDITY (PERCENT)
 HIGHEST    90           100 AM
 LOWEST     52           300 PM
 AVERAGE    71

..........................................................


THE LAFAYETTE CLIMATE NORMALS FOR TOMORROW
                         NORMAL    RECORD    YEAR
 MAXIMUM TEMPERATURE (F)   93       102      1986
                                             1899
 MINIMUM TEMPERATURE (F)   75        65      1923


SUNRISE AND SUNSET
JULY 31 2014..........SUNRISE   626 AM CDT   SUNSET   802 PM CDT
AUGUST  1 2014........SUNRISE   627 AM CDT   SUNSET   802 PM CDT


-  INDICATES NEGATIVE NUMBERS.
R  INDICATES RECORD WAS SET OR TIED.
MM INDICATES DATA IS MISSING.
T  INDICATES TRACE AMOUNT.




$$
