000
CDUS44 KLCH 210839
CLILFT


CLIMATE REPORT
NATIONAL WEATHER SERVICE LAKE CHARLES, LA
339 AM CDT TUE OCT 21 2014


...................................

...THE LAFAYETTE CLIMATE SUMMARY FOR OCTOBER 20 2014...

CLIMATE NORMAL PERIOD 1981 TO 2010
CLIMATE RECORD PERIOD 1893 TO 2014


WEATHER ITEM   OBSERVED TIME   RECORD YEAR NORMAL DEPARTURE LAST
                VALUE   (LST)  VALUE       VALUE  FROM      YEAR
                                                  NORMAL
..................................................................
TEMPERATURE (F)
 YESTERDAY
  MAXIMUM         81    144 PM  91    1926  80      1       74
  MINIMUM         54    530 AM  33    1989  58     -4       51
  AVERAGE         68                        69     -1       63

PRECIPITATION (IN)
  YESTERDAY        0.00          1.79 1902   0.20  -0.20     0.00
  MONTH TO DATE    2.13                      3.30  -1.17     3.55
  SINCE SEP 1      7.76                      8.02  -0.26     7.24
  SINCE JAN 1     53.85                     48.64   5.21    50.12

SNOWFALL (IN)
  YESTERDAY        0.0           0.0    MM   0.0    0.0      0.0
  MONTH TO DATE    0.0                       0.0    0.0      0.0
  SINCE SEP 1      0.0                       0.0    0.0      0.0
  SINCE JUL 1      0.0                       0.0    0.0      0.0
  SNOW DEPTH       0

DEGREE DAYS
 HEATING
  YESTERDAY        0                         1     -1        2
  MONTH TO DATE    0                        11    -11        2
  SINCE SEP 1      0                        12    -12        2
  SINCE JUL 1      0                        12    -12        2

 COOLING
  YESTERDAY        3                         6     -3        0
  MONTH TO DATE  177                       152     25      174
  SINCE SEP 1    630                       579     51      677
  SINCE JAN 1   2687                      2840   -153     2779
..................................................................


WIND (MPH)
  HIGHEST WIND SPEED    10   HIGHEST WIND DIRECTION     N (360)
  HIGHEST GUST SPEED    13   HIGHEST GUST DIRECTION     N (10)
  AVERAGE WIND SPEED     3.2


SKY COVER
  POSSIBLE SUNSHINE  MM
  AVERAGE SKY COVER 0.0


WEATHER CONDITIONS
 THE FOLLOWING WEATHER WAS RECORDED YESTERDAY.
  NO SIGNIFICANT WEATHER WAS OBSERVED.


RELATIVE HUMIDITY (PERCENT)
 HIGHEST    93           200 AM
 LOWEST     42           200 PM
 AVERAGE    68

..........................................................


THE LAFAYETTE CLIMATE NORMALS FOR TODAY
                         NORMAL    RECORD    YEAR
 MAXIMUM TEMPERATURE (F)   80        92      1936
 MINIMUM TEMPERATURE (F)   58        35      1917


SUNRISE AND SUNSET
OCTOBER 21 2014.......SUNRISE   714 AM CDT   SUNSET   631 PM CDT
OCTOBER 22 2014.......SUNRISE   715 AM CDT   SUNSET   630 PM CDT


-  INDICATES NEGATIVE NUMBERS.
R  INDICATES RECORD WAS SET OR TIED.
MM INDICATES DATA IS MISSING.
T  INDICATES TRACE AMOUNT.




$$
