000
CDUS44 KLCH 111245
CLILFT


CLIMATE REPORT
NATIONAL WEATHER SERVICE LAKE CHARLES, LA
645 AM CST THU FEB 11 2016


...................................

...THE LAFAYETTE CLIMATE SUMMARY FOR FEBRUARY 10 2016...

CLIMATE NORMAL PERIOD 1981 TO 2010
CLIMATE RECORD PERIOD 1893 TO 2016


WEATHER ITEM   OBSERVED TIME   RECORD YEAR NORMAL DEPARTURE LAST
                VALUE   (LST)  VALUE       VALUE  FROM      YEAR
                                                  NORMAL
..................................................................
TEMPERATURE (F)
 YESTERDAY
  MAXIMUM         61    338 PM  84    1898  64     -3       67
  MINIMUM         37    640 AM  21    1947  45     -8       43
  AVERAGE         49                        55     -6       55

PRECIPITATION (IN)
  YESTERDAY        0.00          3.85 1904   0.16  -0.16     0.00
  MONTH TO DATE    2.92                      1.69   1.23     0.73
  SINCE DEC 1     11.45                     12.94  -1.49     8.84
  SINCE JAN 1      7.59                      7.36   0.23     5.34

SNOWFALL (IN)
  YESTERDAY        0.0           0.0    MM   0.0    0.0      0.0
  MONTH TO DATE    0.0                       0.0    0.0      0.0
  SINCE DEC 1      0.0                       0.0    0.0      0.0
  SINCE JUL 1      0.0                       0.0    0.0      0.0
  SNOW DEPTH       0

DEGREE DAYS
 HEATING
  YESTERDAY       16                        11      5       10
  MONTH TO DATE  129                       115     14      125
  SINCE DEC 1    722                       872   -150      856
  SINCE JUL 1    810                      1071   -261     1157
..................................................................


WIND (MPH)
  HIGHEST WIND SPEED    12   HIGHEST WIND DIRECTION    SW (210)
  HIGHEST GUST SPEED    17   HIGHEST GUST DIRECTION    SW (210)
  AVERAGE WIND SPEED     6.2


SKY COVER
  POSSIBLE SUNSHINE  MM
  AVERAGE SKY COVER 0.0


WEATHER CONDITIONS
 THE FOLLOWING WEATHER WAS RECORDED YESTERDAY.
  HAZE


RELATIVE HUMIDITY (PERCENT)
 HIGHEST    70          1100 PM
 LOWEST     28          1200 PM
 AVERAGE    49

..........................................................


THE LAFAYETTE CLIMATE NORMALS FOR TODAY
                         NORMAL    RECORD    YEAR
 MAXIMUM TEMPERATURE (F)   65        81      1932
 MINIMUM TEMPERATURE (F)   46        25      1973


SUNRISE AND SUNSET
FEBRUARY 11 2016......SUNRISE   652 AM CST   SUNSET   553 PM CST
FEBRUARY 12 2016......SUNRISE   651 AM CST   SUNSET   554 PM CST


-  INDICATES NEGATIVE NUMBERS.
R  INDICATES RECORD WAS SET OR TIED.
MM INDICATES DATA IS MISSING.
T  INDICATES TRACE AMOUNT.




$$
