000
CDUS44 KLCH 300833
CLILFT


CLIMATE REPORT
NATIONAL WEATHER SERVICE LAKE CHARLES, LA
332 AM CDT SAT MAY 30 2015


...................................

...THE LAFAYETTE CLIMATE SUMMARY FOR MAY 29 2015...

CLIMATE NORMAL PERIOD 1981 TO 2010
CLIMATE RECORD PERIOD 1893 TO 2015


WEATHER ITEM   OBSERVED TIME   RECORD YEAR NORMAL DEPARTURE LAST
                VALUE   (LST)  VALUE       VALUE  FROM      YEAR
                                                  NORMAL
..................................................................
TEMPERATURE (F)
 YESTERDAY
  MAXIMUM         88    320 PM  98    1896  89     -1       79
  MINIMUM         74    543 AM  54    1934  70      4       72
  AVERAGE         81                        79      2       76

PRECIPITATION (IN)
  YESTERDAY        0.00          2.42 1949   0.18  -0.18     1.84
  MONTH TO DATE    5.41                      4.43   0.98    10.82
  SINCE MAR 1     20.45                     12.15   8.30    15.58
  SINCE JAN 1     27.55                     22.27   5.28    22.83

DEGREE DAYS
 COOLING
  YESTERDAY       16                        14      2       11
  MONTH TO DATE  339                       331      8      259
  SINCE MAR 1    645                       553     92      425
  SINCE JAN 1    650                       585     65      439
..................................................................


WIND (MPH)
  HIGHEST WIND SPEED    16   HIGHEST WIND DIRECTION    SW (220)
  HIGHEST GUST SPEED    23   HIGHEST GUST DIRECTION    SW (240)
  AVERAGE WIND SPEED     5.7


SKY COVER
  POSSIBLE SUNSHINE  MM
  AVERAGE SKY COVER 0.3


WEATHER CONDITIONS
 THE FOLLOWING WEATHER WAS RECORDED YESTERDAY.
  THUNDERSTORM
  FOG


RELATIVE HUMIDITY (PERCENT)
 HIGHEST    94           100 AM
 LOWEST     57           100 PM
 AVERAGE    76

..........................................................


THE LAFAYETTE CLIMATE NORMALS FOR TODAY
                         NORMAL    RECORD    YEAR
 MAXIMUM TEMPERATURE (F)   89        98      1998
 MINIMUM TEMPERATURE (F)   70        52      1984


SUNRISE AND SUNSET
MAY 30 2015...........SUNRISE   608 AM CDT   SUNSET   804 PM CDT
MAY 31 2015...........SUNRISE   607 AM CDT   SUNSET   804 PM CDT


-  INDICATES NEGATIVE NUMBERS.
R  INDICATES RECORD WAS SET OR TIED.
MM INDICATES DATA IS MISSING.
T  INDICATES TRACE AMOUNT.




$$
