000
CDUS44 KLCH 202213
CLILFT


CLIMATE REPORT
NATIONAL WEATHER SERVICE LAKE CHARLES, LA
410 PM CST MON FEB 20 2017


...................................

...THE LAFAYETTE CLIMATE SUMMARY FOR FEBRUARY 20 2017...
VALID TODAY AS OF 0400 PM LOCAL TIME.

CLIMATE NORMAL PERIOD 1981 TO 2010
CLIMATE RECORD PERIOD 1893 TO 2017


WEATHER ITEM   OBSERVED TIME   RECORD YEAR NORMAL DEPARTURE LAST
                VALUE   (LST)  VALUE       VALUE  FROM      YEAR
                                                  NORMAL
..................................................................
TEMPERATURE (F)
 TODAY
  MAXIMUM         79    135 PM  84    1917  66     13       77
                                      1898
  MINIMUM         72    458 AM  27    1908  48     24       58
                                      1895
  AVERAGE         76                        57     19       68

PRECIPITATION (IN)
  TODAY            T             1.79 1919   0.14  -0.14     0.00
  MONTH TO DATE    0.06                      3.28  -3.22     3.42
  SINCE DEC 1     12.52                     14.53  -2.01    11.95
  SINCE JAN 1      3.43                      8.95  -5.52     8.09

SNOWFALL (IN)
  TODAY            0.0           0.0    MM   0.0    0.0      0.0
  MONTH TO DATE    0.0                       0.0    0.0      0.0
  SINCE DEC 1      0.0                       0.0    0.0      0.0
  SINCE JUL 1      0.0                       0.0    0.0      0.0
  SNOW DEPTH       0

DEGREE DAYS
 HEATING
  TODAY            0                         9     -9        0
  MONTH TO DATE   59                       212   -153      175
  SINCE DEC 1    483                       969   -486      768
  SINCE JUL 1    569                      1168   -599      856
..................................................................


WIND (MPH)
  HIGHEST WIND SPEED    17   HIGHEST WIND DIRECTION     S (170)
  HIGHEST GUST SPEED    28   HIGHEST GUST DIRECTION    SE (130)
  AVERAGE WIND SPEED     7.8


SKY COVER
  POSSIBLE SUNSHINE  MM
  AVERAGE SKY COVER 0.9


WEATHER CONDITIONS
 THE FOLLOWING WEATHER WAS RECORDED TODAY.
  LIGHT RAIN
  FOG


RELATIVE HUMIDITY (PERCENT)
 HIGHEST    90           300 AM
 LOWEST     67          1100 AM
 AVERAGE    79

..........................................................


THE LAFAYETTE CLIMATE NORMALS FOR TOMORROW
                         NORMAL    RECORD    YEAR
 MAXIMUM TEMPERATURE (F)   67        81      1917
 MINIMUM TEMPERATURE (F)   48        29      1942
                                             1908


SUNRISE AND SUNSET
FEBRUARY 20 2017......SUNRISE   643 AM CST   SUNSET   601 PM CST
FEBRUARY 21 2017......SUNRISE   642 AM CST   SUNSET   601 PM CST


-  INDICATES NEGATIVE NUMBERS.
R  INDICATES RECORD WAS SET OR TIED.
MM INDICATES DATA IS MISSING.
T  INDICATES TRACE AMOUNT.




$$
