000
CDUS44 KLCH 060858
CLILFT


CLIMATE REPORT
NATIONAL WEATHER SERVICE LAKE CHARLES, LA
358 AM CDT MON JUL 6 2015


...................................

...THE LAFAYETTE CLIMATE SUMMARY FOR JULY 5 2015...

CLIMATE NORMAL PERIOD 1981 TO 2010
CLIMATE RECORD PERIOD 1893 TO 2015


WEATHER ITEM   OBSERVED TIME   RECORD YEAR NORMAL DEPARTURE LAST
                VALUE   (LST)  VALUE       VALUE  FROM      YEAR
                                                  NORMAL
..................................................................
TEMPERATURE (F)
 YESTERDAY
  MAXIMUM         91   1242 PM 101    1921  92     -1       90
  MINIMUM         72   1045 PM  62    1924  75     -3       67
  AVERAGE         82                        83     -1       79

PRECIPITATION (IN)
  YESTERDAY        T             4.25 1915   0.24  -0.24     0.00
  MONTH TO DATE    0.74                      1.20  -0.46     0.00
  SINCE JUN 1      8.35                      8.28   0.07     8.59
  SINCE JAN 1     38.95                     30.90   8.05    31.63

DEGREE DAYS
 COOLING
  YESTERDAY       17                        18     -1       14
  MONTH TO DATE   84                        90     -6       86
  SINCE JUN 1    586                       588     -2      593
  SINCE JAN 1   1278                      1202     76     1062
..................................................................


WIND (MPH)
  HIGHEST WIND SPEED    16   HIGHEST WIND DIRECTION    SW (220)
  HIGHEST GUST SPEED    21   HIGHEST GUST DIRECTION     S (200)
  AVERAGE WIND SPEED     5.7


SKY COVER
  POSSIBLE SUNSHINE  MM
  AVERAGE SKY COVER 0.2


WEATHER CONDITIONS
 THE FOLLOWING WEATHER WAS RECORDED YESTERDAY.
  THUNDERSTORM
  LIGHT RAIN


RELATIVE HUMIDITY (PERCENT)
 HIGHEST    94          1200 AM
 LOWEST     59           100 PM
 AVERAGE    77

..........................................................


THE LAFAYETTE CLIMATE NORMALS FOR TODAY
                         NORMAL    RECORD    YEAR
 MAXIMUM TEMPERATURE (F)   92       102      1921
 MINIMUM TEMPERATURE (F)   75        61      1924


SUNRISE AND SUNSET
JULY  6 2015..........SUNRISE   612 AM CDT   SUNSET   813 PM CDT
JULY  7 2015..........SUNRISE   613 AM CDT   SUNSET   813 PM CDT


-  INDICATES NEGATIVE NUMBERS.
R  INDICATES RECORD WAS SET OR TIED.
MM INDICATES DATA IS MISSING.
T  INDICATES TRACE AMOUNT.




$$
