000
CDUS44 KLCH 280826
CLILFT


CLIMATE REPORT
NATIONAL WEATHER SERVICE LAKE CHARLES, LA
325 AM CDT THU AUG 28 2014


...................................

...THE LAFAYETTE CLIMATE SUMMARY FOR AUGUST 27 2014...

CLIMATE NORMAL PERIOD 1981 TO 2010
CLIMATE RECORD PERIOD 1893 TO 2014


WEATHER ITEM   OBSERVED TIME   RECORD YEAR NORMAL DEPARTURE LAST
                VALUE   (LST)  VALUE       VALUE  FROM      YEAR
                                                  NORMAL
..................................................................
TEMPERATURE (F)
 YESTERDAY
  MAXIMUM         91    303 PM 101    1924  92     -1       91
  MINIMUM         75    618 AM  61    1927  74      1       73
                                      1896
  AVERAGE         83                        83      0       82

PRECIPITATION (IN)
  YESTERDAY        0.00          3.77 1967   0.14  -0.14     0.00
  MONTH TO DATE    7.14                      4.03   3.11     3.76
  SINCE JUN 1     21.71                     17.41   4.30    10.76
  SINCE JAN 1     44.75                     40.03   4.72    42.88

DEGREE DAYS
 COOLING
  YESTERDAY       18                        18      0       17
  MONTH TO DATE  491                       508    -17      495
  SINCE JUN 1   1524                      1578    -54     1571
  SINCE JAN 1   1993                      2192   -199     2035
..................................................................


WIND (MPH)
  HIGHEST WIND SPEED    12   HIGHEST WIND DIRECTION    NE (40)
  HIGHEST GUST SPEED    17   HIGHEST GUST DIRECTION    SE (130)
  AVERAGE WIND SPEED     4.1


SKY COVER
  POSSIBLE SUNSHINE  MM
  AVERAGE SKY COVER 0.2


WEATHER CONDITIONS
 THE FOLLOWING WEATHER WAS RECORDED YESTERDAY.
  NO SIGNIFICANT WEATHER WAS OBSERVED.


RELATIVE HUMIDITY (PERCENT)
 HIGHEST    94           100 AM
 LOWEST     59          1200 PM
 AVERAGE    77

..........................................................


THE LAFAYETTE CLIMATE NORMALS FOR TODAY
                         NORMAL    RECORD    YEAR
 MAXIMUM TEMPERATURE (F)   92       100      2011
 MINIMUM TEMPERATURE (F)   74        61      1896


SUNRISE AND SUNSET
AUGUST 28 2014........SUNRISE   643 AM CDT   SUNSET   735 PM CDT
AUGUST 29 2014........SUNRISE   643 AM CDT   SUNSET   734 PM CDT


-  INDICATES NEGATIVE NUMBERS.
R  INDICATES RECORD WAS SET OR TIED.
MM INDICATES DATA IS MISSING.
T  INDICATES TRACE AMOUNT.




$$
