654
CDUS44 KLCH 241245
CLILFT


CLIMATE REPORT
NATIONAL WEATHER SERVICE LAKE CHARLES, LA
645 AM CST TUE JAN 24 2017


...................................

...THE LAFAYETTE CLIMATE SUMMARY FOR JANUARY 23 2017...

CLIMATE NORMAL PERIOD 1981 TO 2010
CLIMATE RECORD PERIOD 1893 TO 2017


WEATHER ITEM   OBSERVED TIME   RECORD YEAR NORMAL DEPARTURE LAST
                VALUE   (LST)  VALUE       VALUE  FROM      YEAR
                                                  NORMAL
..................................................................
TEMPERATURE (F)
 YESTERDAY
  MAXIMUM         68    407 PM  83    1933  62      6       51
                                      1972
  MINIMUM         51   1159 PM  19    1948  43      8       32
  AVERAGE         60                        53      7       42

PRECIPITATION (IN)
  YESTERDAY        0.00          3.75 1932   0.18  -0.18     0.00
  MONTH TO DATE    3.37                      4.24  -0.87     4.59
  SINCE DEC 1     12.46                      9.82   2.64     8.45
  SINCE JAN 1      3.37                      4.24  -0.87     4.59

SNOWFALL (IN)
  YESTERDAY        0.0           2.2  1948   0.0    0.0      0.0
  MONTH TO DATE    0.0                       0.0    0.0      0.0
  SINCE DEC 1      0.0                       0.0    0.0      0.0
  SINCE JUL 1      0.0                       0.0    0.0      0.0
  SNOW DEPTH       0

DEGREE DAYS
 HEATING
  YESTERDAY        5                        13     -8       23
  MONTH TO DATE  128                       299   -171      333
  SINCE DEC 1    363                       654   -291      511
  SINCE JUL 1    449                       853   -404      599
..................................................................


WIND (MPH)
  HIGHEST WIND SPEED    22   HIGHEST WIND DIRECTION    NW (330)
  HIGHEST GUST SPEED    32   HIGHEST GUST DIRECTION    NW (330)
  AVERAGE WIND SPEED     8.2


SKY COVER
  POSSIBLE SUNSHINE  MM
  AVERAGE SKY COVER 0.0


WEATHER CONDITIONS
 THE FOLLOWING WEATHER WAS RECORDED YESTERDAY.
  HAZE


RELATIVE HUMIDITY (PERCENT)
 HIGHEST    71          1000 PM
 LOWEST     37           500 PM
 AVERAGE    54

..........................................................


THE LAFAYETTE CLIMATE NORMALS FOR TODAY
                         NORMAL    RECORD    YEAR
 MAXIMUM TEMPERATURE (F)   62        82      1972
 MINIMUM TEMPERATURE (F)   43        14      1948


SUNRISE AND SUNSET
JANUARY 24 2017.......SUNRISE   702 AM CST   SUNSET   538 PM CST
JANUARY 25 2017.......SUNRISE   702 AM CST   SUNSET   539 PM CST


-  INDICATES NEGATIVE NUMBERS.
R  INDICATES RECORD WAS SET OR TIED.
MM INDICATES DATA IS MISSING.
T  INDICATES TRACE AMOUNT.




$$
