000
CDUS41 KOKX 270616
CLILGA


CLIMATE REPORT
NATIONAL WEATHER SERVICE NEW YORK NY
216 AM EDT WED MAY 27 2015


...................................

...THE LAGUARDIA NY CLIMATE SUMMARY FOR MAY 26 2015...

CLIMATE NORMAL PERIOD 1981 TO 2010
CLIMATE RECORD PERIOD 1945 TO 2015


WEATHER ITEM   OBSERVED TIME   RECORD YEAR NORMAL DEPARTURE LAST
                VALUE   (LST)  VALUE       VALUE  FROM      YEAR
                                                  NORMAL
..................................................................
TEMPERATURE (F)
 YESTERDAY
  MAXIMUM         86    139 PM  94    2010  74     12       87
                                      1965
  MINIMUM         67    520 AM  45    1972  57     10       66
                                      1967
  AVERAGE         77                        66     11       77

PRECIPITATION (IN)
  YESTERDAY        0.00          1.59 2003   0.14  -0.14     0.00
  MONTH TO DATE    0.31                      3.11  -2.80     4.66
  SINCE MAR 1      6.67                     11.08  -4.41    16.55
  SINCE JAN 1     13.75                     17.01  -3.26    23.84

SNOWFALL (IN)
  YESTERDAY        0.0          MM      MM   0.0    0.0      0.0
  MONTH TO DATE    0.0                       0.0    0.0      0.0
  SINCE OCT 1     53.8                      26.9   26.9     52.4
  SINCE JUL 1     53.8                      26.9   26.9     52.4
  SNOW DEPTH       0

DEGREE DAYS
 HEATING
  YESTERDAY        0                         3     -3        0
  MONTH TO DATE   50                       125    -75       71
  SINCE MAR 1   1228                      1210     18     1342
  SINCE JUL 1   4950                      4639    311     4999

 COOLING
  YESTERDAY       12                         3      9       12
  MONTH TO DATE   75                        41     34       42
  SINCE MAR 1     77                        49     28       42
  SINCE JAN 1     77                        49     28       42
..................................................................


WIND (MPH)
  HIGHEST WIND SPEED    18   HIGHEST WIND DIRECTION     S (160)
  HIGHEST GUST SPEED    23   HIGHEST GUST DIRECTION     S (160)
  AVERAGE WIND SPEED    11.7


SKY COVER
  AVERAGE SKY COVER 0.5


WEATHER CONDITIONS
 THE FOLLOWING WEATHER WAS RECORDED YESTERDAY.
  NO SIGNIFICANT WEATHER WAS OBSERVED.


RELATIVE HUMIDITY (PERCENT)
 HIGHEST    66           700 AM
 LOWEST     43          1100 AM
 AVERAGE    55

..........................................................


THE LAGUARDIA NY CLIMATE NORMALS FOR TODAY
                         NORMAL    RECORD    YEAR
 MAXIMUM TEMPERATURE (F)   75        92      1965
 MINIMUM TEMPERATURE (F)   57        41      1961


SUNRISE AND SUNSET
MAY 27 2015...........SUNRISE   529 AM EDT   SUNSET   817 PM EDT
MAY 28 2015...........SUNRISE   529 AM EDT   SUNSET   817 PM EDT


-  INDICATES NEGATIVE NUMBERS.
R  INDICATES RECORD WAS SET OR TIED.
MM INDICATES DATA IS MISSING.
T  INDICATES TRACE AMOUNT.




$$
