000
CDUS41 KOKX 300626
CLILGA


CLIMATE REPORT
NATIONAL WEATHER SERVICE NEW YORK NY
226 AM EDT MON MAY 30 2016


...................................

...THE LAGUARDIA NY CLIMATE SUMMARY FOR MAY 29 2016...

CLIMATE NORMAL PERIOD 1981 TO 2010
CLIMATE RECORD PERIOD 1945 TO 2016


WEATHER ITEM   OBSERVED TIME   RECORD YEAR NORMAL DEPARTURE LAST
                VALUE   (LST)  VALUE       VALUE  FROM      YEAR
                                                  NORMAL
..................................................................
TEMPERATURE (F)
 YESTERDAY
  MAXIMUM         87   1040 AM  95    1987  75     12       82
  MINIMUM         70   1003 PM  48    1946  58     12       64
  AVERAGE         79                        67     12       73

PRECIPITATION (IN)
  YESTERDAY        T             2.41 1968   0.14  -0.14     0.00
  MONTH TO DATE    2.39                      3.51  -1.12     0.33
  SINCE MAR 1      5.31                     11.48  -6.17     6.69
  SINCE JAN 1     13.84                     17.41  -3.57    13.77

SNOWFALL (IN)
  YESTERDAY        0.0           T    2001   0.0    0.0      0.0
  MONTH TO DATE    0.0                       0.0    0.0      0.0
  SINCE OCT 1     36.2                      26.9    9.3     53.8
  SINCE JUL 1     36.2                      26.9    9.3     53.8
  SNOW DEPTH       0

DEGREE DAYS
 HEATING
  YESTERDAY        0                         2     -2        0
  MONTH TO DATE  141                       131     10       50
  SINCE MAR 1    990                      1216   -226     1228
  SINCE JUL 1   3652                      4645   -993     4950

 COOLING
  YESTERDAY       14                         4     10        8
  MONTH TO DATE   83                        52     31      103
  SINCE MAR 1     96                        60     36      105
  SINCE JAN 1     96                        60     36      105
..................................................................


WIND (MPH)
  HIGHEST WIND SPEED    22   HIGHEST WIND DIRECTION     S (170)
  HIGHEST GUST SPEED    26   HIGHEST GUST DIRECTION     S (170)
  AVERAGE WIND SPEED    10.8


SKY COVER
  AVERAGE SKY COVER 0.6


WEATHER CONDITIONS
 THE FOLLOWING WEATHER WAS RECORDED YESTERDAY.
  HEAVY RAIN
  LIGHT RAIN
  FOG


RELATIVE HUMIDITY (PERCENT)
 HIGHEST    93           700 PM
 LOWEST     37           200 PM
 AVERAGE    65

..........................................................


THE LAGUARDIA NY CLIMATE NORMALS FOR TODAY
                         NORMAL    RECORD    YEAR
 MAXIMUM TEMPERATURE (F)   76        96      1987
 MINIMUM TEMPERATURE (F)   58        48      1949


SUNRISE AND SUNSET
MAY 30 2016...........SUNRISE   527 AM EDT   SUNSET   820 PM EDT
MAY 31 2016...........SUNRISE   527 AM EDT   SUNSET   820 PM EDT


-  INDICATES NEGATIVE NUMBERS.
R  INDICATES RECORD WAS SET OR TIED.
MM INDICATES DATA IS MISSING.
T  INDICATES TRACE AMOUNT.




$$
