000
CDUS41 KOKX 252040
CLILGA


CLIMATE REPORT
NATIONAL WEATHER SERVICE NEW YORK NY
440 PM EDT SUN SEP 25 2016


...................................

...THE LAGUARDIA NY CLIMATE SUMMARY FOR SEPTEMBER 25 2016...
VALID TODAY AS OF 0400 PM LOCAL TIME.

CLIMATE NORMAL PERIOD 1981 TO 2010
CLIMATE RECORD PERIOD 1939 TO 2016


WEATHER ITEM   OBSERVED TIME   RECORD YEAR NORMAL DEPARTURE LAST
                VALUE   (LST)  VALUE       VALUE  FROM      YEAR
                                                  NORMAL
..................................................................
TEMPERATURE (F)
 TODAY
  MAXIMUM         70    258 PM  90    2010  73     -3       73
                                      1970
  MINIMUM         58    551 AM  41    1943  59     -1       64
  AVERAGE         64                        66     -2       69

PRECIPITATION (IN)
  TODAY            0.00          2.09 1991   0.13  -0.13     0.00
  MONTH TO DATE    1.99                      3.06  -1.07     1.40
  SINCE SEP 1      1.99                      3.06  -1.07     1.40
  SINCE JAN 1     25.71                     33.31  -7.60    26.67

SNOWFALL (IN)
  TODAY            0.0          MM      MM   0.0    0.0      0.0
  MONTH TO DATE    0.0                       0.0    0.0      0.0
  SINCE OCT 1     36.2                      26.9    9.3     53.8
  SINCE JUL 1      0.0                       0.0    0.0      0.0
  SNOW DEPTH       0

DEGREE DAYS
 HEATING
  TODAY            1                         2     -1        0
  MONTH TO DATE    1                        18    -17        0
  SINCE SEP 1      1                        18    -17        0
  SINCE JUL 1      1                        19    -18        0

 COOLING
  TODAY            0                         3     -3        4
  MONTH TO DATE  269                       147    122      262
  SINCE SEP 1    269                       147    122      262
  SINCE JAN 1   1686                      1180    506     1511
..................................................................


WIND (MPH)
  HIGHEST WIND SPEED    15   HIGHEST WIND DIRECTION     N (350)
  HIGHEST GUST SPEED    19   HIGHEST GUST DIRECTION     N (350)
  AVERAGE WIND SPEED     8.2


SKY COVER
  AVERAGE SKY COVER 0.0


WEATHER CONDITIONS
 THE FOLLOWING WEATHER WAS RECORDED TODAY.
  NO SIGNIFICANT WEATHER WAS OBSERVED.


RELATIVE HUMIDITY (PERCENT)
 HIGHEST    57           600 AM
 LOWEST     26           100 PM
 AVERAGE    42

..........................................................


THE LAGUARDIA NY CLIMATE NORMALS FOR TOMORROW
                         NORMAL    RECORD    YEAR
 MAXIMUM TEMPERATURE (F)   73        90      2007
 MINIMUM TEMPERATURE (F)   58        44      1947
                                             1940


SUNRISE AND SUNSET
SEPTEMBER 25 2016.....SUNRISE   647 AM EDT   SUNSET   647 PM EDT
SEPTEMBER 26 2016.....SUNRISE   648 AM EDT   SUNSET   645 PM EDT


-  INDICATES NEGATIVE NUMBERS.
R  INDICATES RECORD WAS SET OR TIED.
MM INDICATES DATA IS MISSING.
T  INDICATES TRACE AMOUNT.




$$
