000
CDUS41 KOKX 240634
CLILGA


CLIMATE REPORT
NATIONAL WEATHER SERVICE NEW YORK NY
233 AM EDT THU APR 24 2014


...................................

...THE LAGUARDIA NY CLIMATE SUMMARY FOR APRIL 23 2014...

CLIMATE NORMAL PERIOD 1981 TO 2010
CLIMATE RECORD PERIOD 1948 TO 2014


WEATHER ITEM   OBSERVED TIME   RECORD YEAR NORMAL DEPARTURE LAST
                VALUE   (LST)  VALUE       VALUE  FROM      YEAR
                                                  NORMAL
..................................................................
TEMPERATURE (F)
 YESTERDAY
  MAXIMUM         62   1232 AM  85    2007  64     -2       53
  MINIMUM         45   1159 PM  36    1986  47     -2       42
  AVERAGE         54                        55     -1       48

PRECIPITATION (IN)
  YESTERDAY        0.00          2.21 2006   0.12  -0.12      T
  MONTH TO DATE    2.18                      3.13  -0.95     1.12
  SINCE MAR 1      5.84                      7.10  -1.26     3.55
  SINCE JAN 1     13.13                     13.03   0.10     9.39

SNOWFALL (IN)
  YESTERDAY        0.0          MM      MM   0.0    0.0      0.0
  MONTH TO DATE    0.3                       0.5   -0.2      0.0
  SINCE OCT 1     52.4                      26.9   25.5     22.2
  SINCE JUL 1     52.4                      26.9   25.5     22.2
  SNOW DEPTH       0

DEGREE DAYS
 HEATING
  YESTERDAY       11                        10      1       17
  MONTH TO DATE  318                       316      2      311
  SINCE MAR 1   1176                      1023    153     1063
  SINCE JUL 1   4833                      4452    381     4258

 COOLING
  YESTERDAY        0                         0      0        0
  MONTH TO DATE    0                         0      0        0
  SINCE MAR 1      0                         0      0        0
  SINCE JAN 1      0                         0      0        0
..................................................................


WIND (MPH)
  HIGHEST WIND SPEED    38   HIGHEST WIND DIRECTION    NW (320)
  HIGHEST GUST SPEED    47   HIGHEST GUST DIRECTION    NW (310)
  AVERAGE WIND SPEED    21.2


SKY COVER
  AVERAGE SKY COVER 0.7


WEATHER CONDITIONS
 THE FOLLOWING WEATHER WAS RECORDED YESTERDAY.
  NO SIGNIFICANT WEATHER WAS OBSERVED.


RELATIVE HUMIDITY (PERCENT)
 HIGHEST    64           400 AM
 LOWEST     40           300 PM
 AVERAGE    52

..........................................................


THE LAGUARDIA NY CLIMATE NORMALS FOR TODAY
                         NORMAL    RECORD    YEAR
 MAXIMUM TEMPERATURE (F)   64        87      2001
 MINIMUM TEMPERATURE (F)   47        36      1971
                                             1967


SUNRISE AND SUNSET
APRIL 24 2014.........SUNRISE   604 AM EDT   SUNSET   744 PM EDT
APRIL 25 2014.........SUNRISE   602 AM EDT   SUNSET   746 PM EDT


-  INDICATES NEGATIVE NUMBERS.
R  INDICATES RECORD WAS SET OR TIED.
MM INDICATES DATA IS MISSING.
T  INDICATES TRACE AMOUNT.




$$
