000
CDUS46 KLOX 210908
CLILGB


CLIMATE REPORT
NATIONAL WEATHER SERVICE LOS ANGELES/OXNARD CA
107 AM PST SUN DEC 21 2014


...................................

...THE LONG BEACH AIRPORT CA CLIMATE SUMMARY FOR DECEMBER 20 2014...

CLIMATE NORMAL PERIOD 1981 TO 2010
CLIMATE RECORD PERIOD 1958 TO 2014


WEATHER ITEM   OBSERVED TIME   RECORD YEAR NORMAL DEPARTURE LAST
                VALUE   (LST)  VALUE       VALUE  FROM      YEAR
                                                  NORMAL
..................................................................
TEMPERATURE (F)
 YESTERDAY
  MAXIMUM         64    137 PM  83    1960  66     -2       60
  MINIMUM         49    553 AM  35    1978  45      4       42
  AVERAGE         57                        56      1       51

PRECIPITATION (IN)
  YESTERDAY        0.00          2.03 2010   0.07  -0.07     0.00
  MONTH TO DATE    4.37                      1.13   3.24     0.34
  SINCE JUL 1      5.41                      3.00   2.41     1.31
  SINCE JAN 1      8.60                     11.44  -2.84     4.18

SNOWFALL (IN)
  YESTERDAY        0.0
  MONTH TO DATE    0.0
  SINCE DEC 1      0.0
  SINCE JUL 1      0.0

DEGREE DAYS
 HEATING
  YESTERDAY        8                         9     -1       14
  MONTH TO DATE   85                       171    -86      168
  SINCE DEC 1     85                       171    -86      168
  SINCE JUL 1    121                       320   -199      263

 COOLING
  YESTERDAY        0                         0      0        0
  MONTH TO DATE    3                         0      3        8
  SINCE DEC 1      3                         0      3        8
  SINCE JAN 1   1705                      1125    580     1235
..................................................................


WIND (MPH)
  HIGHEST WIND SPEED     9   HIGHEST WIND DIRECTION    NW (330)
  HIGHEST GUST SPEED    11   HIGHEST GUST DIRECTION    NW (330)
  AVERAGE WIND SPEED     2.4


SKY COVER
  POSSIBLE SUNSHINE  MM
  AVERAGE SKY COVER 0.5


WEATHER CONDITIONS
 THE FOLLOWING WEATHER WAS RECORDED YESTERDAY.
  FOG
  HAZE


RELATIVE HUMIDITY (PERCENT)
 HIGHEST    93           600 AM
 LOWEST     67          1200 PM
 AVERAGE    80

..........................................................


THE LONG BEACH AIRPORT CA CLIMATE NORMALS FOR TODAY
                         NORMAL    RECORD    YEAR
 MAXIMUM TEMPERATURE (F)   66        80      1972
 MINIMUM TEMPERATURE (F)   45        31      1968


SUNRISE AND SUNSET
DECEMBER 21 2014......SUNRISE   654 AM PST   SUNSET   448 PM PST
DECEMBER 22 2014......SUNRISE   654 AM PST   SUNSET   448 PM PST


-  INDICATES NEGATIVE NUMBERS.
R  INDICATES RECORD WAS SET OR TIED.
MM INDICATES DATA IS MISSING.
T  INDICATES TRACE AMOUNT.




$$
