000
CDUS46 KLOX 140128
CLILGB


CLIMATE REPORT
NATIONAL WEATHER SERVICE LOS ANGELES/OXNARD CA
528 PM PST SAT FEB 13 2016


...................................

...THE LONG BEACH AIRPORT CA CLIMATE SUMMARY FOR FEBRUARY 13 2016...
VALID TODAY AS OF 0500 PM LOCAL TIME.

CLIMATE NORMAL PERIOD 1981 TO 2010
CLIMATE RECORD PERIOD 1958 TO 2016


WEATHER ITEM   OBSERVED TIME   RECORD YEAR NORMAL DEPARTURE LAST
                VALUE   (LST)  VALUE       VALUE  FROM      YEAR
                                                  NORMAL
..................................................................
TEMPERATURE (F)
 TODAY
  MAXIMUM         70    354 PM  89    2015  67      3       89
  MINIMUM         49    644 AM  37    1965  48      1       56
  AVERAGE         60                        57      3       73

PRECIPITATION (IN)
  TODAY            0.00          1.99 1980   0.11  -0.11     0.00
  MONTH TO DATE    0.00                      1.33  -1.33      T
  SINCE OCT 1      3.29                      7.51  -4.22     6.13
  SINCE JAN 1      2.29                      3.93  -1.64     0.87

SNOWFALL (IN)
  TODAY            0.0
  MONTH TO DATE    0.0
  SINCE DEC 1      0.0
  SINCE JUL 1      0.0

DEGREE DAYS
 HEATING
  TODAY            5                         8     -3        0
  MONTH TO DATE   59                       104    -45       19
  SINCE DEC 1    525                       634   -109      333
  SINCE JUL 1    617                       783   -166      369

 COOLING
  TODAY            0                         0      0        8
  MONTH TO DATE   24                         0     24       25
  SINCE DEC 1     30                         4     26       38
  SINCE JAN 1     24                         3     21       33
..................................................................


WIND (MPH)
  HIGHEST WIND SPEED    12   HIGHEST WIND DIRECTION     W (290)
  HIGHEST GUST SPEED    14   HIGHEST GUST DIRECTION    SW (210)
  AVERAGE WIND SPEED     3.0


SKY COVER
  POSSIBLE SUNSHINE  MM
  AVERAGE SKY COVER 0.3


WEATHER CONDITIONS
 THE FOLLOWING WEATHER WAS RECORDED TODAY.
  FOG
  FOG W/VISIBILITY <= 1/4 MILE
  HAZE


RELATIVE HUMIDITY (PERCENT)
 HIGHEST   100           400 AM
 LOWEST     44           400 PM
 AVERAGE    72

..........................................................


THE LONG BEACH AIRPORT CA CLIMATE NORMALS FOR TOMORROW
                         NORMAL    RECORD    YEAR
 MAXIMUM TEMPERATURE (F)   67        88      1985
 MINIMUM TEMPERATURE (F)   48        37      1989


SUNRISE AND SUNSET
FEBRUARY 13 2016......SUNRISE   639 AM PST   SUNSET   535 PM PST
FEBRUARY 14 2016......SUNRISE   638 AM PST   SUNSET   536 PM PST


-  INDICATES NEGATIVE NUMBERS.
R  INDICATES RECORD WAS SET OR TIED.
MM INDICATES DATA IS MISSING.
T  INDICATES TRACE AMOUNT.




$$
