000
CDUS46 KLOX 240858
CLILGB


CLIMATE REPORT
NATIONAL WEATHER SERVICE LOS ANGELES/OXNARD CA
158 AM PDT WED MAY 24 2017


...................................

...THE LONG BEACH AIRPORT CA CLIMATE SUMMARY FOR MAY 23 2017...

CLIMATE NORMAL PERIOD 1981 TO 2010
CLIMATE RECORD PERIOD 1958 TO 2017


WEATHER ITEM   OBSERVED TIME   RECORD YEAR NORMAL DEPARTURE LAST
                VALUE   (LST)  VALUE       VALUE  FROM      YEAR
                                                  NORMAL
..................................................................
TEMPERATURE (F)
 YESTERDAY
  MAXIMUM         82    334 PM  87    1967  74      8       68
  MINIMUM         60   1159 PM  46    1960  58      2       56
  AVERAGE         71                        66      5       62

PRECIPITATION (IN)
  YESTERDAY        0.00          0.17 2008   0.00   0.00     0.00
  MONTH TO DATE    0.40                      0.17   0.23     0.05
  SINCE OCT 1     19.98                     11.91   8.07     4.98
  SINCE JAN 1     14.78                      8.33   6.45     3.98

SNOWFALL (IN)
  YESTERDAY        0.0
  MONTH TO DATE    0.0
  SINCE MAR 1      0.0
  SINCE JUL 1      0.0

DEGREE DAYS
 HEATING
  YESTERDAY        0                         1     -1        3
  MONTH TO DATE   34                        32      2       16
  SINCE MAR 1    133                       317   -184      150
  SINCE JUL 1    911                      1208   -297      793

 COOLING
  YESTERDAY        6                         2      4        0
  MONTH TO DATE   65                        46     19       17
  SINCE MAR 1    155                        85     70       86
  SINCE JAN 1    156                        93     63      133
..................................................................


WIND (MPH)
  HIGHEST WIND SPEED    17   HIGHEST WIND DIRECTION    NW (300)
  HIGHEST GUST SPEED    21   HIGHEST GUST DIRECTION    NW (310)
  AVERAGE WIND SPEED     6.6


SKY COVER
  POSSIBLE SUNSHINE  MM
  AVERAGE SKY COVER 0.0


WEATHER CONDITIONS
 THE FOLLOWING WEATHER WAS RECORDED YESTERDAY.
  HAZE


RELATIVE HUMIDITY (PERCENT)
 HIGHEST    84          1200 AM
 LOWEST     33           300 PM
 AVERAGE    59

..........................................................


THE LONG BEACH AIRPORT CA CLIMATE NORMALS FOR TODAY
                         NORMAL    RECORD    YEAR
 MAXIMUM TEMPERATURE (F)   74        81      2006
                                             1986
 MINIMUM TEMPERATURE (F)   59        49      1960


SUNRISE AND SUNSET
MAY 24 2017...........SUNRISE   546 AM PDT   SUNSET   753 PM PDT
MAY 25 2017...........SUNRISE   545 AM PDT   SUNSET   754 PM PDT


-  INDICATES NEGATIVE NUMBERS.
R  INDICATES RECORD WAS SET OR TIED.
MM INDICATES DATA IS MISSING.
T  INDICATES TRACE AMOUNT.




$$
