000
CDHW41 PHFO 031249
CLILIH


CLIMATE REPORT
NATIONAL WEATHER SERVICE
1245 PM UTC MON AUG 3 2015


...................................

...THE LIHUE HI CLIMATE SUMMARY FOR AUGUST 2 2015...

CLIMATE NORMAL PERIOD 1981 TO 2010
CLIMATE RECORD PERIOD 1946 TO 2015


WEATHER ITEM   OBSERVED TIME   RECORD YEAR NORMAL DEPARTURE LAST
                VALUE   (LST)  VALUE       VALUE  FROM      YEAR
                                                  NORMAL
..................................................................
TEMPERATURE (F)
 YESTERDAY
  MAXIMUM         87    144 PM  90    1981  85      2       85
  MINIMUM         78    944 PM  69    1999  75      3       77
                                      1950
  AVERAGE         83                        80      3       81

PRECIPITATION (IN)
  YESTERDAY        T             0.74 1958   0.07  -0.07     0.01
  MONTH TO DATE    0.02                      0.14  -0.12     0.01
  SINCE JUN 1      0.42                      3.62  -3.20     4.59
  SINCE JAN 1      5.69                     19.46 -13.77    20.38

SNOWFALL (IN)
  YESTERDAY        0.0
  MONTH TO DATE    0.0
  SINCE JUN 1      0.0
  SINCE JUL 1      0.0
  SNOW DEPTH      MM

DEGREE DAYS
 HEATING
  YESTERDAY        0                         0      0        0
  MONTH TO DATE    0                         0      0        0
  SINCE JUN 1      0                         0      0        0
  SINCE JUL 1      0                         0      0        0

 COOLING
  YESTERDAY       18                        15      3       16
  MONTH TO DATE   35                        29      6       33
  SINCE JUN 1    377                       862   -485      876
  SINCE JAN 1   1624                      2101   -477     2097
..................................................................


WIND (MPH)
  HIGHEST WIND SPEED    23   HIGHEST WIND DIRECTION    NE (40)
  HIGHEST GUST SPEED    26   HIGHEST GUST DIRECTION    NE (30)
  AVERAGE WIND SPEED    15.1


SKY COVER
  POSSIBLE SUNSHINE  MM
  AVERAGE SKY COVER  MM


WEATHER CONDITIONS
 THE FOLLOWING WEATHER WAS RECORDED YESTERDAY.
  NO SIGNIFICANT WEATHER WAS OBSERVED.


RELATIVE HUMIDITY (PERCENT)
 HIGHEST    MM
 LOWEST     MM
 AVERAGE    MM

..........................................................


THE LIHUE HI CLIMATE NORMALS FOR TODAY
                         NORMAL    RECORD    YEAR
 MAXIMUM TEMPERATURE (F)   85        88      1981
 MINIMUM TEMPERATURE (F)   75        67      1955


SUNRISE AND SUNSET
AUGUST  3 2015........SUNRISE   611 AM HST   SUNSET   716 PM HST
AUGUST  4 2015........SUNRISE   611 AM HST   SUNSET   716 PM HST


-  INDICATES NEGATIVE NUMBERS.
R  INDICATES RECORD WAS SET OR TIED.
MM INDICATES DATA IS MISSING.
T  INDICATES TRACE AMOUNT.




$$
