000
CDHW41 PHFO 120251
CLILIH


CLIMATE REPORT
NATIONAL WEATHER SERVICE HONOLULU HI
450 PM HST MON DEC 11 2017


...................................

...THE LIHUE HI CLIMATE SUMMARY FOR DECEMBER 11 2017...
VALID TODAY AS OF 0400 PM LOCAL TIME.

CLIMATE NORMAL PERIOD 1981 TO 2010
CLIMATE RECORD PERIOD 1946 TO 2017


WEATHER ITEM   OBSERVED TIME   RECORD YEAR NORMAL DEPARTURE LAST
                VALUE   (LST)  VALUE       VALUE  FROM      YEAR
                                                  NORMAL
..................................................................
TEMPERATURE (F)
 TODAY
  MAXIMUM         78    209 PM  84    1980  79     -1       80
  MINIMUM         60    655 AM  55    1972  68     -8       68
  AVERAGE         69                        74     -5       74

PRECIPITATION (IN)
  TODAY            0.00          4.56 2008   0.16  -0.16     0.05
  MONTH TO DATE    0.08                      1.77  -1.69     0.84
  SINCE DEC 1      0.08                      1.77  -1.69     0.84
  SINCE JAN 1     22.25                     33.62 -11.37    13.07

SNOWFALL (IN)
  TODAY            0.0
  MONTH TO DATE    0.0
  SINCE DEC 1      0.0
  SINCE JUL 1      0.0
  SNOW DEPTH      MM

DEGREE DAYS
 HEATING
  TODAY            0                         0      0        0
  MONTH TO DATE    0                         0      0        0
  SINCE DEC 1      0                         0      0        0
  SINCE JUL 1      0                         0      0        0

 COOLING
  TODAY            4                         9     -5        9
  MONTH TO DATE   42                        99    -57      101
  SINCE DEC 1     42                        99    -57      101
  SINCE JAN 1   4123                      3790    333     4061
..................................................................


WIND (MPH)
  HIGHEST WIND SPEED    17   HIGHEST WIND DIRECTION     S (180)
  HIGHEST GUST SPEED    21   HIGHEST GUST DIRECTION     S (180)
  AVERAGE WIND SPEED    MM


SKY COVER
  POSSIBLE SUNSHINE  MM
  AVERAGE SKY COVER  MM


WEATHER CONDITIONS
 THE FOLLOWING WEATHER WAS RECORDED TODAY.
  NO SIGNIFICANT WEATHER WAS OBSERVED.


RELATIVE HUMIDITY (PERCENT)
 HIGHEST    MM
 LOWEST     MM
 AVERAGE    MM

..........................................................


THE LIHUE HI CLIMATE NORMALS FOR TOMORROW
                         NORMAL    RECORD    YEAR
 MAXIMUM TEMPERATURE (F)   79        83      2015
                                             1977
 MINIMUM TEMPERATURE (F)   68        56      1967


SUNRISE AND SUNSET
DECEMBER 11 2017......SUNRISE   706 AM HST   SUNSET   555 PM HST
DECEMBER 12 2017......SUNRISE   707 AM HST   SUNSET   556 PM HST


-  INDICATES NEGATIVE NUMBERS.
R  INDICATES RECORD WAS SET OR TIED.
MM INDICATES DATA IS MISSING.
T  INDICATES TRACE AMOUNT.




$$
