000
CDHW41 PHFO 081245
CLILIH


CLIMATE REPORT
NATIONAL WEATHER SERVICE HONOLULU HI
245 AM HST MON FEB 8 2016


...................................

...THE LIHUE HI CLIMATE SUMMARY FOR FEBRUARY 7 2016...

CLIMATE NORMAL PERIOD 1981 TO 2010
CLIMATE RECORD PERIOD 1946 TO 2016


WEATHER ITEM   OBSERVED TIME   RECORD YEAR NORMAL DEPARTURE LAST
                VALUE   (LST)  VALUE       VALUE  FROM      YEAR
                                                  NORMAL
..................................................................
TEMPERATURE (F)
 YESTERDAY
  MAXIMUM         75    244 PM  86    1960  78     -3       79
  MINIMUM         59   1159 PM  56    1954  65     -6       58
  AVERAGE         67                        72     -5       69

PRECIPITATION (IN)
  YESTERDAY        0.00          0.61 1976   0.10  -0.10     0.00
  MONTH TO DATE    T                         0.79  -0.79     0.27
  SINCE DEC 1      1.74                      9.74  -8.00     2.83
  SINCE JAN 1      0.32                      4.54  -4.22     1.43

SNOWFALL (IN)
  YESTERDAY        0.0
  MONTH TO DATE    0.0
  SINCE DEC 1      0.0
  SINCE JUL 1      0.0
  SNOW DEPTH       0

DEGREE DAYS
 HEATING
  YESTERDAY        0                         0      0        0
  MONTH TO DATE    0                         0      0        0
  SINCE DEC 1      0                         0      0        0
  SINCE JUL 1      0                         0      0        0

 COOLING
  YESTERDAY        2                         7     -5        4
  MONTH TO DATE   60                        49     11       63
  SINCE DEC 1    658                       512    146      487
  SINCE JAN 1    302                       258     44      271
..................................................................


WIND (MPH)
  HIGHEST WIND SPEED    24   HIGHEST WIND DIRECTION     N (340)
  HIGHEST GUST SPEED    32   HIGHEST GUST DIRECTION    NW (330)
  AVERAGE WIND SPEED    13.4


SKY COVER
  POSSIBLE SUNSHINE  MM
  AVERAGE SKY COVER 0.3


WEATHER CONDITIONS
 THE FOLLOWING WEATHER WAS RECORDED YESTERDAY.
  NO SIGNIFICANT WEATHER WAS OBSERVED.


RELATIVE HUMIDITY (PERCENT)
 HIGHEST    78           100 AM
 LOWEST     38           100 PM
 AVERAGE    58

..........................................................


THE LIHUE HI CLIMATE NORMALS FOR TODAY
                         NORMAL    RECORD    YEAR
 MAXIMUM TEMPERATURE (F)   78        85      1991
                                             1986
                                             1958
 MINIMUM TEMPERATURE (F)   65        56      1998


SUNRISE AND SUNSET
FEBRUARY  8 2016......SUNRISE   713 AM HST   SUNSET   631 PM HST
FEBRUARY  9 2016......SUNRISE   712 AM HST   SUNSET   631 PM HST


-  INDICATES NEGATIVE NUMBERS.
R  INDICATES RECORD WAS SET OR TIED.
MM INDICATES DATA IS MISSING.
T  INDICATES TRACE AMOUNT.




$$
