000
CDHW41 PHFO 271245
CLILIH


CLIMATE REPORT
NATIONAL WEATHER SERVICE HONOLULU HI
245 AM HST FRI MAY 27 2016


...................................

...THE LIHUE HI CLIMATE SUMMARY FOR MAY 26 2016...

CLIMATE NORMAL PERIOD 1981 TO 2010
CLIMATE RECORD PERIOD 1946 TO 2016


WEATHER ITEM   OBSERVED TIME   RECORD YEAR NORMAL DEPARTURE LAST
                VALUE   (LST)  VALUE       VALUE  FROM      YEAR
                                                  NORMAL
..................................................................
TEMPERATURE (F)
 YESTERDAY
  MAXIMUM         81    402 PM  85    1979  82     -1       81
                                      1960
  MINIMUM         71    716 AM  62    1959  71      0       62
  AVERAGE         76                        77     -1       72

PRECIPITATION (IN)
  YESTERDAY        0.04          0.36 1988   0.06  -0.02     0.00
  MONTH TO DATE    0.92                      1.82  -0.90     0.58
  SINCE MAR 1      4.38                      8.68  -4.30     3.70
  SINCE JAN 1      5.55                     15.59 -10.04     5.61

SNOWFALL (IN)
  YESTERDAY        0.0
  MONTH TO DATE    0.0
  SINCE MAR 1      0.0
  SINCE JUL 1      0.0
  SNOW DEPTH       0

DEGREE DAYS
 HEATING
  YESTERDAY        0                         0      0        0
  MONTH TO DATE    0                         0      0        0
  SINCE MAR 1      0                         0      0        0
  SINCE JUL 1      0                         0      0        0

 COOLING
  YESTERDAY       11                        12     -1        7
  MONTH TO DATE  327                       276     51      306
  SINCE MAR 1    895                       785    110      911
  SINCE JAN 1   1350                      1180    170     1367
..................................................................


WIND (MPH)
  HIGHEST WIND SPEED    17   HIGHEST WIND DIRECTION     E (90)
  HIGHEST GUST SPEED    20   HIGHEST GUST DIRECTION     E (80)
  AVERAGE WIND SPEED     8.7


SKY COVER
  POSSIBLE SUNSHINE  MM
  AVERAGE SKY COVER 0.5


WEATHER CONDITIONS
 THE FOLLOWING WEATHER WAS RECORDED YESTERDAY.
  RAIN
  LIGHT RAIN
  FOG


RELATIVE HUMIDITY (PERCENT)
 HIGHEST    93           500 AM
 LOWEST     67           300 PM
 AVERAGE    80

..........................................................


THE LIHUE HI CLIMATE NORMALS FOR TODAY
                         NORMAL    RECORD    YEAR
 MAXIMUM TEMPERATURE (F)   82        85      1981
 MINIMUM TEMPERATURE (F)   71        64      1997
                                             1973


SUNRISE AND SUNSET
MAY 27 2016...........SUNRISE   554 AM HST   SUNSET   715 PM HST
MAY 28 2016...........SUNRISE   554 AM HST   SUNSET   716 PM HST


-  INDICATES NEGATIVE NUMBERS.
R  INDICATES RECORD WAS SET OR TIED.
MM INDICATES DATA IS MISSING.
T  INDICATES TRACE AMOUNT.




$$
