000
CDHW41 PHFO 290236
CLILIH


CLIMATE REPORT
NATIONAL WEATHER SERVICE HONOLULU HI
436 PM HST TUE MAR 28 2017


...................................

...THE LIHUE HI CLIMATE SUMMARY FOR MARCH 28 2017...
VALID TODAY AS OF 0400 PM LOCAL TIME.

CLIMATE NORMAL PERIOD 1981 TO 2010
CLIMATE RECORD PERIOD 1946 TO 2017


WEATHER ITEM   OBSERVED TIME   RECORD YEAR NORMAL DEPARTURE LAST
                VALUE   (LST)  VALUE       VALUE  FROM      YEAR
                                                  NORMAL
..................................................................
TEMPERATURE (F)
 TODAY
  MAXIMUM         MM        MM  83    1981  79     MM       82
                                      1974
  MINIMUM         73    638 AM  58    1965  68      5       67
  AVERAGE         MM                        73     MM       75

PRECIPITATION (IN)
  TODAY            0.00          2.07 1975   0.16  -0.16     0.03
  MONTH TO DATE    4.11                      4.22  -0.11     2.62
  SINCE MAR 1      4.11                      4.22  -0.11     2.62
  SINCE JAN 1     10.59                     11.13  -0.54     3.79

SNOWFALL (IN)
  TODAY            0.0
  MONTH TO DATE    0.0
  SINCE MAR 1      0.0
  SINCE JUL 1      0.0
  SNOW DEPTH       0

DEGREE DAYS
 HEATING
  TODAY           MM                         0     MM        0
  MONTH TO DATE    0                         0      0        0
  SINCE MAR 1      0                         0      0        0
  SINCE JUL 1      0                         0      0        0

 COOLING
  TODAY           MM                         8     MM       10
  MONTH TO DATE  232                       212     20      214
  SINCE MAR 1    232                       212     20      214
  SINCE JAN 1    673                       607     66      669
..................................................................


WIND (MPH)
  HIGHEST WIND SPEED    15   HIGHEST WIND DIRECTION     E (80)
  HIGHEST GUST SPEED    18   HIGHEST GUST DIRECTION     E (80)
  AVERAGE WIND SPEED    12.3


SKY COVER
  POSSIBLE SUNSHINE  MM
  AVERAGE SKY COVER 0.3


WEATHER CONDITIONS
 THE FOLLOWING WEATHER WAS RECORDED TODAY.
  NO SIGNIFICANT WEATHER WAS OBSERVED.


RELATIVE HUMIDITY (PERCENT)
 HIGHEST    84          1200 AM
 LOWEST     62           300 PM
 AVERAGE    73

..........................................................


THE LIHUE HI CLIMATE NORMALS FOR TOMORROW
                         NORMAL    RECORD    YEAR
 MAXIMUM TEMPERATURE (F)   79        87      1963
 MINIMUM TEMPERATURE (F)   68        58      1979
                                             1975
                                             1965


SUNRISE AND SUNSET
MARCH 28 2017.........SUNRISE   634 AM HST   SUNSET   651 PM HST
MARCH 29 2017.........SUNRISE   633 AM HST   SUNSET   652 PM HST


-  INDICATES NEGATIVE NUMBERS.
R  INDICATES RECORD WAS SET OR TIED.
MM INDICATES DATA IS MISSING.
T  INDICATES TRACE AMOUNT.




$$
