000
CDHW41 PHFO 201245
CLILIH


CLIMATE REPORT
NATIONAL WEATHER SERVICE HONOLULU HI
245 AM HST MON FEB 20 2017


...................................

...THE LIHUE HI CLIMATE SUMMARY FOR FEBRUARY 19 2017...

CLIMATE NORMAL PERIOD 1981 TO 2010
CLIMATE RECORD PERIOD 1946 TO 2017


WEATHER ITEM   OBSERVED TIME   RECORD YEAR NORMAL DEPARTURE LAST
                VALUE   (LST)  VALUE       VALUE  FROM      YEAR
                                                  NORMAL
..................................................................
TEMPERATURE (F)
 YESTERDAY
  MAXIMUM         76   1123 AM  84    1973  78     -2       79
  MINIMUM         69   1121 PM  55    1996  66      3       68
                                      1957
  AVERAGE         73                        72      1       74

PRECIPITATION (IN)
  YESTERDAY        T             1.80 1960   0.11  -0.11     0.03
  MONTH TO DATE    4.49                      2.10   2.39     0.59
  SINCE DEC 1      5.86                     11.05  -5.19     2.33
  SINCE JAN 1      4.69                      5.85  -1.16     0.91

SNOWFALL (IN)
  YESTERDAY        0.0
  MONTH TO DATE    0.0
  SINCE DEC 1      0.0
  SINCE JUL 1      0.0
  SNOW DEPTH       0

DEGREE DAYS
 HEATING
  YESTERDAY        0                         0      0        0
  MONTH TO DATE    0                         0      0        0
  SINCE DEC 1      0                         0      0        0
  SINCE JUL 1      0                         0      0        0

 COOLING
  YESTERDAY        8                         7      1        9
  MONTH TO DATE  140                       133      7      150
  SINCE DEC 1    654                       596     58      748
  SINCE JAN 1    384                       342     42      392
..................................................................


WIND (MPH)
  HIGHEST WIND SPEED    28   HIGHEST WIND DIRECTION    NE (30)
  HIGHEST GUST SPEED    35   HIGHEST GUST DIRECTION     N (20)
  AVERAGE WIND SPEED    20.5


SKY COVER
  POSSIBLE SUNSHINE  MM
  AVERAGE SKY COVER 0.8


WEATHER CONDITIONS
 THE FOLLOWING WEATHER WAS RECORDED YESTERDAY.
  LIGHT RAIN


RELATIVE HUMIDITY (PERCENT)
 HIGHEST    70          1200 AM
 LOWEST     57          1100 AM
 AVERAGE    64

..........................................................


THE LIHUE HI CLIMATE NORMALS FOR TODAY
                         NORMAL    RECORD    YEAR
 MAXIMUM TEMPERATURE (F)   78        86      1986
 MINIMUM TEMPERATURE (F)   66        56      1962


SUNRISE AND SUNSET
FEBRUARY 20 2017......SUNRISE   705 AM HST   SUNSET   637 PM HST
FEBRUARY 21 2017......SUNRISE   704 AM HST   SUNSET   638 PM HST


-  INDICATES NEGATIVE NUMBERS.
R  INDICATES RECORD WAS SET OR TIED.
MM INDICATES DATA IS MISSING.
T  INDICATES TRACE AMOUNT.




$$
