911
CDHW41 PHFO 281245
CLILIH


CLIMATE REPORT
NATIONAL WEATHER SERVICE HONOLULU HI
245 AM HST THU JUL 28 2016


...................................

...THE LIHUE HI CLIMATE SUMMARY FOR JULY 27 2016...

CLIMATE NORMAL PERIOD 1981 TO 2010
CLIMATE RECORD PERIOD 1946 TO 2016


WEATHER ITEM   OBSERVED TIME   RECORD YEAR NORMAL DEPARTURE LAST
                VALUE   (LST)  VALUE       VALUE  FROM      YEAR
                                                  NORMAL
..................................................................
TEMPERATURE (F)
 YESTERDAY
  MAXIMUM         87    259 PM  88    1981  84      3       87
                                      1969
  MINIMUM         77    519 AM  67    1955  74      3       78
  AVERAGE         82                        79      3       83

PRECIPITATION (IN)
  YESTERDAY        T             0.27 1990   0.07  -0.07     0.00
  MONTH TO DATE    1.43                      1.59  -0.16     0.42
  SINCE JUN 1      2.51                      3.20  -0.69     1.40
  SINCE JAN 1      8.95                     19.04 -10.09     7.29

SNOWFALL (IN)
  YESTERDAY        0.0
  MONTH TO DATE    0.0
  SINCE JUN 1      0.0
  SINCE JUL 1      0.0
  SNOW DEPTH       0

DEGREE DAYS
 HEATING
  YESTERDAY        0                         0      0        0
  MONTH TO DATE    0                         0      0        0
  SINCE JUN 1      0                         0      0        0
  SINCE JUL 1      0                         0      0        0

 COOLING
  YESTERDAY       17                        14      3       18
  MONTH TO DATE  355                       378    -23      379
  SINCE JUN 1    700                       772    -72      788
  SINCE JAN 1   2102                      2011     91     2207
..................................................................


WIND (MPH)
  HIGHEST WIND SPEED    20   HIGHEST WIND DIRECTION    NE (40)
  HIGHEST GUST SPEED    24   HIGHEST GUST DIRECTION    NE (30)
  AVERAGE WIND SPEED    14.3


SKY COVER
  POSSIBLE SUNSHINE  MM
  AVERAGE SKY COVER 0.7


WEATHER CONDITIONS
 THE FOLLOWING WEATHER WAS RECORDED YESTERDAY.
  NO SIGNIFICANT WEATHER WAS OBSERVED.


RELATIVE HUMIDITY (PERCENT)
 HIGHEST    85          1200 AM
 LOWEST     55           200 PM
 AVERAGE    70

..........................................................


THE LIHUE HI CLIMATE NORMALS FOR TODAY
                         NORMAL    RECORD    YEAR
 MAXIMUM TEMPERATURE (F)   84        88      2015
                                             1982
 MINIMUM TEMPERATURE (F)   74        68      1965


SUNRISE AND SUNSET
JULY 28 2016..........SUNRISE   609 AM HST   SUNSET   719 PM HST
JULY 29 2016..........SUNRISE   609 AM HST   SUNSET   719 PM HST


-  INDICATES NEGATIVE NUMBERS.
R  INDICATES RECORD WAS SET OR TIED.
MM INDICATES DATA IS MISSING.
T  INDICATES TRACE AMOUNT.




$$
