000
CDUS44 KLZK 210634
CLILIT


CLIMATE REPORT
NATIONAL WEATHER SERVICE LITTLE ROCK AR
134 AM CDT SAT OCT 21 2017


...................................

...THE LITTLE ROCK ADAMS FIELD CLIMATE SUMMARY FOR OCTOBER 20 2017...

CLIMATE NORMAL PERIOD 1981 TO 2010
CLIMATE RECORD PERIOD 1874 TO 2017


WEATHER ITEM   OBSERVED TIME   RECORD YEAR NORMAL DEPARTURE LAST
                VALUE   (LST)  VALUE       VALUE  FROM      YEAR
                                                  NORMAL
..................................................................
TEMPERATURE (F)
 YESTERDAY
  MAXIMUM         75    113 PM  90    1963  74      1       71
  MINIMUM         50    633 AM  29    1989  51     -1       52
  AVERAGE         63                        62      1       62

PRECIPITATION (IN)
  YESTERDAY        0.00          1.83 1898   0.19  -0.19     0.30
  MONTH TO DATE    0.46                      3.07  -2.61     1.91
  SINCE SEP 1      0.91                      6.25  -5.34     3.22
  SINCE JAN 1     38.20                     37.66   0.54    49.17

SNOWFALL (IN)
  YESTERDAY        0.0          MM      MM   0.0    0.0      0.0
  MONTH TO DATE    0.0                       0.0    0.0      0.0
  SINCE SEP 1      0.0                       0.0    0.0      0.0
  SINCE JUL 1      0.0                       0.0    0.0      0.0
  SNOW DEPTH       0

DEGREE DAYS
 HEATING
  YESTERDAY        2                         5     -3        3
  MONTH TO DATE   28                        55    -27       14
  SINCE SEP 1     29                        66    -37       14
  SINCE JUL 1     29                        66    -37       14

 COOLING
  YESTERDAY        0                         2     -2        0
  MONTH TO DATE  118                        65     53      105
  SINCE SEP 1    422                       377     45      556
  SINCE JAN 1   1990                      2178   -188     2609
..................................................................


WIND (MPH)
  HIGHEST WIND SPEED    13   HIGHEST WIND DIRECTION     S (180)
  HIGHEST GUST SPEED    16   HIGHEST GUST DIRECTION     S (180)
  AVERAGE WIND SPEED     2.9


SKY COVER
  POSSIBLE SUNSHINE  MM
  AVERAGE SKY COVER 0.8


WEATHER CONDITIONS
 THE FOLLOWING WEATHER WAS RECORDED YESTERDAY.
  FOG


RELATIVE HUMIDITY (PERCENT)
 HIGHEST   100           100 AM
 LOWEST     64          1200 PM
 AVERAGE    82

..........................................................


THE LITTLE ROCK ADAMS FIELD CLIMATE NORMALS FOR TODAY
                         NORMAL    RECORD    YEAR
 MAXIMUM TEMPERATURE (F)   73        90      2003
 MINIMUM TEMPERATURE (F)   51        32      1952


SUNRISE AND SUNSET
OCTOBER 21 2017.......SUNRISE   720 AM CDT   SUNSET   627 PM CDT
OCTOBER 22 2017.......SUNRISE   721 AM CDT   SUNSET   625 PM CDT


-  INDICATES NEGATIVE NUMBERS.
R  INDICATES RECORD WAS SET OR TIED.
MM INDICATES DATA IS MISSING.
T  INDICATES TRACE AMOUNT.




$$
