000
CDUS44 KLZK 242159
CLILIT


CLIMATE REPORT
NATIONAL WEATHER SERVICE LITTLE ROCK AR
358 PM CST TUE JAN 24 2017


...................................

...THE LITTLE ROCK ADAMS FIELD CLIMATE SUMMARY FOR JANUARY 24 2017...
VALID TODAY AS OF 0300 PM LOCAL TIME.

CLIMATE NORMAL PERIOD 1981 TO 2010
CLIMATE RECORD PERIOD 1874 TO 2017


WEATHER ITEM   OBSERVED TIME   RECORD YEAR NORMAL DEPARTURE LAST
                VALUE   (LST)  VALUE       VALUE  FROM      YEAR
                                                  NORMAL
..................................................................
TEMPERATURE (F)
 TODAY
  MAXIMUM         66    245 PM  81    1950  51     15       45
  MINIMUM         34    724 AM   2    1963  31      3       25
  AVERAGE         50                        41      9       35

PRECIPITATION (IN)
  TODAY            0.00          3.01 1949   0.11  -0.11     0.00
  MONTH TO DATE    1.47                      2.77  -1.30     3.40
  SINCE DEC 1      5.86                      7.74  -1.88    11.78
  SINCE JAN 1      1.47                      2.77  -1.30     3.40

SNOWFALL (IN)
  TODAY            0.0           4.0  1899   0.0    0.0      0.0
  MONTH TO DATE    0.2                       1.2   -1.0      5.7
  SINCE DEC 1      0.2                       1.4   -1.2      5.7
  SINCE JUL 1      0.2                       1.4   -1.2      5.7
  SNOW DEPTH       0

DEGREE DAYS
 HEATING
  TODAY           15                        24     -9       30
  MONTH TO DATE  450                       576   -126      609
  SINCE DEC 1   1117                      1259   -142     1017
  SINCE JUL 1   1456                      1773   -317     1341

 COOLING
  TODAY            0                         0      0        0
  MONTH TO DATE    0                         0      0        0
  SINCE DEC 1      2                         2      0       11
  SINCE JAN 1      0                         0      0        0
..................................................................


WIND (MPH)
  HIGHEST WIND SPEED    16   HIGHEST WIND DIRECTION    SE (130)
  HIGHEST GUST SPEED    22   HIGHEST GUST DIRECTION    SE (140)
  AVERAGE WIND SPEED     5.3


SKY COVER
  POSSIBLE SUNSHINE  MM
  AVERAGE SKY COVER 0.2


WEATHER CONDITIONS
 THE FOLLOWING WEATHER WAS RECORDED TODAY.
  FOG
  FOG W/VISIBILITY <= 1/4 MILE


RELATIVE HUMIDITY (PERCENT)
 HIGHEST   100           100 AM
 LOWEST     52           100 PM
 AVERAGE    76

..........................................................


THE LITTLE ROCK ADAMS FIELD CLIMATE NORMALS FOR TOMORROW
                         NORMAL    RECORD    YEAR
 MAXIMUM TEMPERATURE (F)   51        83      1950
 MINIMUM TEMPERATURE (F)   31         1      1894


SUNRISE AND SUNSET
JANUARY 24 2017.......SUNRISE   712 AM CST   SUNSET   530 PM CST
JANUARY 25 2017.......SUNRISE   712 AM CST   SUNSET   531 PM CST


-  INDICATES NEGATIVE NUMBERS.
R  INDICATES RECORD WAS SET OR TIED.
MM INDICATES DATA IS MISSING.
T  INDICATES TRACE AMOUNT.




$$
