000
CDUS44 KLZK 240640
CLILIT


CLIMATE REPORT
NATIONAL WEATHER SERVICE LITTLE ROCK AR
139 AM CDT WED MAY 24 2017


...................................

...THE LITTLE ROCK ADAMS FIELD CLIMATE SUMMARY FOR MAY 23 2017...

CLIMATE NORMAL PERIOD 1981 TO 2010
CLIMATE RECORD PERIOD 1874 TO 2017


WEATHER ITEM   OBSERVED TIME   RECORD YEAR NORMAL DEPARTURE LAST
                VALUE   (LST)  VALUE       VALUE  FROM      YEAR
                                                  NORMAL
..................................................................
TEMPERATURE (F)
 YESTERDAY
  MAXIMUM         79    326 PM  94    1978  83     -4       83
  MINIMUM         60   1159 PM  42    1963  63     -3       57
  AVERAGE         70                        73     -3       70

PRECIPITATION (IN)
  YESTERDAY        0.03          5.11 1946   0.15  -0.12      T
  MONTH TO DATE    4.58                      3.78   0.80     2.08
  SINCE MAR 1     18.58                     13.60   4.98    22.14
  SINCE JAN 1     23.58                     20.81   2.77    27.83

SNOWFALL (IN)
  YESTERDAY        0.0          MM      MM   0.0    0.0      0.0
  MONTH TO DATE    0.0                       0.0    0.0      0.0
  SINCE MAR 1      0.0                       0.4   -0.4      0.0
  SINCE JUL 1      0.2                       3.5   -3.3      5.7
  SNOW DEPTH       0

DEGREE DAYS
 HEATING
  YESTERDAY        0                         0      0        0
  MONTH TO DATE   24                        18      6        8
  SINCE MAR 1    378                       537   -159      302
  SINCE JUL 1   2292                      3050   -758     2191

 COOLING
  YESTERDAY        5                         8     -3        5
  MONTH TO DATE   97                       132    -35       87
  SINCE MAR 1    192                       202    -10      176
  SINCE JAN 1    204                       204      0      182
..................................................................


WIND (MPH)
  HIGHEST WIND SPEED    22   HIGHEST WIND DIRECTION     N (350)
  HIGHEST GUST SPEED    28   HIGHEST GUST DIRECTION     N (340)
  AVERAGE WIND SPEED     8.1


SKY COVER
  POSSIBLE SUNSHINE  MM
  AVERAGE SKY COVER 0.9


WEATHER CONDITIONS
 THE FOLLOWING WEATHER WAS RECORDED YESTERDAY.
  LIGHT RAIN


RELATIVE HUMIDITY (PERCENT)
 HIGHEST   100          1200 AM
 LOWEST     43           400 PM
 AVERAGE    72

..........................................................


THE LITTLE ROCK ADAMS FIELD CLIMATE NORMALS FOR TODAY
                         NORMAL    RECORD    YEAR
 MAXIMUM TEMPERATURE (F)   83        95      1978
 MINIMUM TEMPERATURE (F)   64        48      1963


SUNRISE AND SUNSET
MAY 24 2017...........SUNRISE   600 AM CDT   SUNSET   812 PM CDT
MAY 25 2017...........SUNRISE   600 AM CDT   SUNSET   813 PM CDT


-  INDICATES NEGATIVE NUMBERS.
R  INDICATES RECORD WAS SET OR TIED.
MM INDICATES DATA IS MISSING.
T  INDICATES TRACE AMOUNT.




$$
