000
CDUS44 KLZK 250647
CLILIT


CLIMATE REPORT
NATIONAL WEATHER SERVICE LITTLE ROCK AR
147 AM CDT SUN JUN 25 2017


...................................

...THE LITTLE ROCK ADAMS FIELD CLIMATE SUMMARY FOR JUNE 24 2017...

CLIMATE NORMAL PERIOD 1981 TO 2010
CLIMATE RECORD PERIOD 1874 TO 2017


WEATHER ITEM   OBSERVED TIME   RECORD YEAR NORMAL DEPARTURE LAST
                VALUE   (LST)  VALUE       VALUE  FROM      YEAR
                                                  NORMAL
..................................................................
TEMPERATURE (F)
 YESTERDAY
  MAXIMUM         83    405 PM 101    2012  91     -8       97
  MINIMUM         68    504 AM  60    1974  71     -3       79
  AVERAGE         76                        81     -5       88

PRECIPITATION (IN)
  YESTERDAY        0.00          2.78 1976   0.12  -0.12     0.00
  MONTH TO DATE    3.10                      2.98   0.12     1.41
  SINCE JUN 1      3.10                      2.98   0.12     1.41
  SINCE JAN 1     28.92                     24.88   4.04    30.60

SNOWFALL (IN)
  YESTERDAY        0.0          MM      MM   0.0    0.0      0.0
  MONTH TO DATE    0.0                       0.0    0.0      0.0
  SINCE JUN 1      0.0                       0.0    0.0      0.0
  SINCE JUL 1      0.2                       3.5   -3.3      5.7
  SNOW DEPTH       0

DEGREE DAYS
 HEATING
  YESTERDAY        0                         0      0        0
  MONTH TO DATE    0                         0      0        0
  SINCE JUN 1      0                         0      0        0
  SINCE JUL 1   2294                      3052   -758     2191

 COOLING
  YESTERDAY       11                        16     -5       23
  MONTH TO DATE  280                       326    -46      421
  SINCE JUN 1    280                       326    -46      421
  SINCE JAN 1    546                       607    -61      695
..................................................................


WIND (MPH)
  HIGHEST WIND SPEED    14   HIGHEST WIND DIRECTION     N (20)
  HIGHEST GUST SPEED    23   HIGHEST GUST DIRECTION     N (20)
  AVERAGE WIND SPEED     7.7


SKY COVER
  POSSIBLE SUNSHINE  MM
  AVERAGE SKY COVER 0.9


WEATHER CONDITIONS
 THE FOLLOWING WEATHER WAS RECORDED YESTERDAY.
  NO SIGNIFICANT WEATHER WAS OBSERVED.


RELATIVE HUMIDITY (PERCENT)
 HIGHEST   100          1200 AM
 LOWEST     48           600 PM
 AVERAGE    74

..........................................................


THE LITTLE ROCK ADAMS FIELD CLIMATE NORMALS FOR TODAY
                         NORMAL    RECORD    YEAR
 MAXIMUM TEMPERATURE (F)   91       105      2012
 MINIMUM TEMPERATURE (F)   71        57      1974


SUNRISE AND SUNSET
JUNE 25 2017..........SUNRISE   557 AM CDT   SUNSET   826 PM CDT
JUNE 26 2017..........SUNRISE   558 AM CDT   SUNSET   826 PM CDT


-  INDICATES NEGATIVE NUMBERS.
R  INDICATES RECORD WAS SET OR TIED.
MM INDICATES DATA IS MISSING.
T  INDICATES TRACE AMOUNT.




$$
