000
CDUS44 KLZK 300908
CLILIT


CLIMATE REPORT
NATIONAL WEATHER SERVICE LITTLE ROCK AR
408 AM CDT MON MAR 30 2015


...................................

...THE LITTLE ROCK ADAMS FIELD CLIMATE SUMMARY FOR MARCH 29 2015...

CLIMATE NORMAL PERIOD 1981 TO 2010
CLIMATE RECORD PERIOD 1874 TO 2015


WEATHER ITEM   OBSERVED TIME   RECORD YEAR NORMAL DEPARTURE LAST
                VALUE   (LST)  VALUE       VALUE  FROM      YEAR
                                                  NORMAL
..................................................................
TEMPERATURE (F)
 YESTERDAY
  MAXIMUM         80    444 PM  85    1974  68     12       66
                                      1963
  MINIMUM         38    356 AM  26    1894  46     -8       45
  AVERAGE         59                        57      2       56

PRECIPITATION (IN)
  YESTERDAY        0.00          1.53 1989   0.16  -0.16      T
  MONTH TO DATE    8.08                      4.35   3.73     5.28
  SINCE MAR 1      8.08                      4.35   3.73     5.28
  SINCE JAN 1     14.89                     11.56   3.33    10.85

SNOWFALL (IN)
  YESTERDAY        0.0           0.8  1906   0.0    0.0      0.0
  MONTH TO DATE    5.7                       0.4    5.3      2.2
  SINCE MAR 1      5.7                       0.4    5.3      2.2
  SINCE JUL 1     11.1                       3.5    7.6      6.2
  SNOW DEPTH       0

DEGREE DAYS
 HEATING
  YESTERDAY        6                         9     -3        9
  MONTH TO DATE  398                       358     40      478
  SINCE MAR 1    398                       358     40      478
  SINCE JUL 1   3044                      2871    173     3251

 COOLING
  YESTERDAY        0                         1     -1        0
  MONTH TO DATE    8                         9     -1        0
  SINCE MAR 1      8                         9     -1        0
  SINCE JAN 1      8                        11     -3        0
..................................................................


WIND (MPH)
  HIGHEST WIND SPEED    17   HIGHEST WIND DIRECTION    SW (220)
  HIGHEST GUST SPEED    23   HIGHEST GUST DIRECTION    SW (220)
  AVERAGE WIND SPEED     7.1


SKY COVER
  POSSIBLE SUNSHINE  MM
  AVERAGE SKY COVER 0.5


WEATHER CONDITIONS
 THE FOLLOWING WEATHER WAS RECORDED YESTERDAY.
  NO SIGNIFICANT WEATHER WAS OBSERVED.


RELATIVE HUMIDITY (PERCENT)
 HIGHEST    82           400 AM
 LOWEST     32           400 PM
 AVERAGE    57

..........................................................


THE LITTLE ROCK ADAMS FIELD CLIMATE NORMALS FOR TODAY
                         NORMAL    RECORD    YEAR
 MAXIMUM TEMPERATURE (F)   69        86      1963
                                             1946
 MINIMUM TEMPERATURE (F)   46        24      1964


SUNRISE AND SUNSET
MARCH 30 2015.........SUNRISE   659 AM CDT   SUNSET   728 PM CDT
MARCH 31 2015.........SUNRISE   658 AM CDT   SUNSET   729 PM CDT


-  INDICATES NEGATIVE NUMBERS.
R  INDICATES RECORD WAS SET OR TIED.
MM INDICATES DATA IS MISSING.
T  INDICATES TRACE AMOUNT.




$$
