000
CDUS44 KLZK 210909
CLILIT


CLIMATE REPORT
NATIONAL WEATHER SERVICE LITTLE ROCK AR
409 AM CDT MON APR 21 2014


...................................

...THE LITTLE ROCK ADAMS FIELD CLIMATE SUMMARY FOR APRIL 20 2014...

CLIMATE NORMAL PERIOD 1981 TO 2010
CLIMATE RECORD PERIOD 1874 TO 2014


WEATHER ITEM   OBSERVED TIME   RECORD YEAR NORMAL DEPARTURE LAST
                VALUE   (LST)  VALUE       VALUE  FROM      YEAR
                                                  NORMAL
..................................................................
TEMPERATURE (F)
 YESTERDAY
  MAXIMUM         81    316 PM  95    1987  74      7       70
  MINIMUM         53    536 AM  34    1983  52      1       38
  AVERAGE         67                        63      4       54

PRECIPITATION (IN)
  YESTERDAY        0.00          8.08 1927   0.18  -0.18     0.00
  MONTH TO DATE    3.53                      3.34   0.19     3.03
  SINCE MAR 1      8.82                      8.02   0.80     7.60
  SINCE JAN 1     14.39                     15.23  -0.84    17.16

SNOWFALL (IN)
  YESTERDAY        0.0          MM      MM   0.0    0.0      0.0
  MONTH TO DATE    T                         0.0    0.0      0.0
  SINCE MAR 1      2.2                       0.4    1.8       T
  SINCE JUL 1      6.2                       3.5    2.7     10.6
  SNOW DEPTH       0

DEGREE DAYS
 HEATING
  YESTERDAY        0                         4     -4       11
  MONTH TO DATE  130                       118     12      146
  SINCE MAR 1    625                       493    132      639
  SINCE JUL 1   3398                      3006    392     2925

 COOLING
  YESTERDAY        2                         2      0        0
  MONTH TO DATE   30                        30      0       44
  SINCE MAR 1     30                        44    -14       47
  SINCE JAN 1     30                        46    -16       52
..................................................................


WIND (MPH)
  HIGHEST WIND SPEED    12   HIGHEST WIND DIRECTION     E (100)
  HIGHEST GUST SPEED    16   HIGHEST GUST DIRECTION    SE (150)
  AVERAGE WIND SPEED     4.0


SKY COVER
  POSSIBLE SUNSHINE  MM
  AVERAGE SKY COVER 0.6


WEATHER CONDITIONS
 THE FOLLOWING WEATHER WAS RECORDED YESTERDAY.
  NO SIGNIFICANT WEATHER WAS OBSERVED.


RELATIVE HUMIDITY (PERCENT)
 HIGHEST    93           400 AM
 LOWEST     36           200 PM
 AVERAGE    65

..........................................................


THE LITTLE ROCK ADAMS FIELD CLIMATE NORMALS FOR TODAY
                         NORMAL    RECORD    YEAR
 MAXIMUM TEMPERATURE (F)   75        89      1987
 MINIMUM TEMPERATURE (F)   53        39      1983
                                             1953
                                             1936


SUNRISE AND SUNSET
APRIL 21 2014.........SUNRISE   630 AM CDT   SUNSET   746 PM CDT
APRIL 22 2014.........SUNRISE   629 AM CDT   SUNSET   747 PM CDT


-  INDICATES NEGATIVE NUMBERS.
R  INDICATES RECORD WAS SET OR TIED.
MM INDICATES DATA IS MISSING.
T  INDICATES TRACE AMOUNT.




$$
