000
CDUS45 KPIH 292335
CLILLJ


CLIMATE REPORT
NATIONAL WEATHER SERVICE POCATELLO ID
532 PM MDT FRI MAY 29 2015


...................................

...THE CHALLIS ID CLIMATE SUMMARY FOR MAY 29 2015...
VALID TODAY AS OF 0500 PM LOCAL TIME.

CLIMATE NORMAL PERIOD 1981 TO 2010
CLIMATE RECORD PERIOD 1898 TO 2015


WEATHER ITEM   OBSERVED TIME   RECORD YEAR NORMAL DEPARTURE LAST
                VALUE   (LST)  VALUE       VALUE  FROM      YEAR
                                                  NORMAL
..................................................................
TEMPERATURE (F)
 TODAY
  MAXIMUM         75    341 PM  92    2003  70      5       70
  MINIMUM         40    539 AM  30    1914  42     -2       38
                                      1951
  AVERAGE         58                        56      2       54

PRECIPITATION (IN)
  TODAY            0.00          0.34 1921   0.06  -0.06     0.00
  MONTH TO DATE    0.94                      1.37  -0.43     0.11
  SINCE OCT 1      3.98                      5.96  -1.98     3.48
  SINCE JAN 1      2.19                      4.03  -1.84     2.75

SNOWFALL (IN)
  TODAY           MM
  MONTH TO DATE   MM
  SINCE MAR 1     MM
  SINCE JUL 1     MM
  SNOW DEPTH      MM

DEGREE DAYS
 HEATING
  TODAY            7                        10     -3       11
  MONTH TO DATE  331                       387    -56      319
  SINCE MAR 1   1655                      1929   -274     1807
  SINCE JUL 1   6793                      7978  -1185     7556

 COOLING
  TODAY            0                         0      0        0
  MONTH TO DATE    0                         0      0        0
  SINCE MAR 1      0                         0      0        0
  SINCE JAN 1      0                         0      0        0
..................................................................


WIND (MPH)
  HIGHEST WIND SPEED     9   HIGHEST WIND DIRECTION    NW (300)
  HIGHEST GUST SPEED    12   HIGHEST GUST DIRECTION    SE (140)
  AVERAGE WIND SPEED     2.0


SKY COVER
  POSSIBLE SUNSHINE  MM
  AVERAGE SKY COVER 0.1


WEATHER CONDITIONS
 THE FOLLOWING WEATHER WAS RECORDED TODAY.
  NO SIGNIFICANT WEATHER WAS OBSERVED.


RELATIVE HUMIDITY (PERCENT)
 HIGHEST    89           200 AM
 LOWEST     23           400 PM
 AVERAGE    56

..........................................................


THE CHALLIS ID CLIMATE NORMALS FOR TOMORROW
                         NORMAL    RECORD    YEAR
 MAXIMUM TEMPERATURE (F)   70        90      2003
 MINIMUM TEMPERATURE (F)   42        27      1898


SUNRISE AND SUNSET
MAY 29 2015...........SUNRISE   557 AM MDT   SUNSET   912 PM MDT
MAY 30 2015...........SUNRISE   556 AM MDT   SUNSET   913 PM MDT


-  INDICATES NEGATIVE NUMBERS.
R  INDICATES RECORD WAS SET OR TIED.
MM INDICATES DATA IS MISSING.
T  INDICATES TRACE AMOUNT.




$$
