000
CDUS45 KPIH 290741
CLILLJ


CLIMATE REPORT
NATIONAL WEATHER SERVICE POCATELLO ID
140 AM MDT SAT AUG 29 2015


...................................

...THE CHALLIS ID CLIMATE SUMMARY FOR AUGUST 28 2015...

CLIMATE NORMAL PERIOD 1981 TO 2010
CLIMATE RECORD PERIOD 1898 TO 2015


WEATHER ITEM   OBSERVED TIME   RECORD YEAR NORMAL DEPARTURE LAST
                VALUE   (LST)  VALUE       VALUE  FROM      YEAR
                                                  NORMAL
..................................................................
TEMPERATURE (F)
 YESTERDAY
  MAXIMUM         88    245 PM  94    2012  81      7       86
  MINIMUM         47    620 AM  30    1927  44      3       48
  AVERAGE         68                        63      5       67

PRECIPITATION (IN)
  YESTERDAY        0.00          0.38 1920   0.03  -0.03     0.00
  MONTH TO DATE    0.46                      0.71  -0.25     1.59
  SINCE OCT 1      5.74                      9.24  -3.50     5.44
  SINCE JAN 1      3.95                      7.31  -3.36     4.71

SNOWFALL (IN)
  YESTERDAY       MM
  MONTH TO DATE   MM
  SINCE JUN 1     MM
  SINCE JUL 1     MM
  SNOW DEPTH      MM

DEGREE DAYS
 HEATING
  YESTERDAY        0                         4     -4        0
  MONTH TO DATE   27                        40    -13       62
  SINCE JUN 1    107                       226   -119      229
  SINCE JUL 1     60                        61     -1       63

 COOLING
  YESTERDAY        3                         1      2        2
  MONTH TO DATE   96                        82     14       68
  SINCE JUN 1    295                       236     59      303
  SINCE JAN 1    298                       238     60      303
..................................................................


WIND (MPH)
  HIGHEST WIND SPEED    22   HIGHEST WIND DIRECTION     W (270)
  HIGHEST GUST SPEED    27   HIGHEST GUST DIRECTION     W (280)
  AVERAGE WIND SPEED     3.7


SKY COVER
  POSSIBLE SUNSHINE  MM
  AVERAGE SKY COVER 0.2


WEATHER CONDITIONS
 THE FOLLOWING WEATHER WAS RECORDED YESTERDAY.
  HAZE


RELATIVE HUMIDITY (PERCENT)
 HIGHEST    54           600 AM
 LOWEST     15           500 PM
 AVERAGE    35

..........................................................


THE CHALLIS ID CLIMATE NORMALS FOR TODAY
                         NORMAL    RECORD    YEAR
 MAXIMUM TEMPERATURE (F)   81        94      1948
 MINIMUM TEMPERATURE (F)   44        28      1927


SUNRISE AND SUNSET
AUGUST 29 2015........SUNRISE   656 AM MDT   SUNSET   819 PM MDT
AUGUST 30 2015........SUNRISE   657 AM MDT   SUNSET   817 PM MDT


-  INDICATES NEGATIVE NUMBERS.
R  INDICATES RECORD WAS SET OR TIED.
MM INDICATES DATA IS MISSING.
T  INDICATES TRACE AMOUNT.




$$
