000
CDUS45 KPIH 222327
CLILLJ


CLIMATE REPORT
NATIONAL WEATHER SERVICE POCATELLO ID
524 PM MDT SAT JUL 22 2017


...................................

...THE CHALLIS ID CLIMATE SUMMARY FOR JULY 22 2017...
VALID TODAY AS OF 0500 PM LOCAL TIME.

CLIMATE NORMAL PERIOD 1981 TO 2010
CLIMATE RECORD PERIOD 1898 TO 2017


WEATHER ITEM   OBSERVED TIME   RECORD YEAR NORMAL DEPARTURE LAST
                VALUE   (LST)  VALUE       VALUE  FROM      YEAR
                                                  NORMAL
..................................................................
TEMPERATURE (F)
 TODAY
  MAXIMUM         89    359 PM 101    2006  88      1       93
  MINIMUM         48    542 AM  38    1954  52     -4       55
  AVERAGE         69                        70     -1       74

PRECIPITATION (IN)
  TODAY            0.00          0.37 1925   0.03  -0.03     0.00
  MONTH TO DATE    0.14                      0.59  -0.45     0.01
  SINCE OCT 1      9.06                      8.29   0.77     5.63
  SINCE JAN 1      5.65                      6.36  -0.71     3.29

SNOWFALL (IN)
  TODAY           MM
  MONTH TO DATE   MM
  SINCE JUN 1     MM
  SINCE JUL 1     MM
  SNOW DEPTH      MM

DEGREE DAYS
 HEATING
  TODAY            0                         0      0        0
  MONTH TO DATE    0                        18    -18       28
  SINCE JUN 1    123                       183    -60      101
  SINCE JUL 1      0                        18    -18       28

 COOLING
  TODAY            4                         5     -1        9
  MONTH TO DATE  158                        85     73       66
  SINCE JUN 1    195                       107     88      131
  SINCE JAN 1    197                       109     88      131
..................................................................


WIND (MPH)
  HIGHEST WIND SPEED     8   HIGHEST WIND DIRECTION    NE (40)
  HIGHEST GUST SPEED    10   HIGHEST GUST DIRECTION     E (80)
  AVERAGE WIND SPEED     2.8


SKY COVER
  POSSIBLE SUNSHINE  MM
  AVERAGE SKY COVER 0.0


WEATHER CONDITIONS
 THE FOLLOWING WEATHER WAS RECORDED TODAY.
  NO SIGNIFICANT WEATHER WAS OBSERVED.


RELATIVE HUMIDITY (PERCENT)
 HIGHEST    56           600 AM
 LOWEST      9           400 PM
 AVERAGE    33

..........................................................


THE CHALLIS ID CLIMATE NORMALS FOR TOMORROW
                         NORMAL    RECORD    YEAR
 MAXIMUM TEMPERATURE (F)   88       101      1959
 MINIMUM TEMPERATURE (F)   52        40      1987


SUNRISE AND SUNSET
JULY 22 2017..........SUNRISE   613 AM MDT   SUNSET   913 PM MDT
JULY 23 2017..........SUNRISE   614 AM MDT   SUNSET   912 PM MDT


-  INDICATES NEGATIVE NUMBERS.
R  INDICATES RECORD WAS SET OR TIED.
MM INDICATES DATA IS MISSING.
T  INDICATES TRACE AMOUNT.




$$
