000
CDUS45 KPIH 242330
CLILLJ


CLIMATE REPORT
NATIONAL WEATHER SERVICE POCATELLO ID
525 PM MDT SUN SEP 24 2017


...................................

...THE CHALLIS ID CLIMATE SUMMARY FOR SEPTEMBER 24 2017...
VALID TODAY AS OF 0500 PM LOCAL TIME.

CLIMATE NORMAL PERIOD 1981 TO 2010
CLIMATE RECORD PERIOD 1898 TO 2017


WEATHER ITEM   OBSERVED TIME   RECORD YEAR NORMAL DEPARTURE LAST
                VALUE   (LST)  VALUE       VALUE  FROM      YEAR
                                                  NORMAL
..................................................................
TEMPERATURE (F)
 TODAY
  MAXIMUM         56    228 PM  90    1966  69    -13       64
  MINIMUM         30    703 AM  17    1926  36     -6       37
  AVERAGE         43                        53    -10       51

PRECIPITATION (IN)
  TODAY            0.00          0.71 1920   0.02  -0.02     0.00
  MONTH TO DATE    1.00                      0.63   0.37     0.39
  SINCE OCT 1     10.42                      9.95   0.47     6.21
  SINCE JAN 1      7.01                      8.02  -1.01     3.87

SNOWFALL (IN)
  TODAY           MM
  MONTH TO DATE   MM
  SINCE SEP 1     MM
  SINCE JUL 1     MM
  SNOW DEPTH      MM

DEGREE DAYS
 HEATING
  TODAY           22                        12     10       14
  MONTH TO DATE  209                       196     13      231
  SINCE SEP 1    209                       196     13      231
  SINCE JUL 1    213                       269    -56      293

 COOLING
  TODAY            0                         0      0        0
  MONTH TO DATE   37                         4     33        4
  SINCE SEP 1     37                         4     33        4
  SINCE JAN 1    378                       246    132      277
..................................................................


WIND (MPH)
  HIGHEST WIND SPEED    16   HIGHEST WIND DIRECTION     N (20)
  HIGHEST GUST SPEED    21   HIGHEST GUST DIRECTION     N (20)
  AVERAGE WIND SPEED     5.5


SKY COVER
  POSSIBLE SUNSHINE  MM
  AVERAGE SKY COVER 0.4


WEATHER CONDITIONS
 THE FOLLOWING WEATHER WAS RECORDED TODAY.
  NO SIGNIFICANT WEATHER WAS OBSERVED.


RELATIVE HUMIDITY (PERCENT)
 HIGHEST    92           600 AM
 LOWEST     35           200 PM
 AVERAGE    64

..........................................................


THE CHALLIS ID CLIMATE NORMALS FOR TOMORROW
                         NORMAL    RECORD    YEAR
 MAXIMUM TEMPERATURE (F)   69        88      2015
 MINIMUM TEMPERATURE (F)   36        19      1926


SUNRISE AND SUNSET
SEPTEMBER 24 2017.....SUNRISE   727 AM MDT   SUNSET   730 PM MDT
SEPTEMBER 25 2017.....SUNRISE   728 AM MDT   SUNSET   728 PM MDT


-  INDICATES NEGATIVE NUMBERS.
R  INDICATES RECORD WAS SET OR TIED.
MM INDICATES DATA IS MISSING.
T  INDICATES TRACE AMOUNT.




$$
