000
CDUS45 KPIH 070736
CLILLJ


CLIMATE REPORT
NATIONAL WEATHER SERVICE POCATELLO ID
1235 AM MST SUN FEB 7 2016


...................................

...THE CHALLIS ID CLIMATE SUMMARY FOR FEBRUARY 6 2016...

CLIMATE NORMAL PERIOD 1981 TO 2010
CLIMATE RECORD PERIOD 1898 TO 2016


WEATHER ITEM   OBSERVED TIME   RECORD YEAR NORMAL DEPARTURE LAST
                VALUE   (LST)  VALUE       VALUE  FROM      YEAR
                                                  NORMAL
..................................................................
TEMPERATURE (F)
 YESTERDAY
  MAXIMUM         39    246 PM  61    2015  33      6       61
  MINIMUM          9    321 AM -22    1914  12     -3       30
  AVERAGE         24                        22      2       46

PRECIPITATION (IN)
  YESTERDAY        0.00          0.22 1918   0.02  -0.02     0.01
  MONTH TO DATE    T                         0.14  -0.14     0.12
  SINCE OCT 1      2.90                      2.58   0.32     2.03
  SINCE JAN 1      0.56                      0.65  -0.09     0.24

SNOWFALL (IN)
  YESTERDAY       MM
  MONTH TO DATE   MM
  SINCE DEC 1     MM
  SINCE JUL 1     MM
  SNOW DEPTH      MM

DEGREE DAYS
 HEATING
  YESTERDAY       41                        43     -2       19
  MONTH TO DATE  315                       261     54      183
  SINCE DEC 1   3287                      3140    147     2654
  SINCE JUL 1   5153                      5183    -30     4488

 COOLING
  YESTERDAY        0                         0      0        0
  MONTH TO DATE    0                         0      0        0
  SINCE DEC 1      0                         0      0        0
  SINCE JAN 1      0                         0      0        0
..................................................................


WIND (MPH)
  HIGHEST WIND SPEED    10   HIGHEST WIND DIRECTION     S (200)
  HIGHEST GUST SPEED    11   HIGHEST GUST DIRECTION    NW (330)
  AVERAGE WIND SPEED     3.1


SKY COVER
  POSSIBLE SUNSHINE  MM
  AVERAGE SKY COVER 0.3


WEATHER CONDITIONS
 THE FOLLOWING WEATHER WAS RECORDED YESTERDAY.
  NO SIGNIFICANT WEATHER WAS OBSERVED.


RELATIVE HUMIDITY (PERCENT)
 HIGHEST    92           400 AM
 LOWEST     58           200 PM
 AVERAGE    75

..........................................................


THE CHALLIS ID CLIMATE NORMALS FOR TODAY
                         NORMAL    RECORD    YEAR
 MAXIMUM TEMPERATURE (F)   33        53      1996
 MINIMUM TEMPERATURE (F)   12       -24      1933


SUNRISE AND SUNSET
FEBRUARY  7 2016......SUNRISE   749 AM MST   SUNSET   554 PM MST
FEBRUARY  8 2016......SUNRISE   747 AM MST   SUNSET   555 PM MST


-  INDICATES NEGATIVE NUMBERS.
R  INDICATES RECORD WAS SET OR TIED.
MM INDICATES DATA IS MISSING.
T  INDICATES TRACE AMOUNT.




$$
