000
CDUS45 KPIH 190738
CLILLJ


CLIMATE REPORT
NATIONAL WEATHER SERVICE POCATELLO ID
1234 AM MST SUN NOV 19 2017


...................................

...THE CHALLIS ID CLIMATE SUMMARY FOR NOVEMBER 18 2017...

CLIMATE NORMAL PERIOD 1981 TO 2010
CLIMATE RECORD PERIOD 1898 TO 2017


WEATHER ITEM   OBSERVED TIME   RECORD YEAR NORMAL DEPARTURE LAST
                VALUE   (LST)  VALUE       VALUE  FROM      YEAR
                                                  NORMAL
..................................................................
TEMPERATURE (F)
 YESTERDAY
  MAXIMUM         38    358 PM  59    1976  38      0       33
  MINIMUM         17    642 AM  -7    2014  19     -2       13
  AVERAGE         28                        29     -1       23

PRECIPITATION (IN)
  YESTERDAY        0.00          0.21 1985   0.01  -0.01     0.00
  MONTH TO DATE    0.35                      0.32   0.03     0.08
  SINCE OCT 1      0.63                      0.99  -0.36     1.96
  SINCE JAN 1      7.71                      9.12  -1.41     5.94

SNOWFALL (IN)
  YESTERDAY       MM
  MONTH TO DATE   MM
  SINCE SEP 1     MM
  SINCE JUL 1     MM
  SNOW DEPTH      MM

DEGREE DAYS
 HEATING
  YESTERDAY       37                        36      1       42
  MONTH TO DATE  523                       570    -47      458
  SINCE SEP 1   1550                      1491     59     1321
  SINCE JUL 1   1554                      1564    -10     1383

 COOLING
  YESTERDAY        0                         0      0        0
  MONTH TO DATE    0                         0      0        0
  SINCE SEP 1     37                         6     31        4
  SINCE JAN 1    378                       248    130      277
..................................................................


WIND (MPH)
  HIGHEST WIND SPEED     8   HIGHEST WIND DIRECTION    SE (140)
  HIGHEST GUST SPEED     9   HIGHEST GUST DIRECTION    SE (140)
  AVERAGE WIND SPEED     1.7


SKY COVER
  POSSIBLE SUNSHINE  MM
  AVERAGE SKY COVER 0.0


WEATHER CONDITIONS
 THE FOLLOWING WEATHER WAS RECORDED YESTERDAY.
  NO SIGNIFICANT WEATHER WAS OBSERVED.


RELATIVE HUMIDITY (PERCENT)
 HIGHEST    77          1000 PM
 LOWEST     37           300 PM
 AVERAGE    57

..........................................................


THE CHALLIS ID CLIMATE NORMALS FOR TODAY
                         NORMAL    RECORD    YEAR
 MAXIMUM TEMPERATURE (F)   38        60      2003
 MINIMUM TEMPERATURE (F)   19         0      2000
                                             1985


SUNRISE AND SUNSET
NOVEMBER 19 2017......SUNRISE   739 AM MST   SUNSET   505 PM MST
NOVEMBER 20 2017......SUNRISE   740 AM MST   SUNSET   505 PM MST


-  INDICATES NEGATIVE NUMBERS.
R  INDICATES RECORD WAS SET OR TIED.
MM INDICATES DATA IS MISSING.
T  INDICATES TRACE AMOUNT.




$$
