000
CDUS45 KPIH 250735
CLILLJ


CLIMATE REPORT
NATIONAL WEATHER SERVICE POCATELLO ID
133 AM MDT THU MAY 25 2017


...................................

...THE CHALLIS ID CLIMATE SUMMARY FOR MAY 24 2017...

CLIMATE NORMAL PERIOD 1981 TO 2010
CLIMATE RECORD PERIOD 1898 TO 2017


WEATHER ITEM   OBSERVED TIME   RECORD YEAR NORMAL DEPARTURE LAST
                VALUE   (LST)  VALUE       VALUE  FROM      YEAR
                                                  NORMAL
..................................................................
TEMPERATURE (F)
 YESTERDAY
  MAXIMUM         70   1236 PM  87    2001  69      1       62
                                      1969
  MINIMUM         46   1159 PM  28    1944  40      6       31
  AVERAGE         58                        54      4       47

PRECIPITATION (IN)
  YESTERDAY        0.00          1.00 1962   0.06  -0.06     0.02
  MONTH TO DATE    1.14                      1.08   0.06     1.24
  SINCE OCT 1      7.80                      5.67   2.13     5.35
  SINCE JAN 1      4.39                      3.74   0.65     3.01

SNOWFALL (IN)
  YESTERDAY       MM
  MONTH TO DATE   MM
  SINCE MAR 1     MM
  SINCE JUL 1     MM
  SNOW DEPTH      MM

DEGREE DAYS
 HEATING
  YESTERDAY        7                        11     -4       18
  MONTH TO DATE  299                       336    -37      295
  SINCE MAR 1   1731                      1878   -147     1617
  SINCE JUL 1   8176                      7927    249     7552

 COOLING
  YESTERDAY        0                         0      0        0
  MONTH TO DATE    0                         0      0        0
  SINCE MAR 1      0                         0      0        0
  SINCE JAN 1      0                         0      0        0
..................................................................


WIND (MPH)
  HIGHEST WIND SPEED    26   HIGHEST WIND DIRECTION     W (280)
  HIGHEST GUST SPEED    36   HIGHEST GUST DIRECTION    SW (240)
  AVERAGE WIND SPEED    12.2


SKY COVER
  POSSIBLE SUNSHINE  MM
  AVERAGE SKY COVER 0.2


WEATHER CONDITIONS
 THE FOLLOWING WEATHER WAS RECORDED YESTERDAY.
  NO SIGNIFICANT WEATHER WAS OBSERVED.


RELATIVE HUMIDITY (PERCENT)
 HIGHEST    66           400 AM
 LOWEST      8          1200 PM
 AVERAGE    37

..........................................................


THE CHALLIS ID CLIMATE NORMALS FOR TODAY
                         NORMAL    RECORD    YEAR
 MAXIMUM TEMPERATURE (F)   69        89      1993
                                             1966
 MINIMUM TEMPERATURE (F)   41        26      1953


SUNRISE AND SUNSET
MAY 25 2017...........SUNRISE   600 AM MDT   SUNSET   909 PM MDT
MAY 26 2017...........SUNRISE   559 AM MDT   SUNSET   910 PM MDT


-  INDICATES NEGATIVE NUMBERS.
R  INDICATES RECORD WAS SET OR TIED.
MM INDICATES DATA IS MISSING.
T  INDICATES TRACE AMOUNT.




$$
