000
CDUS46 KMFR 220919
CLILMT


CLIMATE REPORT
NATIONAL WEATHER SERVICE MEDFORD, OR
119 AM PST THU FEB 22 2018


...................................

...THE KLAMATH FALLS OR CLIMATE SUMMARY FOR FEBRUARY 21 2018...

CLIMATE NORMAL PERIOD 1981 TO 2010
CLIMATE RECORD PERIOD 1928 TO 2018


WEATHER ITEM   OBSERVED TIME   RECORD YEAR NORMAL DEPARTURE LAST
                VALUE   (LST)  VALUE       VALUE  FROM      YEAR
                                                  NORMAL
..................................................................
TEMPERATURE (F)
 YESTERDAY
  MAXIMUM         37    146 PM  67    1995  46     -9       44
  MINIMUM         19    328 AM   4    1952  25     -6       31
  AVERAGE         28                        36     -8       38

PRECIPITATION (IN)
  YESTERDAY        0.00          0.97 1982   0.07  -0.07     0.03
  MONTH TO DATE    0.09                      1.45  -1.36     1.79
  SINCE OCT 1      3.00                      7.99  -4.99     7.89
  SINCE JAN 1      0.75                      3.30  -2.55     3.14

SNOWFALL (IN)
  YESTERDAY       MM                        MM     MM       MM
  MONTH TO DATE   MM                        MM     MM       MM
  SINCE JUL 1     MM                        MM     MM       MM
  SNOW DEPTH      MM

DEGREE DAYS
 HEATING
  YESTERDAY       37                        29      8       27
  MONTH TO DATE  643                       659    -16      543
  SINCE DEC 1   2577                      2837   -260     2923
  SINCE JUL 1   4163                      4639   -476     4583

 COOLING
  YESTERDAY        0                         0      0        0
  MONTH TO DATE    0                         0      0        0
  SINCE DEC 1      0                         0      0        0
  SINCE JAN 1      0                         0      0        0
..................................................................


WIND (MPH)
  HIGHEST WIND SPEED    21   HIGHEST WIND DIRECTION     W (290)
  HIGHEST GUST SPEED    26   HIGHEST GUST DIRECTION     W (290)
  AVERAGE WIND SPEED     8.4


SKY COVER
  POSSIBLE SUNSHINE  MM
  AVERAGE SKY COVER 0.8


WEATHER CONDITIONS
 THE FOLLOWING WEATHER WAS RECORDED YESTERDAY.
  NO SIGNIFICANT WEATHER WAS OBSERVED.


RELATIVE HUMIDITY (PERCENT)
 HIGHEST    77           400 AM
 LOWEST     51           500 PM

..........................................................


THE KLAMATH FALLS OR CLIMATE NORMALS FOR TODAY
                         NORMAL    RECORD    YEAR
 MAXIMUM TEMPERATURE (F)   47        67      1995
 MINIMUM TEMPERATURE (F)   25        13      2007


SUNRISE AND SUNSET
FEBRUARY 22 2018......SUNRISE   653 AM PST   SUNSET   549 PM PST
FEBRUARY 23 2018......SUNRISE   651 AM PST   SUNSET   550 PM PST


-  INDICATES NEGATIVE NUMBERS.
R  INDICATES RECORD WAS SET OR TIED.
MM INDICATES DATA IS MISSING.
T  INDICATES TRACE AMOUNT.




$$
