000
CDUS46 KMFR 300841
CLILMT


CLIMATE REPORT
NATIONAL WEATHER SERVICE MEDFORD, OR
141 AM PDT THU OCT 30 2014


...................................

...THE KLAMATH FALLS OR CLIMATE SUMMARY FOR OCTOBER 29 2014...

CLIMATE NORMAL PERIOD 1981 TO 2010
CLIMATE RECORD PERIOD 1928 TO 2014


WEATHER ITEM   OBSERVED TIME   RECORD YEAR NORMAL DEPARTURE LAST
                VALUE   (LST)  VALUE       VALUE  FROM      YEAR
                                                  NORMAL
..................................................................
TEMPERATURE (F)
 YESTERDAY
  MAXIMUM         61    354 PM  72    1995  55      6       49
  MINIMUM         38    510 AM  11    1971  29      9       20
  AVERAGE         50                        42      8       35

PRECIPITATION (IN)
  YESTERDAY        0.01          0.98 1933   0.06  -0.05     0.00
  MONTH TO DATE    1.71                      0.91   0.80     0.01
  SINCE SEP 1      2.66                      1.44   1.22     0.12
  SINCE JAN 1     10.17                     11.18  -1.01     4.91

SNOWFALL (IN)
  YESTERDAY       MM                        MM     MM       MM
  MONTH TO DATE   MM                        MM     MM       MM
  SINCE JUL 1     MM                        MM     MM       MM
  SNOW DEPTH      MM

DEGREE DAYS
 HEATING
  YESTERDAY       15                        23     -8       30
  MONTH TO DATE  408                       513   -105      592
  SINCE SEP 1    536                       750   -214      848
  SINCE JUL 1    584                       869   -285      916

 COOLING
  YESTERDAY        0                         0      0        0
  MONTH TO DATE    0                         0      0        0
  SINCE SEP 1      6                        10     -4       17
  SINCE JAN 1    327                       169    158      285
..................................................................


WIND (MPH)
  HIGHEST WIND SPEED     8   HIGHEST WIND DIRECTION     E (90)
  HIGHEST GUST SPEED    10   HIGHEST GUST DIRECTION    NW (310)
  AVERAGE WIND SPEED     1.2


SKY COVER
  POSSIBLE SUNSHINE  MM
  AVERAGE SKY COVER 0.6


WEATHER CONDITIONS
 THE FOLLOWING WEATHER WAS RECORDED YESTERDAY.
  FOG


RELATIVE HUMIDITY (PERCENT)
 HIGHEST    96
 LOWEST     51           400 PM

..........................................................


THE KLAMATH FALLS OR CLIMATE NORMALS FOR TODAY
                         NORMAL    RECORD    YEAR
 MAXIMUM TEMPERATURE (F)   55        70      1966
 MINIMUM TEMPERATURE (F)   28        15      2002
                                             1994


SUNRISE AND SUNSET
OCTOBER 30 2014.......SUNRISE   738 AM PDT   SUNSET   603 PM PDT
OCTOBER 31 2014.......SUNRISE   739 AM PDT   SUNSET   602 PM PDT


-  INDICATES NEGATIVE NUMBERS.
R  INDICATES RECORD WAS SET OR TIED.
MM INDICATES DATA IS MISSING.
T  INDICATES TRACE AMOUNT.




$$
