000
CDUS46 KMFR 120846
CLILMT


CLIMATE REPORT
NATIONAL WEATHER SERVICE MEDFORD, OR
1246 AM PST TUE DEC 12 2017


...................................

...THE KLAMATH FALLS OR CLIMATE SUMMARY FOR DECEMBER 11 2017...

CLIMATE NORMAL PERIOD 1981 TO 2010
CLIMATE RECORD PERIOD 1928 TO 2017


WEATHER ITEM   OBSERVED TIME   RECORD YEAR NORMAL DEPARTURE LAST
                VALUE   (LST)  VALUE       VALUE  FROM      YEAR
                                                  NORMAL
..................................................................
TEMPERATURE (F)
 YESTERDAY
  MAXIMUM         45    300 PM  62    1958  38      7       39
  MINIMUM         17    750 AM -16    1972  21     -4       21
  AVERAGE         31                        30      1       30

PRECIPITATION (IN)
  YESTERDAY        0.00          1.05 1937   0.05  -0.05     0.00
  MONTH TO DATE    0.21                      0.51  -0.30     0.57
  SINCE OCT 1      2.13                      3.75  -1.62     3.81
  SINCE JAN 1      9.99                     14.02  -4.03    11.04

SNOWFALL (IN)
  YESTERDAY       MM                        MM     MM       MM
  MONTH TO DATE   MM                        MM     MM       MM
  SINCE JUL 1     MM                        MM     MM       MM
  SNOW DEPTH      MM

DEGREE DAYS
 HEATING
  YESTERDAY       34                        35     -1       35
  MONTH TO DATE  396                       382     14      372
  SINCE DEC 1    396                       382     14      372
  SINCE JUL 1   1982                      2184   -202     2032

 COOLING
  YESTERDAY        0                         0      0        0
  MONTH TO DATE    0                         0      0        0
  SINCE DEC 1      0                         0      0        0
  SINCE JAN 1    420                       169    251      215
..................................................................


WIND (MPH)
  HIGHEST WIND SPEED    13   HIGHEST WIND DIRECTION     N (340)
  HIGHEST GUST SPEED    14   HIGHEST GUST DIRECTION     N (340)
  AVERAGE WIND SPEED     3.7


SKY COVER
  POSSIBLE SUNSHINE  MM
  AVERAGE SKY COVER 0.1


WEATHER CONDITIONS
 THE FOLLOWING WEATHER WAS RECORDED YESTERDAY.
  NO SIGNIFICANT WEATHER WAS OBSERVED.


RELATIVE HUMIDITY (PERCENT)
 HIGHEST    88           600 AM
 LOWEST     37           200 PM

..........................................................


THE KLAMATH FALLS OR CLIMATE NORMALS FOR TODAY
                         NORMAL    RECORD    YEAR
 MAXIMUM TEMPERATURE (F)   38        55      2010
 MINIMUM TEMPERATURE (F)   21        -1      2013


SUNRISE AND SUNSET
DECEMBER 12 2017......SUNRISE   726 AM PST   SUNSET   435 PM PST
DECEMBER 13 2017......SUNRISE   727 AM PST   SUNSET   435 PM PST


-  INDICATES NEGATIVE NUMBERS.
R  INDICATES RECORD WAS SET OR TIED.
MM INDICATES DATA IS MISSING.
T  INDICATES TRACE AMOUNT.




$$
