000
CDUS46 KMFR 070843
CLILMT


CLIMATE REPORT
NATIONAL WEATHER SERVICE MEDFORD, OR
1243 AM PST SUN FEB 7 2016


...................................

...THE KLAMATH FALLS OR CLIMATE SUMMARY FOR FEBRUARY 6 2016...

CLIMATE NORMAL PERIOD 1981 TO 2010
CLIMATE RECORD PERIOD 1928 TO 2016


WEATHER ITEM   OBSERVED TIME   RECORD YEAR NORMAL DEPARTURE LAST
                VALUE   (LST)  VALUE       VALUE  FROM      YEAR
                                                  NORMAL
..................................................................
TEMPERATURE (F)
 YESTERDAY
  MAXIMUM         54    305 PM  58    1963  43     11       50
  MINIMUM         29    716 AM -11    1989  23      6       40
  AVERAGE         42                        33      9       45

PRECIPITATION (IN)
  YESTERDAY        T             0.49 2015   0.07  -0.07     0.49
  MONTH TO DATE    T                         0.37  -0.37     1.53
  SINCE OCT 1      6.79                      6.91  -0.12     8.39
  SINCE JAN 1      2.26                      2.22   0.04     1.93

SNOWFALL (IN)
  YESTERDAY       MM                        MM     MM       MM
  MONTH TO DATE   MM                        MM     MM       MM
  SINCE JUL 1     MM                        MM     MM       MM
  SNOW DEPTH      MM

DEGREE DAYS
 HEATING
  YESTERDAY       23                        32     -9       20
  MONTH TO DATE  187                       197    -10      127
  SINCE DEC 1   2350                      2375    -25     1639
  SINCE JUL 1   3938                      4177   -239     3029

 COOLING
  YESTERDAY        0                         0      0        0
  MONTH TO DATE    0                         0      0        0
  SINCE DEC 1      0                         0      0        0
  SINCE JAN 1      0                         0      0        0
..................................................................


WIND (MPH)
  HIGHEST WIND SPEED     9   HIGHEST WIND DIRECTION     S (160)
  HIGHEST GUST SPEED    11   HIGHEST GUST DIRECTION     S (170)
  AVERAGE WIND SPEED     2.0


SKY COVER
  POSSIBLE SUNSHINE  MM
  AVERAGE SKY COVER 0.6


WEATHER CONDITIONS
 THE FOLLOWING WEATHER WAS RECORDED YESTERDAY.
  LIGHT RAIN


RELATIVE HUMIDITY (PERCENT)
 HIGHEST    96          1000 PM
 LOWEST     50           300 PM

..........................................................


THE KLAMATH FALLS OR CLIMATE NORMALS FOR TODAY
                         NORMAL    RECORD    YEAR
 MAXIMUM TEMPERATURE (F)   43        56      1991
 MINIMUM TEMPERATURE (F)   23        -9      1989


SUNRISE AND SUNSET
FEBRUARY  7 2016......SUNRISE   714 AM PST   SUNSET   529 PM PST
FEBRUARY  8 2016......SUNRISE   713 AM PST   SUNSET   530 PM PST


-  INDICATES NEGATIVE NUMBERS.
R  INDICATES RECORD WAS SET OR TIED.
MM INDICATES DATA IS MISSING.
T  INDICATES TRACE AMOUNT.




$$
