000
CDUS46 KMFR 300933
CLILMT


CLIMATE REPORT
NATIONAL WEATHER SERVICE MEDFORD, OR
233 AM PDT THU MAR 30 2017


...................................

...THE KLAMATH FALLS OR CLIMATE SUMMARY FOR MARCH 29 2017...

CLIMATE NORMAL PERIOD 1981 TO 2010
CLIMATE RECORD PERIOD 1928 TO 2017


WEATHER ITEM   OBSERVED TIME   RECORD YEAR NORMAL DEPARTURE LAST
                VALUE   (LST)  VALUE       VALUE  FROM      YEAR
                                                  NORMAL
..................................................................
TEMPERATURE (F)
 YESTERDAY
  MAXIMUM         56   1141 AM  74    1966  53      3       53
  MINIMUM         37    324 AM  14    2008  27     10       31
  AVERAGE         47                        40      7       42

PRECIPITATION (IN)
  YESTERDAY        0.21          0.52 1974   0.05   0.16     0.00
  MONTH TO DATE    1.79                      1.18   0.61     1.84
  SINCE OCT 1      9.76                      9.64   0.12     8.90
  SINCE JAN 1      5.01                      4.95   0.06     4.37

SNOWFALL (IN)
  YESTERDAY       MM                        MM     MM       MM
  MONTH TO DATE   MM                        MM     MM       MM
  SINCE JUL 1     MM                        MM     MM       MM
  SNOW DEPTH      MM

DEGREE DAYS
 HEATING
  YESTERDAY       18                        25     -7       23
  MONTH TO DATE  659                       772   -113      691
  SINCE MAR 1    659                       772   -113      691
  SINCE JUL 1   5497                      5613   -116     5181

 COOLING
  YESTERDAY        0                         0      0        0
  MONTH TO DATE    0                         0      0        0
  SINCE MAR 1      0                         0      0        0
  SINCE JAN 1      0                         0      0        0
..................................................................


WIND (MPH)
  HIGHEST WIND SPEED    18   HIGHEST WIND DIRECTION     W (270)
  HIGHEST GUST SPEED    26   HIGHEST GUST DIRECTION     W (250)
  AVERAGE WIND SPEED     8.0


SKY COVER
  POSSIBLE SUNSHINE  MM
  AVERAGE SKY COVER 0.6


WEATHER CONDITIONS
 THE FOLLOWING WEATHER WAS RECORDED YESTERDAY.
  RAIN
  LIGHT RAIN
  FOG


RELATIVE HUMIDITY (PERCENT)
 HIGHEST   100           700 PM
 LOWEST     63          1000 AM

..........................................................


THE KLAMATH FALLS OR CLIMATE NORMALS FOR TODAY
                         NORMAL    RECORD    YEAR
 MAXIMUM TEMPERATURE (F)   53        73      2013
 MINIMUM TEMPERATURE (F)   27        16      2009


SUNRISE AND SUNSET
MARCH 30 2017.........SUNRISE   652 AM PDT   SUNSET   731 PM PDT
MARCH 31 2017.........SUNRISE   651 AM PDT   SUNSET   732 PM PDT


-  INDICATES NEGATIVE NUMBERS.
R  INDICATES RECORD WAS SET OR TIED.
MM INDICATES DATA IS MISSING.
T  INDICATES TRACE AMOUNT.




$$
