000
CDUS46 KMFR 230036
CLILMT


CLIMATE REPORT
NATIONAL WEATHER SERVICE MEDFORD, OR
535 PM PDT FRI SEP 22 2017


...................................

...THE KLAMATH FALLS OR CLIMATE SUMMARY FOR SEPTEMBER 22 2017...
VALID TODAY AS OF 0500 PM LOCAL TIME.

CLIMATE NORMAL PERIOD 1981 TO 2010
CLIMATE RECORD PERIOD 1928 TO 2017


WEATHER ITEM   OBSERVED TIME   RECORD YEAR NORMAL DEPARTURE LAST
                VALUE   (LST)  VALUE       VALUE  FROM      YEAR
                                                  NORMAL
..................................................................
TEMPERATURE (F)
 TODAY
  MAXIMUM         56    224 PM  90    1987  74    -18       58
  MINIMUM         25R   535 AM  26    1968  37    -12       34
  AVERAGE         41                        56    -15       46

PRECIPITATION (IN)
  TODAY            0.00          0.42 1958   0.02  -0.02     0.12
  MONTH TO DATE    0.09                      0.42  -0.33     0.12
  SINCE OCT 1     12.61                     14.85  -2.24    11.76
  SINCE JAN 1      7.86                     10.16  -2.30     7.23

SNOWFALL (IN)
  TODAY           MM                        MM     MM       MM
  MONTH TO DATE   MM                        MM     MM       MM
  SINCE JUL 1     MM                        MM     MM       MM
  SNOW DEPTH      MM

DEGREE DAYS
 HEATING
  TODAY           24                        10     14       19
  MONTH TO DATE  136                       149    -13      202
  SINCE SEP 1    136                       149    -13      202
  SINCE JUL 1    140                       268   -128      309

 COOLING
  TODAY            0                         0      0        0
  MONTH TO DATE   66                         9     57        0
  SINCE SEP 1     66                         9     57        0
  SINCE JAN 1    420                       168    252      215
..................................................................


WIND (MPH)
  HIGHEST WIND SPEED    15   HIGHEST WIND DIRECTION    NW (330)
  HIGHEST GUST SPEED    18   HIGHEST GUST DIRECTION    NW (310)
  AVERAGE WIND SPEED     3.0


SKY COVER
  POSSIBLE SUNSHINE  MM
  AVERAGE SKY COVER 0.3


WEATHER CONDITIONS
 THE FOLLOWING WEATHER WAS RECORDED TODAY.
  NO SIGNIFICANT WEATHER WAS OBSERVED.


RELATIVE HUMIDITY (PERCENT)
 HIGHEST    92           100 AM
 LOWEST     38           300 PM

..........................................................


THE KLAMATH FALLS OR CLIMATE NORMALS FOR TOMORROW
                         NORMAL    RECORD    YEAR
 MAXIMUM TEMPERATURE (F)   74        90      2011
                                             2009
                                             1974
 MINIMUM TEMPERATURE (F)   37        26      2016


SUNRISE AND SUNSET
SEPTEMBER 22 2017.....SUNRISE   655 AM PDT   SUNSET   703 PM PDT
SEPTEMBER 23 2017.....SUNRISE   656 AM PDT   SUNSET   702 PM PDT


-  INDICATES NEGATIVE NUMBERS.
R  INDICATES RECORD WAS SET OR TIED.
MM INDICATES DATA IS MISSING.
T  INDICATES TRACE AMOUNT.




$$
