000
CDUS46 KMFR 070039
CLILMT


CLIMATE REPORT
NATIONAL WEATHER SERVICE MEDFORD, OR
538 PM PDT MON JUL 6 2015


...................................

...THE KLAMATH FALLS OR CLIMATE SUMMARY FOR JULY 6 2015...
VALID TODAY AS OF 0500 PM LOCAL TIME.

CLIMATE NORMAL PERIOD 1981 TO 2010
CLIMATE RECORD PERIOD 1928 TO 2015


WEATHER ITEM   OBSERVED TIME   RECORD YEAR NORMAL DEPARTURE LAST
                VALUE   (LST)  VALUE       VALUE  FROM      YEAR
                                                  NORMAL
..................................................................
TEMPERATURE (F)
 TODAY
  MAXIMUM         90    345 PM  93    2014  82      8       93
                                      1968
  MINIMUM         49    448 AM  35    1961  47      2       49
  AVERAGE         70                        64      6       71

PRECIPITATION (IN)
  TODAY            0.00          0.05 1982   0.02  -0.02     0.00
  MONTH TO DATE    T                         0.16  -0.16      T
  SINCE OCT 1     11.88                     13.68  -1.80     7.13
  SINCE JAN 1      5.42                      8.99  -3.57     6.50

SNOWFALL (IN)
  TODAY           MM                        MM     MM       MM
  MONTH TO DATE   MM                        MM     MM       MM
  SINCE JUL 1     MM                        MM     MM       MM
  SNOW DEPTH      MM

DEGREE DAYS
 HEATING
  TODAY            0                         2     -2        0
  MONTH TO DATE    0                        16    -16        0
  SINCE JUN 1     52                       233   -181      175
  SINCE JUL 1      0                        16    -16        0

 COOLING
  TODAY            5                         2      3        6
  MONTH TO DATE   65                         9     56       43
  SINCE JUN 1    156                        20    136       50
  SINCE JAN 1    159                        21    138       50
..................................................................


WIND (MPH)
  HIGHEST WIND SPEED    15   HIGHEST WIND DIRECTION    NW (300)
  HIGHEST GUST SPEED    17   HIGHEST GUST DIRECTION    NW (310)
  AVERAGE WIND SPEED     2.8


SKY COVER
  POSSIBLE SUNSHINE  MM
  AVERAGE SKY COVER 0.1


WEATHER CONDITIONS
 THE FOLLOWING WEATHER WAS RECORDED TODAY.
  NO SIGNIFICANT WEATHER WAS OBSERVED.


RELATIVE HUMIDITY (PERCENT)
 HIGHEST    83           400 AM
 LOWEST     19           400 PM

..........................................................


THE KLAMATH FALLS OR CLIMATE NORMALS FOR TOMORROW
                         NORMAL    RECORD    YEAR
 MAXIMUM TEMPERATURE (F)   82        97      2014
 MINIMUM TEMPERATURE (F)   47        34      1955


SUNRISE AND SUNSET
JULY  6 2015..........SUNRISE   537 AM PDT   SUNSET   846 PM PDT
JULY  7 2015..........SUNRISE   538 AM PDT   SUNSET   845 PM PDT


-  INDICATES NEGATIVE NUMBERS.
R  INDICATES RECORD WAS SET OR TIED.
MM INDICATES DATA IS MISSING.
T  INDICATES TRACE AMOUNT.




$$
