000
CDUS46 KMFR 230036
CLILMT


CLIMATE REPORT
NATIONAL WEATHER SERVICE MEDFORD, OR
536 PM PDT FRI AUG 22 2014


...................................

...THE KLAMATH FALLS OR CLIMATE SUMMARY FOR AUGUST 22 2014...
VALID TODAY AS OF 0500 PM LOCAL TIME.

CLIMATE NORMAL PERIOD 1981 TO 2010
CLIMATE RECORD PERIOD 1928 TO 2014


WEATHER ITEM   OBSERVED TIME   RECORD YEAR NORMAL DEPARTURE LAST
                VALUE   (LST)  VALUE       VALUE  FROM      YEAR
                                                  NORMAL
..................................................................
TEMPERATURE (F)
 TODAY
  MAXIMUM         77    345 PM  92    1982  82     -5       79
  MINIMUM         40    541 AM  34    1968  46     -6       45
  AVERAGE         59                        64     -5       62

PRECIPITATION (IN)
  TODAY            0.00          1.04 1948   0.01  -0.01     0.06
  MONTH TO DATE    0.92                      0.26   0.66     0.11
  SINCE SEP 1      8.25                     14.79  -6.54     8.32
  SINCE JAN 1      7.51                      9.57  -2.06     4.66

SNOWFALL (IN)
  TODAY           MM                        MM     MM       MM
  MONTH TO DATE   MM                        MM     MM       MM
  SINCE JUL 1     MM                        MM     MM       MM
  SNOW DEPTH      MM

DEGREE DAYS
 HEATING
  TODAY            6                         2      4        3
  MONTH TO DATE   17                        37    -20       38
  SINCE JUN 1    202                       304   -102      217
  SINCE JUL 1     27                        87    -60       39

 COOLING
  TODAY            0                         1     -1        0
  MONTH TO DATE   83                        54     29       47
  SINCE JUN 1    311                       147    164      265
  SINCE JAN 1    311                       148    163      265
..................................................................


WIND (MPH)
  HIGHEST WIND SPEED    17   HIGHEST WIND DIRECTION    NW (330)
  HIGHEST GUST SPEED    23   HIGHEST GUST DIRECTION    NW (330)
  AVERAGE WIND SPEED     6.8


SKY COVER
  POSSIBLE SUNSHINE  MM
  AVERAGE SKY COVER 0.1


WEATHER CONDITIONS
 THE FOLLOWING WEATHER WAS RECORDED TODAY.
  NO SIGNIFICANT WEATHER WAS OBSERVED.


RELATIVE HUMIDITY (PERCENT)
 HIGHEST    79           500 AM
 LOWEST     21           300 PM

..........................................................


THE KLAMATH FALLS OR CLIMATE NORMALS FOR TOMORROW
                         NORMAL    RECORD    YEAR
 MAXIMUM TEMPERATURE (F)   82        95      1996
 MINIMUM TEMPERATURE (F)   46        33      1960


SUNRISE AND SUNSET
AUGUST 22 2014........SUNRISE   622 AM PDT   SUNSET   757 PM PDT
AUGUST 23 2014........SUNRISE   623 AM PDT   SUNSET   755 PM PDT


-  INDICATES NEGATIVE NUMBERS.
R  INDICATES RECORD WAS SET OR TIED.
MM INDICATES DATA IS MISSING.
T  INDICATES TRACE AMOUNT.




$$
