000
CDUS46 KMFR 190836
CLILMT


CLIMATE REPORT
NATIONAL WEATHER SERVICE MEDFORD, OR
136 AM PDT FRI SEP 19 2014


...................................

...THE KLAMATH FALLS OR CLIMATE SUMMARY FOR SEPTEMBER 18 2014...

CLIMATE NORMAL PERIOD 1981 TO 2010
CLIMATE RECORD PERIOD 1928 TO 2014


WEATHER ITEM   OBSERVED TIME   RECORD YEAR NORMAL DEPARTURE LAST
                VALUE   (LST)  VALUE       VALUE  FROM      YEAR
                                                  NORMAL
..................................................................
TEMPERATURE (F)
 YESTERDAY
  MAXIMUM         74    313 PM  90    1991  75     -1       66
  MINIMUM         51    527 AM  27    1954  38     13       31
  AVERAGE         63                        57      6       49

PRECIPITATION (IN)
  YESTERDAY        0.00          0.69 1940   0.02  -0.02     0.00
  MONTH TO DATE    0.00                      0.34  -0.34     0.04
  SINCE SEP 1      0.00                      0.34  -0.34     0.04
  SINCE JAN 1      7.51                     10.08  -2.57     4.83

SNOWFALL (IN)
  YESTERDAY       MM                        MM     MM       MM
  MONTH TO DATE   MM                        MM     MM       MM
  SINCE JUL 1     MM                        MM     MM       MM
  SNOW DEPTH      MM

DEGREE DAYS
 HEATING
  YESTERDAY        2                         8     -6       16
  MONTH TO DATE   49                       112    -63       65
  SINCE SEP 1     49                       112    -63       65
  SINCE JUL 1     97                       231   -134      133

 COOLING
  YESTERDAY        0                         0      0        0
  MONTH TO DATE    2                         9     -7       17
  SINCE SEP 1      2                         9     -7       17
  SINCE JAN 1    323                       168    155      285
..................................................................


WIND (MPH)
  HIGHEST WIND SPEED    18   HIGHEST WIND DIRECTION    NW (330)
  HIGHEST GUST SPEED    21   HIGHEST GUST DIRECTION     N (340)
  AVERAGE WIND SPEED     6.8


SKY COVER
  POSSIBLE SUNSHINE  MM
  AVERAGE SKY COVER 0.6


WEATHER CONDITIONS
 THE FOLLOWING WEATHER WAS RECORDED YESTERDAY.
  NO SIGNIFICANT WEATHER WAS OBSERVED.


RELATIVE HUMIDITY (PERCENT)
 HIGHEST    71           200 AM
 LOWEST     38           300 PM

..........................................................


THE KLAMATH FALLS OR CLIMATE NORMALS FOR TODAY
                         NORMAL    RECORD    YEAR
 MAXIMUM TEMPERATURE (F)   75        91      1991
 MINIMUM TEMPERATURE (F)   38        24      1978


SUNRISE AND SUNSET
SEPTEMBER 19 2014.....SUNRISE   651 AM PDT   SUNSET   709 PM PDT
SEPTEMBER 20 2014.....SUNRISE   652 AM PDT   SUNSET   707 PM PDT


-  INDICATES NEGATIVE NUMBERS.
R  INDICATES RECORD WAS SET OR TIED.
MM INDICATES DATA IS MISSING.
T  INDICATES TRACE AMOUNT.




$$
