000
CDUS46 KMFR 260037
CLILMT


CLIMATE REPORT
NATIONAL WEATHER SERVICE MEDFORD, OR
437 PM PST SUN JAN 25 2015


...................................

...THE KLAMATH FALLS OR CLIMATE SUMMARY FOR JANUARY 25 2015...
VALID TODAY AS OF 0400 PM LOCAL TIME.

CLIMATE NORMAL PERIOD 1981 TO 2010
CLIMATE RECORD PERIOD 1928 TO 2015


WEATHER ITEM   OBSERVED TIME   RECORD YEAR NORMAL DEPARTURE LAST
                VALUE   (LST)  VALUE       VALUE  FROM      YEAR
                                                  NORMAL
..................................................................
TEMPERATURE (F)
 TODAY
  MAXIMUM         57R   221 PM  53    2014  41     16       53
                                      1951
  MINIMUM         27    648 AM  -8    1954  21      6       17
  AVERAGE         42                        31     11       35

PRECIPITATION (IN)
  TODAY            0.00          0.50 1997   0.04  -0.04     0.00
  MONTH TO DATE    0.40                      1.64  -1.24     0.10
  SINCE OCT 1      6.86                      6.33   0.53     0.73
  SINCE JAN 1      0.40                      1.64  -1.24     0.10

SNOWFALL (IN)
  TODAY           MM                        MM     MM       MM
  MONTH TO DATE   MM                        MM     MM       MM
  SINCE JUL 1     MM                        MM     MM        0.0
  SNOW DEPTH      MM

DEGREE DAYS
 HEATING
  TODAY           23                        34    -11       30
  MONTH TO DATE  713                       877   -164      798
  SINCE DEC 1   1364                      1976   -612     2100
  SINCE JUL 1   2754                      3778  -1024     3836

 COOLING
  TODAY            0                         0      0        0
  MONTH TO DATE    0                         0      0        0
  SINCE DEC 1      0                         0      0        0
  SINCE JAN 1      0                         0      0        0
..................................................................


WIND (MPH)
  HIGHEST WIND SPEED     9   HIGHEST WIND DIRECTION     N (340)
  HIGHEST GUST SPEED    11   HIGHEST GUST DIRECTION     N (340)
  AVERAGE WIND SPEED     2.2


SKY COVER
  POSSIBLE SUNSHINE  MM
  AVERAGE SKY COVER 0.0


WEATHER CONDITIONS
 THE FOLLOWING WEATHER WAS RECORDED TODAY.
  FOG


RELATIVE HUMIDITY (PERCENT)
 HIGHEST    92          1200 AM
 LOWEST     47           200 PM

..........................................................


THE KLAMATH FALLS OR CLIMATE NORMALS FOR TOMORROW
                         NORMAL    RECORD    YEAR
 MAXIMUM TEMPERATURE (F)   41        57      2014
 MINIMUM TEMPERATURE (F)   21       -12      1972


SUNRISE AND SUNSET
JANUARY 25 2015.......SUNRISE   727 AM PST   SUNSET   512 PM PST
JANUARY 26 2015.......SUNRISE   726 AM PST   SUNSET   514 PM PST


-  INDICATES NEGATIVE NUMBERS.
R  INDICATES RECORD WAS SET OR TIED.
MM INDICATES DATA IS MISSING.
T  INDICATES TRACE AMOUNT.




$$
