674
CDUS46 KMFR 280835
CLILMT


CLIMATE REPORT
NATIONAL WEATHER SERVICE MEDFORD, OR
135 AM PDT SUN MAY 28 2017


...................................

...THE KLAMATH FALLS OR CLIMATE SUMMARY FOR MAY 27 2017...

CLIMATE NORMAL PERIOD 1981 TO 2010
CLIMATE RECORD PERIOD 1928 TO 2017


WEATHER ITEM   OBSERVED TIME   RECORD YEAR NORMAL DEPARTURE LAST
                VALUE   (LST)  VALUE       VALUE  FROM      YEAR
                                                  NORMAL
..................................................................
TEMPERATURE (F)
 YESTERDAY
  MAXIMUM         79    506 PM  90    1983  68     11       64
  MINIMUM         39    510 AM  28    1982  39      0       33
  AVERAGE         59                        53      6       49

PRECIPITATION (IN)
  YESTERDAY        0.00          0.67 2008   0.02  -0.02     0.00
  MONTH TO DATE    0.10                      1.32  -1.22     0.81
  SINCE OCT 1     10.78                     12.42  -1.64    10.40
  SINCE JAN 1      6.03                      7.73  -1.70     5.87

SNOWFALL (IN)
  YESTERDAY       MM                        MM     MM       MM
  MONTH TO DATE   MM                        MM     MM       MM
  SINCE JUL 1     MM                        MM     MM       MM
  SNOW DEPTH      MM

DEGREE DAYS
 HEATING
  YESTERDAY        6                        12     -6       16
  MONTH TO DATE  345                       393    -48      336
  SINCE MAR 1   1726                      1871   -145     1561
  SINCE JUL 1   6564                      6712   -148     6051

 COOLING
  YESTERDAY        0                         0      0        0
  MONTH TO DATE    3                         0      3        0
  SINCE MAR 1      3                         0      3        0
  SINCE JAN 1      3                         0      3        0
..................................................................


WIND (MPH)
  HIGHEST WIND SPEED    13   HIGHEST WIND DIRECTION    SE (150)
  HIGHEST GUST SPEED    18   HIGHEST GUST DIRECTION    SE (130)
  AVERAGE WIND SPEED     4.0


SKY COVER
  POSSIBLE SUNSHINE  MM
  AVERAGE SKY COVER 0.0


WEATHER CONDITIONS
 THE FOLLOWING WEATHER WAS RECORDED YESTERDAY.
  NO SIGNIFICANT WEATHER WAS OBSERVED.


RELATIVE HUMIDITY (PERCENT)
 HIGHEST    82           200 AM
 LOWEST     19           600 PM

..........................................................


THE KLAMATH FALLS OR CLIMATE NORMALS FOR TODAY
                         NORMAL    RECORD    YEAR
 MAXIMUM TEMPERATURE (F)   68        91      1983
 MINIMUM TEMPERATURE (F)   39        25      1977


SUNRISE AND SUNSET
MAY 28 2017...........SUNRISE   535 AM PDT   SUNSET   834 PM PDT
MAY 29 2017...........SUNRISE   535 AM PDT   SUNSET   834 PM PDT


-  INDICATES NEGATIVE NUMBERS.
R  INDICATES RECORD WAS SET OR TIED.
MM INDICATES DATA IS MISSING.
T  INDICATES TRACE AMOUNT.




$$
