000
CDUS46 KMFR 180837
CLILMT


CLIMATE REPORT
NATIONAL WEATHER SERVICE MEDFORD, OR
1236 AM PST WED JAN 18 2017


...................................

...THE KLAMATH FALLS OR CLIMATE SUMMARY FOR JANUARY 17 2017...

CLIMATE NORMAL PERIOD 1981 TO 2010
CLIMATE RECORD PERIOD 1928 TO 2017


WEATHER ITEM   OBSERVED TIME   RECORD YEAR NORMAL DEPARTURE LAST
                VALUE   (LST)  VALUE       VALUE  FROM      YEAR
                                                  NORMAL
..................................................................
TEMPERATURE (F)
 YESTERDAY
  MAXIMUM         41    825 PM  56    1961  40      1       40
  MINIMUM         12    628 AM  -5    1988  21     -9       23
  AVERAGE         27                        30     -3       32

PRECIPITATION (IN)
  YESTERDAY        T             0.71 2016   0.04  -0.04     0.71
  MONTH TO DATE    1.24                      1.28  -0.04     1.23
  SINCE OCT 1      5.99                      5.97   0.02     5.76
  SINCE JAN 1      1.24                      1.28  -0.04     1.23

SNOWFALL (IN)
  YESTERDAY       MM                        MM     MM       MM
  MONTH TO DATE   MM                        MM     MM       MM
  SINCE JUL 1     MM                        MM     MM       MM
  SNOW DEPTH      MM

DEGREE DAYS
 HEATING
  YESTERDAY       38                        35      3       33
  MONTH TO DATE  748                       601    147      654
  SINCE DEC 1   1866                      1700    166     1752
  SINCE JUL 1   3526                      3502     24     3340

 COOLING
  YESTERDAY        0                         0      0        0
  MONTH TO DATE    0                         0      0        0
  SINCE DEC 1      0                         0      0        0
  SINCE JAN 1      0                         0      0        0
..................................................................


WIND (MPH)
  HIGHEST WIND SPEED    23   HIGHEST WIND DIRECTION     S (160)
  HIGHEST GUST SPEED    28   HIGHEST GUST DIRECTION     S (160)
  AVERAGE WIND SPEED     6.4


SKY COVER
  POSSIBLE SUNSHINE  MM
  AVERAGE SKY COVER 0.5


WEATHER CONDITIONS
 THE FOLLOWING WEATHER WAS RECORDED YESTERDAY.
  LIGHT RAIN
  FOG


RELATIVE HUMIDITY (PERCENT)
 HIGHEST    96           500 AM
 LOWEST     54           900 PM

..........................................................


THE KLAMATH FALLS OR CLIMATE NORMALS FOR TODAY
                         NORMAL    RECORD    YEAR
 MAXIMUM TEMPERATURE (F)   40        56      1981
 MINIMUM TEMPERATURE (F)   21        -8      1988


SUNRISE AND SUNSET
JANUARY 18 2017.......SUNRISE   731 AM PST   SUNSET   504 PM PST
JANUARY 19 2017.......SUNRISE   730 AM PST   SUNSET   506 PM PST


-  INDICATES NEGATIVE NUMBERS.
R  INDICATES RECORD WAS SET OR TIED.
MM INDICATES DATA IS MISSING.
T  INDICATES TRACE AMOUNT.




$$
