000
CDUS45 KRIW 280744
CLILND


CLIMATE REPORT
NATIONAL WEATHER SERVICE RIVERTON WY
1238 AM MST FRI NOV 28 2014


...................................

...THE LANDER WY CLIMATE SUMMARY FOR NOVEMBER 27 2014...

CLIMATE NORMAL PERIOD 1981 TO 2010
CLIMATE RECORD PERIOD 1891 TO 2014


WEATHER ITEM   OBSERVED TIME   RECORD YEAR NORMAL DEPARTURE LAST
                VALUE   (LST)  VALUE       VALUE  FROM      YEAR
                                                  NORMAL
..................................................................
TEMPERATURE (F)
 YESTERDAY
  MAXIMUM         58    350 PM  60    1949  36     22       47
  MINIMUM         27    758 AM -31    1896  14     13       20
  AVERAGE         43                        25     18       34

PRECIPITATION (IN)
  YESTERDAY        0.00          0.62 1928   0.03  -0.03     0.00
  MONTH TO DATE    0.58                      0.79  -0.21     0.13
  SINCE SEP 1      2.87                      3.13  -0.26     6.99
  SINCE JAN 1      9.89                     12.01  -2.12    14.85

SNOWFALL (IN)
  YESTERDAY        0.0                       0.4   -0.4      0.0
  MONTH TO DATE    8.9                      11.8   -2.9      3.5
  SINCE SEP 1      8.9                      24.3  -15.4     29.5
  SINCE JUL 1      8.9                      24.3  -15.4     29.5
  SNOW DEPTH       0

DEGREE DAYS
 HEATING
  YESTERDAY       22                        40    -18       31
  MONTH TO DATE  855                       890    -35      853
  SINCE SEP 1   1433                      1711   -278     1798
  SINCE JUL 1   1477                      1751   -274     1798

 COOLING
  YESTERDAY        0                         0      0        0
  MONTH TO DATE    0                         0      0        0
  SINCE SEP 1     39                        27     12       65
  SINCE JAN 1    445                       472    -27      743
..................................................................


WIND (MPH)
  HIGHEST WIND SPEED    30   HIGHEST WIND DIRECTION     W (280)
  HIGHEST GUST SPEED    40   HIGHEST GUST DIRECTION     W (270)
  AVERAGE WIND SPEED     7.6


SKY COVER
  POSSIBLE SUNSHINE  MM
  AVERAGE SKY COVER 0.0


WEATHER CONDITIONS
 THE FOLLOWING WEATHER WAS RECORDED YESTERDAY.
  NO SIGNIFICANT WEATHER WAS OBSERVED.


RELATIVE HUMIDITY (PERCENT)
 HIGHEST    75           600 AM
 LOWEST     25           400 PM
 AVERAGE    50

..........................................................


THE LANDER WY CLIMATE NORMALS FOR TODAY
                         NORMAL    RECORD    YEAR
 MAXIMUM TEMPERATURE (F)   35        59      1899
 MINIMUM TEMPERATURE (F)   14       -31      1896


SUNRISE AND SUNSET
NOVEMBER 28 2014......SUNRISE   723 AM MST   SUNSET   443 PM MST
NOVEMBER 29 2014......SUNRISE   724 AM MST   SUNSET   443 PM MST


-  INDICATES NEGATIVE NUMBERS.
R  INDICATES RECORD WAS SET OR TIED.
MM INDICATES DATA IS MISSING.
T  INDICATES TRACE AMOUNT.




$$
