000
CDUS45 KRIW 230733
CLILND


CLIMATE REPORT
NATIONAL WEATHER SERVICE RIVERTON WY
133 AM MDT SAT MAY 23 2015


...................................

...THE LANDER WY CLIMATE SUMMARY FOR MAY 22 2015...

CLIMATE NORMAL PERIOD 1981 TO 2010
CLIMATE RECORD PERIOD 1891 TO 2015


WEATHER ITEM   OBSERVED TIME   RECORD YEAR NORMAL DEPARTURE LAST
                VALUE   (LST)  VALUE       VALUE  FROM      YEAR
                                                  NORMAL
..................................................................
TEMPERATURE (F)
 YESTERDAY
  MAXIMUM         60    225 PM  83    2006  69     -9       75
                                      1967
  MINIMUM         43    519 AM  30    1975  42      1       47
                                      1953
  AVERAGE         52                        55     -3       61

PRECIPITATION (IN)
  YESTERDAY        0.26          1.46 1958   0.08   0.18      T
  MONTH TO DATE    4.18                      1.60   2.58     1.49
  SINCE MAR 1      7.04                      4.63   2.41     3.37
  SINCE JAN 1      8.60                      5.62   2.98     4.17

SNOWFALL (IN)
  YESTERDAY        0.0                       0.1   -0.1      0.0
  MONTH TO DATE    0.8                       4.5   -3.7      2.2
  SINCE MAR 1     20.0                      37.4  -17.4     20.4
  SINCE JUL 1     73.9                      91.0  -17.1     75.7
  SNOW DEPTH       0

DEGREE DAYS
 HEATING
  YESTERDAY       13                        10      3        4
  MONTH TO DATE  368                       290     78      314
  SINCE MAR 1   1726                      1840   -114     1830
  SINCE JUL 1   6850                      7544   -694     7566

 COOLING
  YESTERDAY        0                         0      0        0
  MONTH TO DATE    0                         0      0        2
  SINCE MAR 1      0                         0      0        2
  SINCE JAN 1      0                         0      0        2
..................................................................


WIND (MPH)
  HIGHEST WIND SPEED    18   HIGHEST WIND DIRECTION     E (100)
  HIGHEST GUST SPEED    22   HIGHEST GUST DIRECTION     E (90)
  AVERAGE WIND SPEED     5.8


SKY COVER
  POSSIBLE SUNSHINE  MM
  AVERAGE SKY COVER 0.8


WEATHER CONDITIONS
 THE FOLLOWING WEATHER WAS RECORDED YESTERDAY.
  RAIN
  LIGHT RAIN
  FOG


RELATIVE HUMIDITY (PERCENT)
 HIGHEST    93           900 PM
 LOWEST     62           200 PM
 AVERAGE    78

..........................................................


THE LANDER WY CLIMATE NORMALS FOR TODAY
                         NORMAL    RECORD    YEAR
 MAXIMUM TEMPERATURE (F)   69        85      1984
 MINIMUM TEMPERATURE (F)   42        26      1916


SUNRISE AND SUNSET
MAY 23 2015...........SUNRISE   545 AM MDT   SUNSET   839 PM MDT
MAY 24 2015...........SUNRISE   544 AM MDT   SUNSET   840 PM MDT


-  INDICATES NEGATIVE NUMBERS.
R  INDICATES RECORD WAS SET OR TIED.
MM INDICATES DATA IS MISSING.
T  INDICATES TRACE AMOUNT.




$$
