000
CDUS45 KRIW 270036
CLILND


CLIMATE REPORT
NATIONAL WEATHER SERVICE RIVERTON WY
634 PM MDT WED APR 26 2017


...................................

...THE LANDER WY CLIMATE SUMMARY FOR APRIL 26 2017...
VALID TODAY AS OF 0500 PM LOCAL TIME.

CLIMATE NORMAL PERIOD 1981 TO 2010
CLIMATE RECORD PERIOD 1891 TO 2017


WEATHER ITEM   OBSERVED TIME   RECORD YEAR NORMAL DEPARTURE LAST
                VALUE   (LST)  VALUE       VALUE  FROM      YEAR
                                                  NORMAL
..................................................................
TEMPERATURE (F)
 TODAY
  MAXIMUM         56        MM  79    1910  60     -4       37
  MINIMUM         26        MM  15    1924  34     -8       32
  AVERAGE         41                        47     -6       35

PRECIPITATION (IN)
  TODAY            0.00          1.25 2016   0.07  -0.07     1.25
  MONTH TO DATE    1.78                      1.56   0.22     3.74
  SINCE MAR 1      6.43                      2.72   3.71     8.33
  SINCE JAN 1      8.81                      3.71   5.10     9.25

SNOWFALL (IN)
  TODAY            0.0                       0.5   -0.5      2.9
  MONTH TO DATE   10.7                      14.8   -4.1      3.8
  SINCE MAR 1     16.4                      30.9  -14.5     37.1
  SINCE JUL 1     77.4                      84.5   -7.1     74.1
  SNOW DEPTH       0

DEGREE DAYS
 HEATING
  TODAY           24                        18      6       30
  MONTH TO DATE  551                       565    -14      487
  SINCE MAR 1   1263                      1480   -217     1308
  SINCE JUL 1   6966                      7184   -218     6459

 COOLING
  TODAY            0                         0      0        0
  MONTH TO DATE    0                         0      0        0
  SINCE MAR 1      0                         0      0        0
  SINCE JAN 1      0                         0      0        0
..................................................................


WIND (MPH)
  HIGHEST WIND SPEED    13   HIGHEST WIND DIRECTION    SE (120)
  HIGHEST GUST SPEED    MM   HIGHEST GUST DIRECTION    MM
  AVERAGE WIND SPEED     6.1


SKY COVER
  POSSIBLE SUNSHINE  MM
  AVERAGE SKY COVER 0.4


WEATHER CONDITIONS
 THE FOLLOWING WEATHER WAS RECORDED TODAY.
  NO SIGNIFICANT WEATHER WAS OBSERVED.


RELATIVE HUMIDITY (PERCENT)
 HIGHEST    85           500 AM
 LOWEST     29           200 PM
 AVERAGE    57

..........................................................


THE LANDER WY CLIMATE NORMALS FOR TOMORROW
                         NORMAL    RECORD    YEAR
 MAXIMUM TEMPERATURE (F)   60        82      1910
 MINIMUM TEMPERATURE (F)   34        16      1984


SUNRISE AND SUNSET
APRIL 26 2017.........SUNRISE   616 AM MDT   SUNSET   810 PM MDT
APRIL 27 2017.........SUNRISE   614 AM MDT   SUNSET   811 PM MDT


-  INDICATES NEGATIVE NUMBERS.
R  INDICATES RECORD WAS SET OR TIED.
MM INDICATES DATA IS MISSING.
T  INDICATES TRACE AMOUNT.




$$
