000
CDUS45 KRIW 180042
CLILND


CLIMATE REPORT
NATIONAL WEATHER SERVICE RIVERTON WY
541 PM MST TUE JAN 17 2017


...................................

...THE LANDER WY CLIMATE SUMMARY FOR JANUARY 17 2017...
VALID TODAY AS OF 0500 PM LOCAL TIME.

CLIMATE NORMAL PERIOD 1981 TO 2010
CLIMATE RECORD PERIOD 1891 TO 2017


WEATHER ITEM   OBSERVED TIME   RECORD YEAR NORMAL DEPARTURE LAST
                VALUE   (LST)  VALUE       VALUE  FROM      YEAR
                                                  NORMAL
..................................................................
TEMPERATURE (F)
 TODAY
  MAXIMUM         19        MM  54    1919  33    -14       39
  MINIMUM         -2        MM -39    1930  10    -12        9
  AVERAGE          9                        22    -13       24

PRECIPITATION (IN)
  TODAY            0.00          0.20 1912   0.01  -0.01     0.00
  MONTH TO DATE    0.46                      0.23   0.23     0.36
  SINCE DEC 1      1.36                      0.81   0.55     0.84
  SINCE JAN 1      0.46                      0.23   0.23     0.36

SNOWFALL (IN)
  TODAY            0.0                       0.3   -0.3      0.0
  MONTH TO DATE    7.6                       4.2    3.4      4.8
  SINCE DEC 1     16.7                      14.3    2.4     13.6
  SINCE JUL 1     30.7                      39.9   -9.2     32.6
  SNOW DEPTH       4

DEGREE DAYS
 HEATING
  TODAY           56                        43     13       41
  MONTH TO DATE  952                       740    212      833
  SINCE DEC 1   2443                      2113    330     2181
  SINCE JUL 1   3999                      3986     13     3693

 COOLING
  TODAY            0                         0      0        0
  MONTH TO DATE    0                         0      0        0
  SINCE DEC 1      0                         0      0        0
  SINCE JAN 1      0                         0      0        0
..................................................................


WIND (MPH)
  HIGHEST WIND SPEED     7   HIGHEST WIND DIRECTION    NW (310)
  HIGHEST GUST SPEED    MM   HIGHEST GUST DIRECTION    MM
  AVERAGE WIND SPEED     2.0


SKY COVER
  POSSIBLE SUNSHINE  MM
  AVERAGE SKY COVER 0.0


WEATHER CONDITIONS
 THE FOLLOWING WEATHER WAS RECORDED TODAY.
  FOG


RELATIVE HUMIDITY (PERCENT)
 HIGHEST    95           300 AM
 LOWEST     61           200 PM
 AVERAGE    78

..........................................................


THE LANDER WY CLIMATE NORMALS FOR TOMORROW
                         NORMAL    RECORD    YEAR
 MAXIMUM TEMPERATURE (F)   33        55      2009
 MINIMUM TEMPERATURE (F)   10       -36      1943


SUNRISE AND SUNSET
JANUARY 17 2017.......SUNRISE   742 AM MST   SUNSET   509 PM MST
JANUARY 18 2017.......SUNRISE   741 AM MST   SUNSET   510 PM MST


-  INDICATES NEGATIVE NUMBERS.
R  INDICATES RECORD WAS SET OR TIED.
MM INDICATES DATA IS MISSING.
T  INDICATES TRACE AMOUNT.




$$
