000
CDUS45 KRIW 280739
CLILND


CLIMATE REPORT
NATIONAL WEATHER SERVICE RIVERTON WY
129 AM MDT FRI AUG 28 2015


...................................

...THE LANDER WY CLIMATE SUMMARY FOR AUGUST 27 2015...

CLIMATE NORMAL PERIOD 1981 TO 2010
CLIMATE RECORD PERIOD 1891 TO 2015


WEATHER ITEM   OBSERVED TIME   RECORD YEAR NORMAL DEPARTURE LAST
                VALUE   (LST)  VALUE       VALUE  FROM      YEAR
                                                  NORMAL
..................................................................
TEMPERATURE (F)
 YESTERDAY
  MAXIMUM         82    143 PM  95    2011  82      0       62
  MINIMUM         55   1143 PM  36    1903  52      3       55
  AVERAGE         69                        67      2       59

PRECIPITATION (IN)
  YESTERDAY        0.08          0.67 1895   0.02   0.06     0.30
  MONTH TO DATE    0.58                      0.54   0.04     1.44
  SINCE JUN 1      1.88                      2.59  -0.71     2.66
  SINCE JAN 1     12.40                      8.81   3.59     6.85

SNOWFALL (IN)
  YESTERDAY        0.0                       0.0    0.0      0.0
  MONTH TO DATE    0.0                       0.0    0.0      0.0
  SINCE JUN 1      0.0                       0.1   -0.1      0.0
  SINCE JUL 1      0.0                       0.0    0.0      0.0
  SNOW DEPTH       0

DEGREE DAYS
 HEATING
  YESTERDAY        0                         1     -1        6
  MONTH TO DATE   22                        15      7       36
  SINCE JUN 1     71                       157    -86      175
  SINCE JUL 1     40                        31      9       39

 COOLING
  YESTERDAY        4                         3      1        0
  MONTH TO DATE  160                       154      6      115
  SINCE JUN 1    406                       426    -20      380
  SINCE JAN 1    406                       431    -25      398
..................................................................


WIND (MPH)
  HIGHEST WIND SPEED    28   HIGHEST WIND DIRECTION     N (340)
  HIGHEST GUST SPEED    38   HIGHEST GUST DIRECTION     N (340)
  AVERAGE WIND SPEED     5.8


SKY COVER
  POSSIBLE SUNSHINE  MM
  AVERAGE SKY COVER 0.4


WEATHER CONDITIONS
 THE FOLLOWING WEATHER WAS RECORDED YESTERDAY.
  THUNDERSTORM
  HEAVY RAIN
  LIGHT RAIN
  HAZE


RELATIVE HUMIDITY (PERCENT)
 HIGHEST    93           300 AM
 LOWEST     32          1200 PM
 AVERAGE    63

..........................................................


THE LANDER WY CLIMATE NORMALS FOR TODAY
                         NORMAL    RECORD    YEAR
 MAXIMUM TEMPERATURE (F)   82        94      2012
 MINIMUM TEMPERATURE (F)   52        36      1911


SUNRISE AND SUNSET
AUGUST 28 2015........SUNRISE   635 AM MDT   SUNSET   756 PM MDT
AUGUST 29 2015........SUNRISE   636 AM MDT   SUNSET   755 PM MDT


-  INDICATES NEGATIVE NUMBERS.
R  INDICATES RECORD WAS SET OR TIED.
MM INDICATES DATA IS MISSING.
T  INDICATES TRACE AMOUNT.




$$
