000
CDUS45 KRIW 240735
CLILND


CLIMATE REPORT
NATIONAL WEATHER SERVICE RIVERTON WY
133 AM MDT SAT JUN 24 2017


...................................

...THE LANDER WY CLIMATE SUMMARY FOR JUNE 23 2017...

CLIMATE NORMAL PERIOD 1981 TO 2010
CLIMATE RECORD PERIOD 1891 TO 2017


WEATHER ITEM   OBSERVED TIME   RECORD YEAR NORMAL DEPARTURE LAST
                VALUE   (LST)  VALUE       VALUE  FROM      YEAR
                                                  NORMAL
..................................................................
TEMPERATURE (F)
 YESTERDAY
  MAXIMUM         70    354 PM 100    1954  81    -11       94
  MINIMUM         42    522 AM  33    1908  51     -9       53
  AVERAGE         56                        66    -10       74

PRECIPITATION (IN)
  YESTERDAY        0.00          0.67 1945   0.02  -0.02     0.00
  MONTH TO DATE    0.26                      1.10  -0.84     0.47
  SINCE JUN 1      0.26                      1.10  -0.84     0.47
  SINCE JAN 1     12.75                      7.32   5.43    15.62

SNOWFALL (IN)
  YESTERDAY        0.0                       0.0    0.0      0.0
  MONTH TO DATE    0.0                       0.1   -0.1      0.0
  SINCE JUN 1      0.0                       0.1   -0.1      0.0
  SINCE JUL 1     90.9                      91.4   -0.5     75.2
  SNOW DEPTH       0

DEGREE DAYS
 HEATING
  YESTERDAY        9                         2      7        0
  MONTH TO DATE   53                       113    -60       22
  SINCE JUN 1     53                       113    -60       22
  SINCE JUL 1   7520                      7735   -215     7015

 COOLING
  YESTERDAY        0                         3     -3        9
  MONTH TO DATE   38                        39     -1       94
  SINCE JUN 1     38                        39     -1       94
  SINCE JAN 1     38                        44     -6       94
..................................................................


WIND (MPH)
  HIGHEST WIND SPEED    14   HIGHEST WIND DIRECTION     E (70)
  HIGHEST GUST SPEED    18   HIGHEST GUST DIRECTION    NE (50)
  AVERAGE WIND SPEED     5.1


SKY COVER
  POSSIBLE SUNSHINE  MM
  AVERAGE SKY COVER 0.0


WEATHER CONDITIONS
 THE FOLLOWING WEATHER WAS RECORDED YESTERDAY.
  NO SIGNIFICANT WEATHER WAS OBSERVED.


RELATIVE HUMIDITY (PERCENT)
 HIGHEST    67           500 AM
 LOWEST     28           400 PM
 AVERAGE    48

..........................................................


THE LANDER WY CLIMATE NORMALS FOR TODAY
                         NORMAL    RECORD    YEAR
 MAXIMUM TEMPERATURE (F)   81        99      1988
 MINIMUM TEMPERATURE (F)   51        34      1906


SUNRISE AND SUNSET
JUNE 24 2017..........SUNRISE   537 AM MDT   SUNSET   857 PM MDT
JUNE 25 2017..........SUNRISE   538 AM MDT   SUNSET   857 PM MDT


-  INDICATES NEGATIVE NUMBERS.
R  INDICATES RECORD WAS SET OR TIED.
MM INDICATES DATA IS MISSING.
T  INDICATES TRACE AMOUNT.




$$
