000
CDUS43 KOAX 060624
CLILNK


CLIMATE REPORT
NATIONAL WEATHER SERVICE OMAHA NEBRASKA
122 AM CDT MON JUL 6 2015


...................................

...THE LINCOLN, NEBRASKA CLIMATE SUMMARY FOR JULY 5 2015...

CLIMATE NORMAL PERIOD 1981 TO 2010
CLIMATE RECORD PERIOD 1887 TO 2015


WEATHER ITEM   OBSERVED TIME   RECORD YEAR NORMAL DEPARTURE LAST
                VALUE   (LST)  VALUE       VALUE  FROM      YEAR
                                                  NORMAL
..................................................................
TEMPERATURE (F)
 YESTERDAY
  MAXIMUM         93    434 PM 110    1911  89      4       90
  MINIMUM         69    358 AM  49    1972  66      3       69
  AVERAGE         81                        77      4       80

PRECIPITATION (IN)
  YESTERDAY        0.00          3.17 1929   0.13  -0.13     0.01
  MONTH TO DATE    0.94                      0.61   0.33     0.01
  SINCE JUN 1      8.60                      4.96   3.64     5.91
  SINCE JAN 1     24.10                     15.30   8.80    15.66

SNOWFALL (IN)
  YESTERDAY        0.0                       0.0    0.0      0.0
  MONTH TO DATE    0.0                       0.0    0.0      0.0
  SINCE JUL 1      0.0                       0.0    0.0      0.0
  SNOW DEPTH       0

DEGREE DAYS
 HEATING
  YESTERDAY        0                         0      0        0
  MONTH TO DATE    0                         0      0        0
  SINCE JUN 1      0                        16    -16        2
  SINCE JUL 1      0                         0      0        0

 COOLING
  YESTERDAY       16                        12      4       15
  MONTH TO DATE   48                        60    -12       32
  SINCE JUN 1    311                       302      9      310
  SINCE JAN 1    363                       381    -18      470
..................................................................


WIND (MPH)
  HIGHEST WIND SPEED    24   HIGHEST WIND DIRECTION     S (160)
  HIGHEST GUST SPEED    30   HIGHEST GUST DIRECTION    SE (150)
  AVERAGE WIND SPEED    14.3


SKY COVER
  POSSIBLE SUNSHINE  MM
  AVERAGE SKY COVER 0.0


WEATHER CONDITIONS
 THE FOLLOWING WEATHER WAS RECORDED YESTERDAY.
  FOG
  HAZE


RELATIVE HUMIDITY (PERCENT)
 HIGHEST    84           200 AM
 LOWEST     56           200 PM
 AVERAGE    70

..........................................................


THE LINCOLN, NEBRASKA CLIMATE NORMALS FOR TODAY
                         NORMAL    RECORD    YEAR
 MAXIMUM TEMPERATURE (F)   89       105      1964
                                             1937
 MINIMUM TEMPERATURE (F)   66        49      1950


SUNRISE AND SUNSET
JULY  6 2015..........SUNRISE   602 AM CDT   SUNSET   901 PM CDT
JULY  7 2015..........SUNRISE   602 AM CDT   SUNSET   901 PM CDT


-  INDICATES NEGATIVE NUMBERS.
R  INDICATES RECORD WAS SET OR TIED.
MM INDICATES DATA IS MISSING.
T  INDICATES TRACE AMOUNT.




$$
