000
CDUS43 KOAX 160625
CLILNK


CLIMATE REPORT
NATIONAL WEATHER SERVICE OMAHA NEBRASKA
122 AM CDT TUE SEP 16 2014


...................................

...THE LINCOLN, NEBRASKA CLIMATE SUMMARY FOR SEPTEMBER 15 2014...

CLIMATE NORMAL PERIOD 1981 TO 2010
CLIMATE RECORD PERIOD 1887 TO 2014


WEATHER ITEM   OBSERVED TIME   RECORD YEAR NORMAL DEPARTURE LAST
                VALUE   (LST)  VALUE       VALUE  FROM      YEAR
                                                  NORMAL
..................................................................
TEMPERATURE (F)
 YESTERDAY
  MAXIMUM         67    319 PM  99    1939  79    -12       70
  MINIMUM         43   1157 PM  31    1993  54    -11       61
  AVERAGE         55                        66    -11       66

PRECIPITATION (IN)
  YESTERDAY        T             1.96 1988   0.10  -0.10     0.19
  MONTH TO DATE    3.26                      1.63   1.63     1.35
  SINCE SEP 1      3.26                      1.63   1.63     1.35
  SINCE JAN 1     26.96                     23.21   3.75    21.80

SNOWFALL (IN)
  YESTERDAY        0.0                       0.0    0.0      0.0
  MONTH TO DATE    0.0                       0.0    0.0      0.0
  SINCE JUL 1      0.0                       0.0    0.0      0.0
  SNOW DEPTH       0

DEGREE DAYS
 HEATING
  YESTERDAY       10                         3      7        0
  MONTH TO DATE   74                        22     52        2
  SINCE SEP 1     74                        22     52        2
  SINCE JUL 1     76                        28     48        5

 COOLING
  YESTERDAY        0                         4     -4        1
  MONTH TO DATE   54                        85    -31      151
  SINCE SEP 1     54                        85    -31      151
  SINCE JAN 1   1165                      1120     45     1166
..................................................................


WIND (MPH)
  HIGHEST WIND SPEED    26   HIGHEST WIND DIRECTION     N (360)
  HIGHEST GUST SPEED    33   HIGHEST GUST DIRECTION     N (010)
  AVERAGE WIND SPEED    10.4


SKY COVER
  POSSIBLE SUNSHINE  MM
  AVERAGE SKY COVER 0.6


WEATHER CONDITIONS
 THE FOLLOWING WEATHER WAS RECORDED YESTERDAY.
  THUNDERSTORM
  LIGHT RAIN


RELATIVE HUMIDITY (PERCENT)
 HIGHEST    92          1100 PM
 LOWEST     48           400 PM
 AVERAGE    70

..........................................................


THE LINCOLN, NEBRASKA CLIMATE NORMALS FOR TODAY
                         NORMAL    RECORD    YEAR
 MAXIMUM TEMPERATURE (F)   79       100      1931
 MINIMUM TEMPERATURE (F)   53        34      1903


SUNRISE AND SUNSET
SEPTEMBER 16 2014.....SUNRISE   709 AM CDT   SUNSET   734 PM CDT
SEPTEMBER 17 2014.....SUNRISE   710 AM CDT   SUNSET   733 PM CDT


-  INDICATES NEGATIVE NUMBERS.
R  INDICATES RECORD WAS SET OR TIED.
MM INDICATES DATA IS MISSING.
T  INDICATES TRACE AMOUNT.


$$

BCM
