000
CDUS43 KOAX 170626
CLILNK


CLIMATE REPORT
NATIONAL WEATHER SERVICE OMAHA NEBRASKA
125 AM CDT TUE OCT 17 2017


...................................

...THE LINCOLN, NEBRASKA CLIMATE SUMMARY FOR OCTOBER 16 2017...

CLIMATE NORMAL PERIOD 1981 TO 2010
CLIMATE RECORD PERIOD 1887 TO 2017


WEATHER ITEM   OBSERVED TIME   RECORD YEAR NORMAL DEPARTURE LAST
                VALUE   (LST)  VALUE       VALUE  FROM      YEAR
                                                  NORMAL
..................................................................
TEMPERATURE (F)
 YESTERDAY
  MAXIMUM         75    324 PM  88    1938  66      9       83
                                      1921
  MINIMUM         35    625 AM  21    1976  41     -6       52
                                      1943
  AVERAGE         55                        53      2       68

PRECIPITATION (IN)
  YESTERDAY        0.00          1.74 1968   0.06  -0.06     0.00
  MONTH TO DATE    4.89                      1.11   3.78     1.58
  SINCE SEP 1      6.74                      4.13   2.61     4.96
  SINCE JAN 1     36.57                     25.71  10.86    26.35

SNOWFALL (IN)
  YESTERDAY        0.0                       0.1   -0.1      0.0
  MONTH TO DATE    0.0                       0.2   -0.2      0.0
  SINCE JUL 1      0.0                       0.2   -0.2      0.0
  SNOW DEPTH       0

DEGREE DAYS
 HEATING
  YESTERDAY       10                        12     -2        0
  MONTH TO DATE  111                       154    -43      116
  SINCE SEP 1    145                       246   -101      155
  SINCE JUL 1    145                       252   -107      156

 COOLING
  YESTERDAY        0                         0      0        3
  MONTH TO DATE   18                        12      6        8
  SINCE SEP 1    220                       135     85      211
  SINCE JAN 1   1250                      1170     80     1440
..................................................................


WIND (MPH)
  HIGHEST WIND SPEED    24   HIGHEST WIND DIRECTION     S (200)
  HIGHEST GUST SPEED    29   HIGHEST GUST DIRECTION    SW (220)
  AVERAGE WIND SPEED    10.1


SKY COVER
  POSSIBLE SUNSHINE  MM
  AVERAGE SKY COVER 0.0


WEATHER CONDITIONS
 THE FOLLOWING WEATHER WAS RECORDED YESTERDAY.
  NO SIGNIFICANT WEATHER WAS OBSERVED.


RELATIVE HUMIDITY (PERCENT)
 HIGHEST    92           100 AM
 LOWEST     23           200 PM
 AVERAGE    58

..........................................................


THE LINCOLN, NEBRASKA CLIMATE NORMALS FOR TODAY
                         NORMAL    RECORD    YEAR
 MAXIMUM TEMPERATURE (F)   66        85      1991
                                             1924
 MINIMUM TEMPERATURE (F)   40        15      1976


SUNRISE AND SUNSET
OCTOBER 17 2017.......SUNRISE   741 AM CDT   SUNSET   643 PM CDT
OCTOBER 18 2017.......SUNRISE   742 AM CDT   SUNSET   642 PM CDT


-  INDICATES NEGATIVE NUMBERS.
R  INDICATES RECORD WAS SET OR TIED.
MM INDICATES DATA IS MISSING.
T  INDICATES TRACE AMOUNT.




$$
