000
CDUS43 KOAX 312148
CLILNK


CLIMATE REPORT
NATIONAL WEATHER SERVICE OMAHA NEBRASKA
446 PM CDT TUE MAY 31 2016


...................................

...THE LINCOLN, NEBRASKA CLIMATE SUMMARY FOR MAY 31 2016...
VALID TODAY AS OF 400 PM LOCAL TIME.

CLIMATE NORMAL PERIOD 1981 TO 2010
CLIMATE RECORD PERIOD 1887 TO 2016


WEATHER ITEM   OBSERVED TIME   RECORD YEAR NORMAL DEPARTURE LAST
                VALUE   (LST)  VALUE       VALUE  FROM      YEAR
                                                  NORMAL
..................................................................
TEMPERATURE (F)
 TODAY
  MAXIMUM         77    259 PM 103    1934  79     -2       71
  MINIMUM         64    710 AM  41    1894  56      8       43
  AVERAGE         71                        68      3       57

PRECIPITATION (IN)
  TODAY            T             2.05 1919   0.15  -0.15     0.00
  MONTH TO DATE    5.42                      4.29   1.13    10.90
  SINCE MAR 1     10.72                      8.93   1.79    13.66
  SINCE JAN 1     12.31                     10.34   1.97    15.50

SNOWFALL (IN)
  TODAY            0.0                       0.0    0.0      0.0
  MONTH TO DATE    0.0                       0.0    0.0      0.0
  SINCE JUL 1     20.5                      25.9   -5.4     21.9
  SNOW DEPTH       0

DEGREE DAYS
 HEATING
  TODAY            0                         2     -2        8
  MONTH TO DATE  127                       148    -21      146
  SINCE MAR 1    963                      1337   -374     1142
  SINCE JUL 1   4880                      6040  -1160     5829

 COOLING
  TODAY            6                         4      2        0
  MONTH TO DATE   62                        65     -3       47
  SINCE MAR 1     71                        79     -8       52
  SINCE JAN 1     71                        79     -8       52
..................................................................


WIND (MPH)
  HIGHEST WIND SPEED    18   HIGHEST WIND DIRECTION    SW (220)
  HIGHEST GUST SPEED    24   HIGHEST GUST DIRECTION     S (190)
  AVERAGE WIND SPEED    10.2


SKY COVER
  POSSIBLE SUNSHINE  MM
  AVERAGE SKY COVER 0.5


WEATHER CONDITIONS
 THE FOLLOWING WEATHER WAS RECORDED TODAY.
  LIGHT RAIN


RELATIVE HUMIDITY (PERCENT)
 HIGHEST    78           600 AM
 LOWEST     50           200 PM
 AVERAGE    64

..........................................................


THE LINCOLN, NEBRASKA CLIMATE NORMALS FOR TOMORROW
                         NORMAL    RECORD    YEAR
 MAXIMUM TEMPERATURE (F)   80        96      1934
 MINIMUM TEMPERATURE (F)   56        40      1979


SUNRISE AND SUNSET
MAY 31 2016...........SUNRISE   558 AM CDT   SUNSET   852 PM CDT
JUNE  1 2016..........SUNRISE   557 AM CDT   SUNSET   853 PM CDT


-  INDICATES NEGATIVE NUMBERS.
R  INDICATES RECORD WAS SET OR TIED.
MM INDICATES DATA IS MISSING.
T  INDICATES TRACE AMOUNT.




$$

KLISH
