537
CDUS43 KOAX 300629
CLILNK


CLIMATE REPORT
NATIONAL WEATHER SERVICE OMAHA NEBRASKA
129 AM CDT FRI SEP 30 2016


...................................

...THE LINCOLN, NEBRASKA CLIMATE SUMMARY FOR SEPTEMBER 29 2016...

CLIMATE NORMAL PERIOD 1981 TO 2010
CLIMATE RECORD PERIOD 1887 TO 2016


WEATHER ITEM   OBSERVED TIME   RECORD YEAR NORMAL DEPARTURE LAST
                VALUE   (LST)  VALUE       VALUE  FROM      YEAR
                                                  NORMAL
..................................................................
TEMPERATURE (F)
 YESTERDAY
  MAXIMUM         73    351 PM  94    2002  73      0       72
  MINIMUM         42    636 AM  26    1984  47     -5       48
  AVERAGE         58                        60     -2       60

PRECIPITATION (IN)
  YESTERDAY        0.00          1.75 1893   0.09  -0.09     0.80
  MONTH TO DATE    3.38                      2.94   0.44     4.93
  SINCE SEP 1      3.38                      2.94   0.44     4.93
  SINCE JAN 1     24.77                     24.52   0.25    34.26

SNOWFALL (IN)
  YESTERDAY        0.0                       0.0    0.0      0.0
  MONTH TO DATE    0.0                       0.0    0.0      0.0
  SINCE JUL 1      0.0                       0.0    0.0      0.0
  SNOW DEPTH       0

DEGREE DAYS
 HEATING
  YESTERDAY        7                         7      0        5
  MONTH TO DATE   33                        87    -54       25
  SINCE SEP 1     33                        87    -54       25
  SINCE JUL 1     34                        93    -59       29

 COOLING
  YESTERDAY        0                         2     -2        0
  MONTH TO DATE  203                       122     81      231
  SINCE SEP 1    203                       122     81      231
  SINCE JAN 1   1432                      1157    275     1212
..................................................................


WIND (MPH)
  HIGHEST WIND SPEED    10   HIGHEST WIND DIRECTION     E (70)
  HIGHEST GUST SPEED    15   HIGHEST GUST DIRECTION     N (20)
  AVERAGE WIND SPEED     5.1


SKY COVER
  POSSIBLE SUNSHINE  MM
  AVERAGE SKY COVER 0.1


WEATHER CONDITIONS
 THE FOLLOWING WEATHER WAS RECORDED YESTERDAY.
  NO SIGNIFICANT WEATHER WAS OBSERVED.


RELATIVE HUMIDITY (PERCENT)
 HIGHEST   100           300 AM
 LOWEST     41           300 PM
 AVERAGE    71

..........................................................


THE LINCOLN, NEBRASKA CLIMATE NORMALS FOR TODAY
                         NORMAL    RECORD    YEAR
 MAXIMUM TEMPERATURE (F)   73        94      1952
 MINIMUM TEMPERATURE (F)   47        28      1984
                                             1895


SUNRISE AND SUNSET
SEPTEMBER 30 2016.....SUNRISE   723 AM CDT   SUNSET   710 PM CDT
OCTOBER  1 2016.......SUNRISE   724 AM CDT   SUNSET   708 PM CDT


-  INDICATES NEGATIVE NUMBERS.
R  INDICATES RECORD WAS SET OR TIED.
MM INDICATES DATA IS MISSING.
T  INDICATES TRACE AMOUNT.




$$
