000
CDUS43 KOAX 222236
CLILNK


CLIMATE REPORT
NATIONAL WEATHER SERVICE OMAHA NEBRASKA
434 PM CST WED FEB 22 2017


...................................

...THE LINCOLN, NEBRASKA CLIMATE SUMMARY FOR FEBRUARY 22 2017...
VALID TODAY AS OF 400 PM LOCAL TIME.

CLIMATE NORMAL PERIOD 1981 TO 2010
CLIMATE RECORD PERIOD 1887 TO 2017


WEATHER ITEM   OBSERVED TIME   RECORD YEAR NORMAL DEPARTURE LAST
                VALUE   (LST)  VALUE       VALUE  FROM      YEAR
                                                  NORMAL
..................................................................
TEMPERATURE (F)
 TODAY
  MAXIMUM         76R   334 PM  74    1982  42     34       45
  MINIMUM         36    735 AM -10    1989  20     16       37
  AVERAGE         56                        31     25       41

PRECIPITATION (IN)
  TODAY            0.00          1.57 1925   0.03  -0.03     0.00
  MONTH TO DATE    0.02                      0.58  -0.56     0.75
  SINCE DEC 1      2.74                      2.17   0.57     6.00
  SINCE JAN 1      1.12                      1.22  -0.10     1.58

SNOWFALL (IN)
  TODAY            0.0                       0.2   -0.2      0.0
  MONTH TO DATE    0.2                       4.5   -4.3      7.3
  SINCE JUL 1      5.1                      18.6  -13.5     20.5
  SNOW DEPTH       0

DEGREE DAYS
 HEATING
  TODAY            9                        34    -25       24
  MONTH TO DATE  558                       812   -254      704
  SINCE DEC 1   2892                      3248   -356     2854
  SINCE JUL 1   3700                      4509   -809     3754

 COOLING
  TODAY            0                         0      0        0
  MONTH TO DATE    0                         0      0        0
  SINCE DEC 1      0                         0      0        0
  SINCE JAN 1      0                         0      0        0
..................................................................


WIND (MPH)
  HIGHEST WIND SPEED    20   HIGHEST WIND DIRECTION     N (350)
  HIGHEST GUST SPEED    25   HIGHEST GUST DIRECTION     N (350)
  AVERAGE WIND SPEED     9.1


SKY COVER
  POSSIBLE SUNSHINE  MM
  AVERAGE SKY COVER 0.0


WEATHER CONDITIONS
 THE FOLLOWING WEATHER WAS RECORDED TODAY.
  NO SIGNIFICANT WEATHER WAS OBSERVED.


RELATIVE HUMIDITY (PERCENT)
 HIGHEST    79           700 AM
 LOWEST     19           400 PM
 AVERAGE    49

..........................................................


THE LINCOLN, NEBRASKA CLIMATE NORMALS FOR TOMORROW
                         NORMAL    RECORD    YEAR
 MAXIMUM TEMPERATURE (F)   43        75      1918
 MINIMUM TEMPERATURE (F)   21       -16      1989


SUNRISE AND SUNSET
FEBRUARY 22 2017......SUNRISE   711 AM CST   SUNSET   610 PM CST
FEBRUARY 23 2017......SUNRISE   710 AM CST   SUNSET   612 PM CST


-  INDICATES NEGATIVE NUMBERS.
R  INDICATES RECORD WAS SET OR TIED.
MM INDICATES DATA IS MISSING.
T  INDICATES TRACE AMOUNT.




$$

KLISH
