000
CDUS43 KOAX 150703
CLILNK


CLIMATE REPORT
NATIONAL WEATHER SERVICE OMAHA NEBRASKA
103 AM CST FRI DEC 15 2017


...................................

...THE LINCOLN, NEBRASKA CLIMATE SUMMARY FOR DECEMBER 14 2017...

CLIMATE NORMAL PERIOD 1981 TO 2010
CLIMATE RECORD PERIOD 1887 TO 2017


WEATHER ITEM   OBSERVED TIME   RECORD YEAR NORMAL DEPARTURE LAST
                VALUE   (LST)  VALUE       VALUE  FROM      YEAR
                                                  NORMAL
..................................................................
TEMPERATURE (F)
 YESTERDAY
  MAXIMUM         43    212 PM  61    1888  37      6       26
  MINIMUM         35   1106 PM -13    1901  16     19        3
  AVERAGE         39                        27     12       15

PRECIPITATION (IN)
  YESTERDAY        T             0.70 2015   0.03  -0.03     0.00
                                      1891
  MONTH TO DATE    T                         0.49  -0.49     0.53
  SINCE DEC 1      T                         0.49  -0.49     0.53
  SINCE JAN 1     36.65                     28.49   8.16    27.81

SNOWFALL (IN)
  YESTERDAY       MM                         0.2   MM        0.0
  MONTH TO DATE    T                         2.6   -2.6      1.5
  SINCE JUL 1      T                         5.4   -5.4      1.5
  SNOW DEPTH       0

DEGREE DAYS
 HEATING
  YESTERDAY       26                        38    -12       50
  MONTH TO DATE  391                       509   -118      553
  SINCE DEC 1    391                       509   -118      553
  SINCE JUL 1   1444                      1770   -326     1361

 COOLING
  YESTERDAY        0                         0      0        0
  MONTH TO DATE    0                         0      0        0
  SINCE DEC 1      0                         0      0        0
  SINCE JAN 1   1252                      1173     79     1449
..................................................................


WIND (MPH)
  HIGHEST WIND SPEED    20   HIGHEST WIND DIRECTION     N (340)
  HIGHEST GUST SPEED    24   HIGHEST GUST DIRECTION     N (340)
  AVERAGE WIND SPEED     9.3


SKY COVER
  POSSIBLE SUNSHINE  MM
  AVERAGE SKY COVER 1.0


WEATHER CONDITIONS
 THE FOLLOWING WEATHER WAS RECORDED YESTERDAY.
  LIGHT RAIN


RELATIVE HUMIDITY (PERCENT)
 HIGHEST    85           600 PM
 LOWEST     51          1200 PM
 AVERAGE    68

..........................................................


THE LINCOLN, NEBRASKA CLIMATE NORMALS FOR TODAY
                         NORMAL    RECORD    YEAR
 MAXIMUM TEMPERATURE (F)   37        64      2002
                                             1939
 MINIMUM TEMPERATURE (F)   16       -15      1989


SUNRISE AND SUNSET
DECEMBER 15 2017......SUNRISE   744 AM CST   SUNSET   500 PM CST
DECEMBER 16 2017......SUNRISE   745 AM CST   SUNSET   500 PM CST


-  INDICATES NEGATIVE NUMBERS.
R  INDICATES RECORD WAS SET OR TIED.
MM INDICATES DATA IS MISSING.
T  INDICATES TRACE AMOUNT.




$$
