000
CDUS43 KOAX 260629
CLILNK


CLIMATE REPORT
NATIONAL WEATHER SERVICE OMAHA NEBRASKA
128 AM CDT FRI AUG 26 2016


...................................

...THE LINCOLN, NEBRASKA CLIMATE SUMMARY FOR AUGUST 25 2016...

CLIMATE NORMAL PERIOD 1981 TO 2010
CLIMATE RECORD PERIOD 1887 TO 2016


WEATHER ITEM   OBSERVED TIME   RECORD YEAR NORMAL DEPARTURE LAST
                VALUE   (LST)  VALUE       VALUE  FROM      YEAR
                                                  NORMAL
..................................................................
TEMPERATURE (F)
 YESTERDAY
  MAXIMUM         79    223 PM 105    1936  86     -7       82
  MINIMUM         57    537 AM  45    1934  62     -5       51
  AVERAGE         68                        74     -6       67

PRECIPITATION (IN)
  YESTERDAY        0.01          3.09 1944   0.12  -0.11     0.00
  MONTH TO DATE    3.30                      2.79   0.51     2.73
  SINCE JUN 1      8.55                     10.54  -1.99    12.78
  SINCE JAN 1     20.86                     20.88  -0.02    28.28

SNOWFALL (IN)
  YESTERDAY        0.0                       0.0    0.0      0.0
  MONTH TO DATE    0.0                       0.0    0.0      0.0
  SINCE JUL 1      0.0                       0.0    0.0      0.0
  SNOW DEPTH       0

DEGREE DAYS
 HEATING
  YESTERDAY        0                         0      0        0
  MONTH TO DATE    0                         0      0        3
  SINCE JUN 1      0                        17    -17        4
  SINCE JUL 1      0                         1     -1        4

 COOLING
  YESTERDAY        3                         9     -6        2
  MONTH TO DATE  281                       274      7      241
  SINCE JUN 1   1103                       906    197      887
  SINCE JAN 1   1174                       985    189      939
..................................................................


WIND (MPH)
  HIGHEST WIND SPEED    13   HIGHEST WIND DIRECTION    NE (40)
  HIGHEST GUST SPEED    16   HIGHEST GUST DIRECTION    NE (40)
  AVERAGE WIND SPEED     5.5


SKY COVER
  POSSIBLE SUNSHINE  MM
  AVERAGE SKY COVER 0.2


WEATHER CONDITIONS
 THE FOLLOWING WEATHER WAS RECORDED YESTERDAY.
  LIGHT RAIN


RELATIVE HUMIDITY (PERCENT)
 HIGHEST    93          1200 AM
 LOWEST     52           400 PM
 AVERAGE    73

..........................................................


THE LINCOLN, NEBRASKA CLIMATE NORMALS FOR TODAY
                         NORMAL    RECORD    YEAR
 MAXIMUM TEMPERATURE (F)   85       105      1926
 MINIMUM TEMPERATURE (F)   62        48      1988
                                             1910


SUNRISE AND SUNSET
AUGUST 26 2016........SUNRISE   648 AM CDT   SUNSET   808 PM CDT
AUGUST 27 2016........SUNRISE   649 AM CDT   SUNSET   806 PM CDT


-  INDICATES NEGATIVE NUMBERS.
R  INDICATES RECORD WAS SET OR TIED.
MM INDICATES DATA IS MISSING.
T  INDICATES TRACE AMOUNT.




$$
