000
CDUS43 KOAX 050646
CLILNK


CLIMATE REPORT
NATIONAL WEATHER SERVICE OMAHA NEBRASKA
145 AM CDT WED AUG 5 2015


...................................

...THE LINCOLN, NEBRASKA CLIMATE SUMMARY FOR AUGUST 4 2015...

CLIMATE NORMAL PERIOD 1981 TO 2010
CLIMATE RECORD PERIOD 1887 TO 2015


WEATHER ITEM   OBSERVED TIME   RECORD YEAR NORMAL DEPARTURE LAST
                VALUE   (LST)  VALUE       VALUE  FROM      YEAR
                                                  NORMAL
..................................................................
TEMPERATURE (F)
 YESTERDAY
  MAXIMUM         89    411 PM 109    1918  88      1       87
  MINIMUM         67    849 AM  45    1978  66      1       64
                                      1974
  AVERAGE         78                        77      1       76

PRECIPITATION (IN)
  YESTERDAY        0.17          1.68 1923   0.10   0.07     0.00
  MONTH TO DATE    0.17                      0.42  -0.25     0.06
  SINCE JUN 1     10.22                      8.17   2.05     6.47
  SINCE JAN 1     25.72                     18.51   7.21    16.22

SNOWFALL (IN)
  YESTERDAY        0.0                       0.0    0.0      0.0
  MONTH TO DATE    0.0                       0.0    0.0      0.0
  SINCE JUL 1      0.0                       0.0    0.0      0.0
  SNOW DEPTH       0

DEGREE DAYS
 HEATING
  YESTERDAY        0                         0      0        0
  MONTH TO DATE    0                         0      0        0
  SINCE JUN 1      1                        17    -16        4
  SINCE JUL 1      1                         1      0        2

 COOLING
  YESTERDAY       13                        12      1       11
  MONTH TO DATE   55                        48      7       46
  SINCE JUN 1    701                       680     21      645
  SINCE JAN 1    753                       759     -6      805
..................................................................


WIND (MPH)
  HIGHEST WIND SPEED    24   HIGHEST WIND DIRECTION     N (020)
  HIGHEST GUST SPEED    30   HIGHEST GUST DIRECTION     N (020)
  AVERAGE WIND SPEED    10.0


SKY COVER
  POSSIBLE SUNSHINE  MM
  AVERAGE SKY COVER 0.3


WEATHER CONDITIONS
 THE FOLLOWING WEATHER WAS RECORDED YESTERDAY.
  THUNDERSTORM
  LIGHT RAIN
  FOG


RELATIVE HUMIDITY (PERCENT)
 HIGHEST    93           800 AM
 LOWEST     50           400 PM
 AVERAGE    72

..........................................................


THE LINCOLN, NEBRASKA CLIMATE NORMALS FOR TODAY
                         NORMAL    RECORD    YEAR
 MAXIMUM TEMPERATURE (F)   88       109      1934
 MINIMUM TEMPERATURE (F)   66        48      1994
                                             1974


SUNRISE AND SUNSET
AUGUST  5 2015........SUNRISE   627 AM CDT   SUNSET   838 PM CDT
AUGUST  6 2015........SUNRISE   628 AM CDT   SUNSET   837 PM CDT


-  INDICATES NEGATIVE NUMBERS.
R  INDICATES RECORD WAS SET OR TIED.
MM INDICATES DATA IS MISSING.
T  INDICATES TRACE AMOUNT.




$$
