670
CDUS43 KOAX 172231
CLILNK


CLIMATE REPORT
NATIONAL WEATHER SERVICE OMAHA NEBRASKA
429 PM CST TUE JAN 17 2017


...................................

...THE LINCOLN, NEBRASKA CLIMATE SUMMARY FOR JANUARY 17 2017...
VALID TODAY AS OF 0400 PM LOCAL TIME.

CLIMATE NORMAL PERIOD 1981 TO 2010
CLIMATE RECORD PERIOD 1887 TO 2017


WEATHER ITEM   OBSERVED TIME   RECORD YEAR NORMAL DEPARTURE LAST
                VALUE   (LST)  VALUE       VALUE  FROM      YEAR
                                                  NORMAL
..................................................................
TEMPERATURE (F)
 TODAY
  MAXIMUM         38    318 PM  64    1986  35      3       11
  MINIMUM         23    834 AM -16    1930  14      9       -9
  AVERAGE         31                        24      7        1

PRECIPITATION (IN)
  TODAY            0.00          0.45 1960   0.02  -0.02      T
  MONTH TO DATE    0.95                      0.33   0.62     0.55
  SINCE DEC 1      2.57                      1.28   1.29     4.97
  SINCE JAN 1      0.95                      0.33   0.62     0.55

SNOWFALL (IN)
  TODAY            0.0                       0.1   -0.1       T
  MONTH TO DATE    2.0                       2.7   -0.7      1.3
  SINCE JUL 1      3.7                      11.4   -7.7      8.7
  SNOW DEPTH       0

DEGREE DAYS
 HEATING
  TODAY           34                        41     -7       64
  MONTH TO DATE  736                       694     42      678
  SINCE DEC 1   1919                      1878     41     1642
  SINCE JUL 1   2727                      3139   -412     2542

 COOLING
  TODAY            0                         0      0        0
  MONTH TO DATE    0                         0      0        0
  SINCE DEC 1      0                         0      0        0
  SINCE JAN 1      0                         0      0        0
..................................................................


WIND (MPH)
  HIGHEST WIND SPEED    16   HIGHEST WIND DIRECTION     N (340)
  HIGHEST GUST SPEED    21   HIGHEST GUST DIRECTION    NW (330)
  AVERAGE WIND SPEED     8.6


SKY COVER
  POSSIBLE SUNSHINE  MM
  AVERAGE SKY COVER 0.3


WEATHER CONDITIONS
 THE FOLLOWING WEATHER WAS RECORDED TODAY.
  NO SIGNIFICANT WEATHER WAS OBSERVED.


RELATIVE HUMIDITY (PERCENT)
 HIGHEST    89           100 AM
 LOWEST     70           300 PM
 AVERAGE    80

..........................................................


THE LINCOLN, NEBRASKA CLIMATE NORMALS FOR TOMORROW
                         NORMAL    RECORD    YEAR
 MAXIMUM TEMPERATURE (F)   35        66      1951
 MINIMUM TEMPERATURE (F)   14       -21      1940


SUNRISE AND SUNSET
JANUARY 17 2017.......SUNRISE   748 AM CST   SUNSET   527 PM CST
JANUARY 18 2017.......SUNRISE   748 AM CST   SUNSET   528 PM CST


-  INDICATES NEGATIVE NUMBERS.
R  INDICATES RECORD WAS SET OR TIED.
MM INDICATES DATA IS MISSING.
T  INDICATES TRACE AMOUNT.




$$
