000
CDUS43 KLOT 290635
CLILOT


CLIMATE REPORT
NATIONAL WEATHER SERVICE CHICAGO IL
134 AM CDT SUN MAY 29 2016


...................................

...THE ROMEOVILLE  WFO CLIMATE SUMMARY FOR MAY 28 2016...

CLIMATE NORMAL PERIOD 1981 TO 2010
CLIMATE RECORD PERIOD 1992 TO 2016


WEATHER ITEM   OBSERVED RECORD YEAR NORMAL DEPARTURE LAST
                VALUE   VALUE       VALUE  FROM      YEAR
                                           NORMAL
...........................................................
TEMPERATURE (F)
 YESTERDAY
  MAXIMUM         83     93    2012  75      8       84
  MINIMUM         66     33    1992  54     12       55
  AVERAGE         75                 64     11       70

PRECIPITATION (IN)
  YESTERDAY        0.03   1.63 1996   0.13  -0.10     0.00
  MONTH TO DATE    3.01               3.83  -0.82     3.96
  SINCE MAR 1      9.64              10.56  -0.92     8.21
  SINCE JAN 1     11.71              14.27  -2.56    11.05

DEGREE DAYS
 HEATING
  YESTERDAY        0                  4     -4
  MONTH TO DATE  213                183     30
  SINCE MAR 1   1312               1449   -137
  SINCE JUL 1   5345               6177   -832

 COOLING
  YESTERDAY       10                  3      7
  MONTH TO DATE   54                 44     10
  SINCE MAR 1     65                 49     16
  SINCE JAN 1     65                 49     16
...........................................................







THE ROMEOVILLE  WFO CLIMATE NORMALS FOR TODAY
                         NORMAL    RECORD    YEAR
 MAXIMUM TEMPERATURE (F)   75        92      2006
 MINIMUM TEMPERATURE (F)   54        39      1992


SUNRISE AND SUNSET
MAY 29 2016...........SUNRISE   522 AM CDT   SUNSET   818 PM CDT
MAY 30 2016...........SUNRISE   521 AM CDT   SUNSET   819 PM CDT


-  INDICATES NEGATIVE NUMBERS.
R  INDICATES RECORD WAS SET OR TIED.
MM INDICATES DATA IS MISSING.
T  INDICATES TRACE AMOUNT.




$$
