000
CDUS43 KLOT 020636
CLILOT


CLIMATE REPORT
NATIONAL WEATHER SERVICE CHICAGO IL
1235 AM CST MON MAR 2 2015


...................................

...THE ROMEOVILLE  WFO CLIMATE SUMMARY FOR MARCH 1 2015...

CLIMATE NORMAL PERIOD 1981 TO 2010
CLIMATE RECORD PERIOD 1992 TO 2015


WEATHER ITEM   OBSERVED RECORD YEAR NORMAL DEPARTURE LAST
                VALUE   VALUE       VALUE  FROM      YEAR
                                           NORMAL
...........................................................
TEMPERATURE (F)
 YESTERDAY
  MAXIMUM         24     71    1992  41    -17       29
  MINIMUM         13     10    2014  24    -11       10
  AVERAGE         19                 33    -14       20

PRECIPITATION (IN)
  YESTERDAY        0.02   0.72 2007   0.09  -0.07     0.09
  MONTH TO DATE    0.02               0.09  -0.07     0.09
  SINCE MAR 1      0.02               0.09  -0.07     0.09
  SINCE JAN 1      2.86               3.80  -0.94     4.95

SNOWFALL (IN)
  YESTERDAY        0.3    2.3  2002   0.2    0.1      1.6
  MONTH TO DATE    0.3                0.2    0.1      1.6
  SINCE MAR 1      0.3                0.2    0.1      1.6
  SINCE JUL 1     31.5               27.6    3.9     67.1
  SNOW DEPTH       7

DEGREE DAYS
 HEATING
  YESTERDAY       46                 32     14
  MONTH TO DATE   46                 32     14
  SINCE MAR 1     46                 32     14
  SINCE JUL 1   5291               4760    531

 COOLING
  YESTERDAY        0                  0      0
  MONTH TO DATE    0                  0      0
  SINCE MAR 1      0                  0      0
  SINCE JAN 1      0                  0      0
...........................................................







THE ROMEOVILLE  WFO CLIMATE NORMALS FOR TODAY
                         NORMAL    RECORD    YEAR
 MAXIMUM TEMPERATURE (F)   41        59      2008
 MINIMUM TEMPERATURE (F)   25         1      2014


SUNRISE AND SUNSET
MARCH  2 2015.........SUNRISE   626 AM CST   SUNSET   544 PM CST
MARCH  3 2015.........SUNRISE   624 AM CST   SUNSET   545 PM CST


-  INDICATES NEGATIVE NUMBERS.
R  INDICATES RECORD WAS SET OR TIED.
MM INDICATES DATA IS MISSING.
T  INDICATES TRACE AMOUNT.




$$
