000
CDUS43 KLOT 250639
CLILOT


CLIMATE REPORT
NATIONAL WEATHER SERVICE CHICAGO IL
138 AM CDT SAT MAR 25 2017


...................................

...THE ROMEOVILLE  WFO CLIMATE SUMMARY FOR MARCH 24 2017...

CLIMATE NORMAL PERIOD 1981 TO 2010
CLIMATE RECORD PERIOD 1992 TO 2017


WEATHER ITEM   OBSERVED RECORD YEAR NORMAL DEPARTURE LAST
                VALUE   VALUE       VALUE  FROM      YEAR
                                           NORMAL
...........................................................
TEMPERATURE (F)
 YESTERDAY
  MAXIMUM         80R    76    2003  51     29       47
  MINIMUM         41     18    2014  32      9       30
  AVERAGE         61                 42     19       39

PRECIPITATION (IN)
  YESTERDAY        0.33   1.05 2016   0.09   0.24     1.05
  MONTH TO DATE    1.99               2.12  -0.13     3.11
  SINCE MAR 1      1.99               2.12  -0.13     3.11
  SINCE JAN 1      7.70               5.83   1.87     5.18

SNOWFALL (IN)
  YESTERDAY        0.0    2.0  2006   0.0    0.0       T
  MONTH TO DATE    4.9                4.0    0.9      2.0
  SINCE MAR 1      4.9                4.0    0.9      2.0
  SINCE JUL 1     24.3               31.4   -7.1     21.9
  SNOW DEPTH       0

DEGREE DAYS
 HEATING
  YESTERDAY        4                 23    -19
  MONTH TO DATE  659                665     -6
  SINCE MAR 1    659                665     -6
  SINCE JUL 1   4634               5393   -759

 COOLING
  YESTERDAY        0                  0      0
  MONTH TO DATE    0                  0      0
  SINCE MAR 1      0                  0      0
  SINCE JAN 1      0                  0      0
...........................................................







THE ROMEOVILLE  WFO CLIMATE NORMALS FOR TODAY
                         NORMAL    RECORD    YEAR
 MAXIMUM TEMPERATURE (F)   52        78      2007
 MINIMUM TEMPERATURE (F)   33        16      2001
                                             1996


SUNRISE AND SUNSET
MARCH 25 2017.........SUNRISE   647 AM CDT   SUNSET   710 PM CDT
MARCH 26 2017.........SUNRISE   645 AM CDT   SUNSET   711 PM CDT


-  INDICATES NEGATIVE NUMBERS.
R  INDICATES RECORD WAS SET OR TIED.
MM INDICATES DATA IS MISSING.
T  INDICATES TRACE AMOUNT.




$$
