000
CDUS43 KLOT 130633
CLILOT


CLIMATE REPORT
NATIONAL WEATHER SERVICE CHICAGO IL
1232 AM CST SAT FEB 13 2016


...................................

...THE ROMEOVILLE  WFO CLIMATE SUMMARY FOR FEBRUARY 12 2016...

CLIMATE NORMAL PERIOD 1981 TO 2010
CLIMATE RECORD PERIOD 1992 TO 2016


WEATHER ITEM   OBSERVED RECORD YEAR NORMAL DEPARTURE LAST
                VALUE   VALUE       VALUE  FROM      YEAR
                                           NORMAL
...........................................................
TEMPERATURE (F)
 YESTERDAY
  MAXIMUM         24     53    2005  34    -10       17
  MINIMUM          7     -8    2014  19    -12        4
  AVERAGE         16                 27    -11       11

PRECIPITATION (IN)
  YESTERDAY        0.01   0.11 2008   0.06  -0.05      T
  MONTH TO DATE    0.82               0.67   0.15     1.14
  SINCE DEC 1      7.70               4.85   2.85     3.70
  SINCE JAN 1      1.85               2.60  -0.75     2.65

SNOWFALL (IN)
  YESTERDAY        0.7    1.8  1997   0.2    0.5      0.1
  MONTH TO DATE    1.3                3.0   -1.7     15.2
  SINCE DEC 1     12.4               23.1  -10.7     26.0
  SINCE JUL 1     17.1               24.0   -6.9     27.4
  SNOW DEPTH       0

DEGREE DAYS
 HEATING
  YESTERDAY       49                 38     11
  MONTH TO DATE  467                478    -11
  SINCE DEC 1   2508               2940   -432
  SINCE JUL 1   3510               4159   -649

 COOLING
  YESTERDAY        0                  0      0
  MONTH TO DATE    0                  0      0
  SINCE DEC 1      0                  0      0
  SINCE JAN 1      0                  0      0
...........................................................







THE ROMEOVILLE  WFO CLIMATE NORMALS FOR TODAY
                         NORMAL    RECORD    YEAR
 MAXIMUM TEMPERATURE (F)   35        46      2005
 MINIMUM TEMPERATURE (F)   19         1      2015


SUNRISE AND SUNSET
FEBRUARY 13 2016......SUNRISE   651 AM CST   SUNSET   523 PM CST
FEBRUARY 14 2016......SUNRISE   650 AM CST   SUNSET   524 PM CST


-  INDICATES NEGATIVE NUMBERS.
R  INDICATES RECORD WAS SET OR TIED.
MM INDICATES DATA IS MISSING.
T  INDICATES TRACE AMOUNT.




$$
