000
CDUS43 KLMK 282037
CLILOU


CLIMATE REPORT
NATIONAL WEATHER SERVICE LOUISVILLE KY
437 PM EDT THU MAY 28 2015


...................................

...THE LOUISVILLE BOWMAN KY CLIMATE SUMMARY FOR MAY 28 2015...
VALID TODAY AS OF 0400 PM LOCAL TIME.

CLIMATE NORMAL PERIOD 1981 TO 2010
CLIMATE RECORD PERIOD 9999 TO 9999


WEATHER ITEM   OBSERVED TIME   RECORD YEAR NORMAL DEPARTURE LAST
                VALUE   (LST)  VALUE       VALUE  FROM      YEAR
                                                  NORMAL
..................................................................
TEMPERATURE (F)
 TODAY
  MAXIMUM         80    254 PM  MM      MM  80      0       87
  MINIMUM         63    337 AM  MM      MM  60      3       71
  AVERAGE         72                        70      2       79

PRECIPITATION (IN)
  TODAY            0.00         MM      MM   0.16  -0.16     0.05
  MONTH TO DATE    2.04                      4.68  -2.64     4.12
  SINCE MAR 1     18.61                     12.92   5.69    13.76
  SINCE JAN 1     21.39                     19.48   1.91    19.53

SNOWFALL (IN)
  TODAY           MM            MM      MM  MM     MM       MM
  MONTH TO DATE   MM                        MM     MM       MM
  SINCE MAR 1     MM                        MM     MM       MM
  SINCE JUL 1     MM                        MM     MM       MM
  SNOW DEPTH      MM

DEGREE DAYS
 HEATING
  TODAY            0                         1     -1        0
  MONTH TO DATE   36                        71    -35       65
  SINCE MAR 1    830                       901    -71      897
  SINCE JUL 1   4614                      4262    352     4706

 COOLING
  TODAY            7                         6      1       14
  MONTH TO DATE  152                        95     57      179
  SINCE MAR 1    173                       129     44      213
  SINCE JAN 1    173                       129     44      213
..................................................................


WIND (MPH)
  HIGHEST WIND SPEED    10   HIGHEST WIND DIRECTION    SE (120)
  HIGHEST GUST SPEED    14   HIGHEST GUST DIRECTION     E (110)
  AVERAGE WIND SPEED     2.5


SKY COVER
  POSSIBLE SUNSHINE  MM
  AVERAGE SKY COVER 0.7


WEATHER CONDITIONS
 THE FOLLOWING WEATHER WAS RECORDED TODAY.
  FOG
  HAZE


RELATIVE HUMIDITY (PERCENT)
 HIGHEST    93           200 AM
 LOWEST     62           300 PM
 AVERAGE    78

..........................................................




SUNRISE AND SUNSET
MAY 28 2015...........SUNRISE   623 AM EDT   SUNSET   857 PM EDT
MAY 29 2015...........SUNRISE   623 AM EDT   SUNSET   858 PM EDT


-  INDICATES NEGATIVE NUMBERS.
R  INDICATES RECORD WAS SET OR TIED.
MM INDICATES DATA IS MISSING.
T  INDICATES TRACE AMOUNT.




$$
