000
CDUS43 KLMK 302035
CLILOU


CLIMATE REPORT
NATIONAL WEATHER SERVICE LOUISVILLE KY
433 PM EDT SAT JUL 30 2016


...................................

...THE LOUISVILLE BOWMAN KY CLIMATE SUMMARY FOR JULY 30 2016...
VALID TODAY AS OF 0400 PM LOCAL TIME.

CLIMATE NORMAL PERIOD 1981 TO 2010
CLIMATE RECORD PERIOD 9999 TO 9999


WEATHER ITEM   OBSERVED TIME   RECORD YEAR NORMAL DEPARTURE LAST
                VALUE   (LST)  VALUE       VALUE  FROM      YEAR
                                                  NORMAL
..................................................................
TEMPERATURE (F)
 TODAY
  MAXIMUM         86    111 PM  MM      MM  87     -1       89
  MINIMUM         73    220 PM  MM      MM  68      5       69
  AVERAGE         80                        78      2       79

PRECIPITATION (IN)
  TODAY            0.39         MM      MM   0.13   0.26     0.00
  MONTH TO DATE    4.59                      4.05   0.54     9.24
  SINCE JUN 1      8.93                      8.19   0.74    16.80
  SINCE JAN 1     28.54                     28.11   0.43    38.42

SNOWFALL (IN)
  TODAY           MM            MM      MM  MM     MM       MM
  MONTH TO DATE   MM                        MM     MM       MM
  SINCE JUN 1     MM                        MM     MM       MM
  SINCE JUL 1     MM                        MM     MM       MM
  SNOW DEPTH      MM

DEGREE DAYS
 HEATING
  TODAY            0                         0      0        0
  MONTH TO DATE    0                         0      0        0
  SINCE JUN 1      0                         3     -3        9
  SINCE JUL 1      0                         0      0        0

 COOLING
  TODAY           15                        13      2       14
  MONTH TO DATE  455                       390     65      410
  SINCE JUN 1    831                       695    136      765
  SINCE JAN 1    978                       842    136      964
..................................................................


WIND (MPH)
  HIGHEST WIND SPEED    23   HIGHEST WIND DIRECTION    NW (300)
  HIGHEST GUST SPEED    30   HIGHEST GUST DIRECTION    NW (300)
  AVERAGE WIND SPEED     3.4


SKY COVER
  POSSIBLE SUNSHINE  MM
  AVERAGE SKY COVER 0.5


WEATHER CONDITIONS
 THE FOLLOWING WEATHER WAS RECORDED TODAY.
  THUNDERSTORM
  HEAVY RAIN
  RAIN
  LIGHT RAIN
  FOG
  HAZE


RELATIVE HUMIDITY (PERCENT)
 HIGHEST    93           200 AM
 LOWEST     57           100 PM
 AVERAGE    75

..........................................................




SUNRISE AND SUNSET
JULY 30 2016..........SUNRISE   644 AM EDT   SUNSET   854 PM EDT
JULY 31 2016..........SUNRISE   645 AM EDT   SUNSET   853 PM EDT


-  INDICATES NEGATIVE NUMBERS.
R  INDICATES RECORD WAS SET OR TIED.
MM INDICATES DATA IS MISSING.
T  INDICATES TRACE AMOUNT.




$$
