000
CDUS43 KLMK 280627
CLILOU


CLIMATE REPORT
NATIONAL WEATHER SERVICE LOUISVILLE KY
227 AM EDT TUE MAR 28 2017


...................................

...THE LOUISVILLE BOWMAN KY CLIMATE SUMMARY FOR MARCH 27 2017...

CLIMATE NORMAL PERIOD 1981 TO 2010
CLIMATE RECORD PERIOD 9999 TO 9999


WEATHER ITEM   OBSERVED TIME   RECORD YEAR NORMAL DEPARTURE LAST
                VALUE   (LST)  VALUE       VALUE  FROM      YEAR
                                                  NORMAL
..................................................................
TEMPERATURE (F)
 YESTERDAY
  MAXIMUM         73    306 PM  MM      MM  61     12       76
  MINIMUM         50    642 AM  MM      MM  41      9       45
  AVERAGE         62                        51     11       61

PRECIPITATION (IN)
  YESTERDAY        0.47         MM      MM   0.15   0.32     0.73
  MONTH TO DATE    3.22                      3.54  -0.32     4.36
  SINCE MAR 1      3.22                      3.54  -0.32     4.36
  SINCE JAN 1      9.24                     10.10  -0.86    10.25

SNOWFALL (IN)
  YESTERDAY       MM            MM      MM  MM     MM       MM
  MONTH TO DATE   MM                        MM     MM       MM
  SINCE MAR 1     MM                        MM     MM       MM
  SINCE JUL 1     MM                        MM     MM       MM
  SNOW DEPTH      MM

DEGREE DAYS
 HEATING
  YESTERDAY        3                        15    -12        4
  MONTH TO DATE  459                       507    -48      331
  SINCE MAR 1    459                       507    -48      331
  SINCE JUL 1   3021                      3868   -847     3118

 COOLING
  YESTERDAY        0                         0      0        0
  MONTH TO DATE    7                         0      7        4
  SINCE MAR 1      7                         0      7        4
  SINCE JAN 1     10                         0     10        4
..................................................................


WIND (MPH)
  HIGHEST WIND SPEED    15   HIGHEST WIND DIRECTION     S (200)
  HIGHEST GUST SPEED    22   HIGHEST GUST DIRECTION     S (190)
  AVERAGE WIND SPEED     3.9


SKY COVER
  POSSIBLE SUNSHINE  MM
  AVERAGE SKY COVER 0.4


WEATHER CONDITIONS
 THE FOLLOWING WEATHER WAS RECORDED YESTERDAY.
  THUNDERSTORM
  HEAVY RAIN
  RAIN
  LIGHT RAIN
  FOG


RELATIVE HUMIDITY (PERCENT)
 HIGHEST    93          1000 PM
 LOWEST     61           200 PM
 AVERAGE    77

..........................................................


THE LOUISVILLE BOWMAN KY CLIMATE NORMALS FOR TODAY
                         NORMAL
 MAXIMUM TEMPERATURE (F)   61
 MINIMUM TEMPERATURE (F)   41


SUNRISE AND SUNSET
MARCH 28 2017.........SUNRISE   733 AM EDT   SUNSET   802 PM EDT
MARCH 29 2017.........SUNRISE   732 AM EDT   SUNSET   803 PM EDT


-  INDICATES NEGATIVE NUMBERS.
R  INDICATES RECORD WAS SET OR TIED.
MM INDICATES DATA IS MISSING.
T  INDICATES TRACE AMOUNT.




$$
