000
CDUS43 KLMK 220632
CLILOU


CLIMATE REPORT
NATIONAL WEATHER SERVICE LOUISVILLE KY
230 AM EDT FRI SEP 22 2017


...................................

...THE LOUISVILLE BOWMAN KY CLIMATE SUMMARY FOR SEPTEMBER 21 2017...

CLIMATE NORMAL PERIOD 1981 TO 2010
CLIMATE RECORD PERIOD 9999 TO 9999


WEATHER ITEM   OBSERVED TIME   RECORD YEAR NORMAL DEPARTURE LAST
                VALUE   (LST)  VALUE       VALUE  FROM      YEAR
                                                  NORMAL
..................................................................
TEMPERATURE (F)
 YESTERDAY
  MAXIMUM         92    331 PM  MM      MM  78     14       91
  MINIMUM         67    518 AM  MM      MM  57     10       63
  AVERAGE         80                        67     13       77

PRECIPITATION (IN)
  YESTERDAY        0.00         MM      MM   0.11  -0.11     0.00
  MONTH TO DATE    5.10                      2.09   3.01     0.83
  SINCE SEP 1      5.10                      2.09   3.01     0.83
  SINCE JAN 1     34.83                     33.63   1.20    36.40

SNOWFALL (IN)
  YESTERDAY       MM            MM      MM  MM     MM       MM
  MONTH TO DATE   MM                        MM     MM       MM
  SINCE SEP 1     MM                        MM     MM       MM
  SINCE JUL 1     MM                        MM     MM       MM
  SNOW DEPTH      MM

DEGREE DAYS
 HEATING
  YESTERDAY        0                         2     -2        0
  MONTH TO DATE   21                        10     11        0
  SINCE SEP 1     21                        10     11        0
  SINCE JUL 1     21                        10     11        0

 COOLING
  YESTERDAY       15                         4     11       12
  MONTH TO DATE   92                       147    -55      246
  SINCE SEP 1     92                       147    -55      246
  SINCE JAN 1   1426                      1386     40     1720
..................................................................


WIND (MPH)
  HIGHEST WIND SPEED     6   HIGHEST WIND DIRECTION    NE (50)
  HIGHEST GUST SPEED     9   HIGHEST GUST DIRECTION    NW (300)
  AVERAGE WIND SPEED     0.3


SKY COVER
  POSSIBLE SUNSHINE  MM
  AVERAGE SKY COVER 0.1


WEATHER CONDITIONS
 THE FOLLOWING WEATHER WAS RECORDED YESTERDAY.
  FOG


RELATIVE HUMIDITY (PERCENT)
 HIGHEST   100           100 AM
 LOWEST     49           400 PM
 AVERAGE    75

..........................................................


THE LOUISVILLE BOWMAN KY CLIMATE NORMALS FOR TODAY
                         NORMAL
 MAXIMUM TEMPERATURE (F)   77
 MINIMUM TEMPERATURE (F)   56


SUNRISE AND SUNSET
SEPTEMBER 22 2017.....SUNRISE   731 AM EDT   SUNSET   739 PM EDT
SEPTEMBER 23 2017.....SUNRISE   731 AM EDT   SUNSET   738 PM EDT


-  INDICATES NEGATIVE NUMBERS.
R  INDICATES RECORD WAS SET OR TIED.
MM INDICATES DATA IS MISSING.
T  INDICATES TRACE AMOUNT.

$$

SCHOETTMER
