000
CDUS43 KJKL 010537
CLILOZ

CLIMATE REPORT
NATIONAL WEATHER SERVICE JACKSON KY
1236 AM EST SUN FEB 1 2015

...................................

...THE LONDON KY CLIMATE SUMMARY FOR JANUARY 31 2015...

CLIMATE NORMAL PERIOD 1981 TO 2010
CLIMATE RECORD PERIOD 1954 TO 2015

WEATHER ITEM   OBSERVED TIME   RECORD YEAR NORMAL DEPARTURE LAST
                VALUE   (LST)  VALUE       VALUE  FROM      YEAR
                                                  NORMAL
..................................................................
TEMPERATURE (F)
 YESTERDAY
  MAXIMUM         44    402 PM  74    2002  46     -2       45
  MINIMUM         19    800 AM -11    1966  27     -8       23
  AVERAGE         32                        37     -5       34

PRECIPITATION (IN)
  YESTERDAY        0.00          1.67 1958   0.13  -0.13     0.00
  MONTH TO DATE    2.38                      3.54  -1.16     2.28
  SINCE DEC 1      6.19                      7.78  -1.59     8.72
  SINCE JAN 1      2.38                      3.54  -1.16     2.28

SNOWFALL (IN)
  YESTERDAY       MM
  MONTH TO DATE   MM
  SINCE DEC 1     MM
  SINCE JUL 1     MM
  SNOW DEPTH      MM

DEGREE DAYS
 HEATING
  YESTERDAY       33                        28      5       31
  MONTH TO DATE  942                       915     27     1124
  SINCE DEC 1   1665                      1733    -68     1864
  SINCE JUL 1   2609                      2563     46     2731

 COOLING
  YESTERDAY        0                         0      0        0
  MONTH TO DATE    0                         0      0        0
  SINCE DEC 1      0                         1     -1        0
  SINCE JAN 1      0                         0      0        0
..................................................................

WIND (MPH)
  HIGHEST WIND SPEED     7   HIGHEST WIND DIRECTION    SW (240)
  HIGHEST GUST SPEED    10   HIGHEST GUST DIRECTION    SW (230)
  AVERAGE WIND SPEED     1.8

SKY COVER
  POSSIBLE SUNSHINE  MM
  AVERAGE SKY COVER 0.2

WEATHER CONDITIONS
 THE FOLLOWING WEATHER WAS RECORDED YESTERDAY.
  NO SIGNIFICANT WEATHER WAS OBSERVED.

RELATIVE HUMIDITY (PERCENT)
 HIGHEST    77           400 AM
 LOWEST     22           500 PM
 AVERAGE    50
..........................................................

THE LONDON KY CLIMATE NORMALS FOR TODAY
                         NORMAL    RECORD    YEAR
 MAXIMUM TEMPERATURE (F)   46        71      1988
 MINIMUM TEMPERATURE (F)   27       -11      1971

SUNRISE AND SUNSET
FEBRUARY  1 2015......SUNRISE   739 AM EST   SUNSET   601 PM EST
FEBRUARY  2 2015......SUNRISE   738 AM EST   SUNSET   602 PM EST

-  INDICATES NEGATIVE NUMBERS.
R  INDICATES RECORD WAS SET OR TIED.
MM INDICATES DATA IS MISSING.
T  INDICATES TRACE AMOUNT.

$$

GEOGERIAN
