000
CDUS43 KJKL 292023
CLILOZ

CLIMATE REPORT
NATIONAL WEATHER SERVICE JACKSON KY
423 PM EDT FRI JUL 29 2016

...................................

...THE LONDON KY CLIMATE SUMMARY FOR JULY 29 2016...
VALID TODAY AS OF 0400 PM LOCAL TIME.

CLIMATE NORMAL PERIOD 1981 TO 2010
CLIMATE RECORD PERIOD 1954 TO 2016

WEATHER ITEM   OBSERVED TIME   RECORD YEAR NORMAL DEPARTURE LAST
                VALUE   (LST)  VALUE       VALUE  FROM      YEAR
                                                  NORMAL
..................................................................
TEMPERATURE (F)
 TODAY
  MAXIMUM         84   1256 PM  96    1999  86     -2       90
  MINIMUM         69    413 AM  51    2013  66      3       71
  AVERAGE         77                        76      1       81

PRECIPITATION (IN)
  TODAY            0.95          1.71 2000   0.12   0.83     0.00
  MONTH TO DATE    7.93                      3.80   4.13    11.23
  SINCE JUN 1     10.26                      8.20   2.06    16.20

SNOWFALL (IN)
  TODAY           MM
  MONTH TO DATE   MM
  SINCE JUN 1     MM
  SINCE JUL 1     MM
  SNOW DEPTH      MM

DEGREE DAYS
 HEATING
  TODAY            0                         0      0        0
  MONTH TO DATE    0                         0      0        0
  SINCE JUN 1      2                         9     -7        2
  SINCE JUL 1      0                         0      0        0

 COOLING
  TODAY           12                        11      1       16
  MONTH TO DATE  389                       319     70      368
  SINCE JUN 1    688                       562    126      675
  SINCE JAN 1    790                       676    114      869
..................................................................

WIND (MPH)
  HIGHEST WIND SPEED    29   HIGHEST WIND DIRECTION     W (270)
  HIGHEST GUST SPEED    36   HIGHEST GUST DIRECTION     W (270)
  AVERAGE WIND SPEED     4.7

SKY COVER
  POSSIBLE SUNSHINE  MM
  AVERAGE SKY COVER 0.8

WEATHER CONDITIONS
 THE FOLLOWING WEATHER WAS RECORDED TODAY.
  THUNDERSTORM
  HEAVY RAIN
  RAIN
  LIGHT RAIN
  FOG
  FOG W/VISIBILITY <= 1/4 MILE

RELATIVE HUMIDITY (PERCENT)
 HIGHEST    97           200 AM
 LOWEST     61           100 PM
 AVERAGE    79

..........................................................

THE LONDON KY CLIMATE NORMALS FOR TOMORROW
                         NORMAL    RECORD    YEAR
 MAXIMUM TEMPERATURE (F)   86       101      1999
 MINIMUM TEMPERATURE (F)   66        54      2014
                                             1974

SUNRISE AND SUNSET
JULY 29 2016..........SUNRISE   639 AM EDT   SUNSET   846 PM EDT
JULY 30 2016..........SUNRISE   640 AM EDT   SUNSET   845 PM EDT

-  INDICATES NEGATIVE NUMBERS.
R  INDICATES RECORD WAS SET OR TIED.
MM INDICATES DATA IS MISSING.
T  INDICATES TRACE AMOUNT.

$$

CARICO
