000
CDUS43 KJKL 290538
CLILOZ

CLIMATE REPORT
NATIONAL WEATHER SERVICE JACKSON KY
1238 AM EST SAT NOV 29 2014

...................................

...THE LONDON KY CLIMATE SUMMARY FOR NOVEMBER 28 2014...

CLIMATE NORMAL PERIOD 1981 TO 2010
CLIMATE RECORD PERIOD 1954 TO 2014

WEATHER ITEM   OBSERVED TIME   RECORD YEAR NORMAL DEPARTURE LAST
                VALUE   (LST)  VALUE       VALUE  FROM      YEAR
                                                  NORMAL
..................................................................
TEMPERATURE (F)
 YESTERDAY
  MAXIMUM         39    411 PM  73    2001  53    -14       38
  MINIMUM         24    550 AM  15    1955  33     -9       16
  AVERAGE         32                        43    -11       27

PRECIPITATION (IN)
  YESTERDAY        0.00          1.88 2011   0.15  -0.15     0.00
  MONTH TO DATE    2.91                      3.54  -0.63     2.78
  SINCE SEP 1     12.65                      9.93   2.72     8.94
  SINCE JAN 1     MM                        42.61  MM       49.98

SNOWFALL (IN)
  YESTERDAY       MM
  MONTH TO DATE   MM
  SINCE SEP 1     MM
  SINCE JUL 1     MM
  SNOW DEPTH      MM

DEGREE DAYS
 HEATING
  YESTERDAY       33                        22     11       38
  MONTH TO DATE  672                       481    191      568
  SINCE SEP 1    917                       786    131      812
  SINCE JUL 1    917                       787    130      812

 COOLING
  YESTERDAY        0                         0      0        0
  MONTH TO DATE    0                         0      0        0
  SINCE SEP 1    193                       164     29      191
  SINCE JAN 1     MM                      1188     MM     1083
..................................................................

WIND (MPH)
  HIGHEST WIND SPEED    14   HIGHEST WIND DIRECTION     W (290)
  HIGHEST GUST SPEED    17   HIGHEST GUST DIRECTION     W (290)
  AVERAGE WIND SPEED     4.4

SKY COVER
  POSSIBLE SUNSHINE  MM
  AVERAGE SKY COVER 0.4

WEATHER CONDITIONS
 THE FOLLOWING WEATHER WAS RECORDED YESTERDAY.
  NO SIGNIFICANT WEATHER WAS OBSERVED.

RELATIVE HUMIDITY (PERCENT)
 HIGHEST    69          1200 AM
 LOWEST     44           300 PM
 AVERAGE    57
..........................................................

THE LONDON KY CLIMATE NORMALS FOR TODAY
                         NORMAL    RECORD    YEAR
 MAXIMUM TEMPERATURE (F)   53        74      2006
 MINIMUM TEMPERATURE (F)   33         7      1976

SUNRISE AND SUNSET
NOVEMBER 29 2014......SUNRISE   729 AM EST   SUNSET   520 PM EST
NOVEMBER 30 2014......SUNRISE   730 AM EST   SUNSET   520 PM EST

-  INDICATES NEGATIVE NUMBERS.
R  INDICATES RECORD WAS SET OR TIED.
MM INDICATES DATA IS MISSING.
T  INDICATES TRACE AMOUNT.

$$

ABE
