000
CDUS43 KJKL 052121
CLILOZ

CLIMATE REPORT
NATIONAL WEATHER SERVICE JACKSON KY
421 PM EST MON DEC 5 2016

...................................

...THE LONDON KY CLIMATE SUMMARY FOR DECEMBER 5 2016...
VALID TODAY AS OF 0400 PM LOCAL TIME.

CLIMATE NORMAL PERIOD 1981 TO 2010
CLIMATE RECORD PERIOD 1954 TO 2016

WEATHER ITEM   OBSERVED TIME   RECORD YEAR NORMAL DEPARTURE LAST
                VALUE   (LST)  VALUE       VALUE  FROM      YEAR
                                                  NORMAL
..................................................................
TEMPERATURE (F)
 TODAY
  MAXIMUM         48    359 PM  72    2013  51     -3       59
                                      2001
  MINIMUM         43    826 AM  12    1969  32     11       24
  AVERAGE         46                        41      5       42

PRECIPITATION (IN)
  TODAY            0.00          0.99 1977   0.14  -0.14     0.00
  MONTH TO DATE    0.33                      0.71  -0.38     1.56
  SINCE DEC 1      0.33                      0.71  -0.38     1.56

SNOWFALL (IN)
  TODAY           MM
  MONTH TO DATE   MM
  SINCE DEC 1     MM
  SINCE JUL 1     MM
  SNOW DEPTH      MM

DEGREE DAYS
 HEATING
  TODAY           19                        24     -5       23
  MONTH TO DATE  122                       117      5      108
  SINCE DEC 1    122                       117      5      108
  SINCE JUL 1    713                       947   -234      773

 COOLING
  TODAY            0                         0      0        0
  MONTH TO DATE    0                         0      0        0
  SINCE DEC 1      0                         0      0        0
  SINCE JAN 1   1507                      1190    317     1387
..................................................................

WIND (MPH)
  HIGHEST WIND SPEED    13   HIGHEST WIND DIRECTION     W (260)
  HIGHEST GUST SPEED    16   HIGHEST GUST DIRECTION    SW (240)
  AVERAGE WIND SPEED     5.0

SKY COVER
  POSSIBLE SUNSHINE  MM
  AVERAGE SKY COVER 0.9

WEATHER CONDITIONS
 THE FOLLOWING WEATHER WAS RECORDED TODAY.
  FOG

RELATIVE HUMIDITY (PERCENT)
 HIGHEST    93          1200 AM
 LOWEST     66           200 PM
 AVERAGE    80

..........................................................

THE LONDON KY CLIMATE NORMALS FOR TOMORROW
                         NORMAL    RECORD    YEAR
 MAXIMUM TEMPERATURE (F)   50        74      1998
 MINIMUM TEMPERATURE (F)   31         5      1977

SUNRISE AND SUNSET
DECEMBER  5 2016......SUNRISE   735 AM EST   SUNSET   519 PM EST
DECEMBER  6 2016......SUNRISE   736 AM EST   SUNSET   519 PM EST

-  INDICATES NEGATIVE NUMBERS.
R  INDICATES RECORD WAS SET OR TIED.
MM INDICATES DATA IS MISSING.
T  INDICATES TRACE AMOUNT.

$$

CARICO
