000
CDUS44 KCRP 190950 RRA
CLILRD

CLIMATE REPORT
NATIONAL WEATHER SERVICE CORPUS CHRISTI TX
444 AM CDT THU OCT 19 2017


...................................

...THE LAREDO CLIMATE SUMMARY FOR OCTOBER 18 2017...

CLIMATE NORMAL PERIOD 1981 TO 2010
CLIMATE RECORD PERIOD 1900 TO 2017


WEATHER ITEM   OBSERVED TIME   RECORD YEAR NORMAL DEPARTURE LAST
                VALUE   (LST)  VALUE       VALUE  FROM      YEAR
                                                  NORMAL
..................................................................
TEMPERATURE (F)
 YESTERDAY
  MAXIMUM         84        MM 102    1926  86     -2       97
  MINIMUM         57        MM  45    1974  65     -8       74
  AVERAGE         71                        75     -4       86

PRECIPITATION (IN)
  YESTERDAY        0.00          1.90 1900   0.08  -0.08     0.00
  MONTH TO DATE    0.29                      1.45  -1.16     0.01
  SINCE SEP 1      9.06                      4.38   4.68     5.06
  SINCE JAN 1     21.65                     17.37   4.28    22.14

SNOWFALL (IN)
  YESTERDAY        0.0
  MONTH TO DATE    0.0
  SINCE SEP 1      0.0
  SINCE JUL 1      0.0

DEGREE DAYS
 HEATING
  YESTERDAY        0                         0      0        0
  MONTH TO DATE    0                         0      0        0
  SINCE SEP 1      0                         1     -1        0
  SINCE JUL 1      0                         1     -1        0

 COOLING
  YESTERDAY        6                        11     -5       21
  MONTH TO DATE  244                       226     18      301
  SINCE SEP 1    837                       768     69      922
  SINCE JAN 1   4562                      4011    551     4341
..................................................................


WIND (MPH)
  HIGHEST WIND SPEED    12   HIGHEST WIND DIRECTION    SE (130)
  HIGHEST GUST SPEED    MM   HIGHEST GUST DIRECTION    MM
  AVERAGE WIND SPEED     6.2


SKY COVER
  POSSIBLE SUNSHINE  MM
  AVERAGE SKY COVER 0.0


WEATHER CONDITIONS
 THE FOLLOWING WEATHER WAS RECORDED YESTERDAY.
  NO SIGNIFICANT WEATHER WAS OBSERVED.


RELATIVE HUMIDITY (PERCENT)
 HIGHEST    93           600 AM
 LOWEST     32           300 PM

..........................................................


THE LAREDO CLIMATE NORMALS FOR TODAY
                         NORMAL    RECORD    YEAR
 MAXIMUM TEMPERATURE (F)   86        99      2004
 MINIMUM TEMPERATURE (F)   65        41      1917


SUNRISE AND SUNSET
OCTOBER 19 2017.......SUNRISE   740 AM CDT   SUNSET   705 PM CDT
OCTOBER 20 2017.......SUNRISE   741 AM CDT   SUNSET   704 PM CDT


-  INDICATES NEGATIVE NUMBERS.
R  INDICATES RECORD WAS SET OR TIED.
MM INDICATES DATA IS MISSING.
T  INDICATES TRACE AMOUNT.




$$
