000
CDUS44 KCRP 230653 RRA
CLILRD

CLIMATE REPORT
NATIONAL WEATHER SERVICE CORPUS CHRISTI TX
149 AM CDT WED AUG 23 2017

...................................

...THE LAREDO CLIMATE SUMMARY FOR AUGUST 22 2017...

CLIMATE NORMAL PERIOD 1981 TO 2010
CLIMATE RECORD PERIOD 1900 TO 2017


WEATHER ITEM   OBSERVED TIME   RECORD YEAR NORMAL DEPARTURE LAST
                VALUE   (LST)  VALUE       VALUE  FROM      YEAR
                                                  NORMAL
..................................................................
TEMPERATURE (F)
 YESTERDAY
  MAXIMUM        101        MM 109    1997 100      1       95
  MINIMUM         76    600 AM  62    1940  77     -1       76
  AVERAGE         89                        88      1       86

PRECIPITATION (IN)
  YESTERDAY        0.00          1.69 2008   0.07  -0.07     0.02
  MONTH TO DATE    0.73                      1.07  -0.34     2.85
  SINCE JUN 1      2.11                      5.31  -3.20     6.11
  SINCE JAN 1     12.51                     12.18   0.33    16.62

SNOWFALL (IN)
  YESTERDAY        0.0
  MONTH TO DATE    0.0
  SINCE JUN 1      0.0
  SINCE JUL 1      0.0

DEGREE DAYS
 HEATING
  YESTERDAY        0                         0      0        0
  MONTH TO DATE    0                         0      0        0
  SINCE JUN 1      0                         0      0        0
  SINCE JUL 1      0                         0      0        0

 COOLING
  YESTERDAY       24                        23      1       21
  MONTH TO DATE  548                       526     22      527
  SINCE JUN 1   2005                      1899    106     1967
  SINCE JAN 1   3528                      3042    486     3231
..................................................................


WIND (MPH)
  HIGHEST WIND SPEED    18   HIGHEST WIND DIRECTION    SE (130)
  HIGHEST GUST SPEED    MM   HIGHEST GUST DIRECTION    MM
  AVERAGE WIND SPEED     9.1


SKY COVER
  POSSIBLE SUNSHINE  MM
  AVERAGE SKY COVER 0.1


WEATHER CONDITIONS
 THE FOLLOWING WEATHER WAS RECORDED YESTERDAY.
  NO SIGNIFICANT WEATHER WAS OBSERVED.


RELATIVE HUMIDITY (PERCENT)
 HIGHEST    94           600 AM
 LOWEST     33           600 PM

..........................................................


THE LAREDO CLIMATE NORMALS FOR TODAY
                         NORMAL    RECORD    YEAR
 MAXIMUM TEMPERATURE (F)   99       109      1997
 MINIMUM TEMPERATURE (F)   77        63      1973


SUNRISE AND SUNSET
AUGUST 23 2017........SUNRISE   713 AM CDT   SUNSET   808 PM CDT
AUGUST 24 2017........SUNRISE   713 AM CDT   SUNSET   807 PM CDT


-  INDICATES NEGATIVE NUMBERS.
R  INDICATES RECORD WAS SET OR TIED.
MM INDICATES DATA IS MISSING.
T  INDICATES TRACE AMOUNT.




$$
