000
CDUS44 KCRP 190922
CLILRD

CLIMATE REPORT
NATIONAL WEATHER SERVICE CORPUS CHRISTI TX
320 AM CST FRI DEC 19 2014


...................................

...THE LAREDO CLIMATE SUMMARY FOR DECEMBER 18 2014...

CLIMATE NORMAL PERIOD 1981 TO 2010
CLIMATE RECORD PERIOD 1900 TO 2014


WEATHER ITEM   OBSERVED TIME   RECORD YEAR NORMAL DEPARTURE LAST
                VALUE   (LST)  VALUE       VALUE  FROM      YEAR
                                                  NORMAL
..................................................................
TEMPERATURE (F)
 YESTERDAY
  MAXIMUM         64   1155 PM  89    2012  67     -3       77
  MINIMUM         57    946 AM  24    1996  46     11       49
  AVERAGE         61                        57      4       63

PRECIPITATION (IN)
  YESTERDAY        T             0.44 1926   0.03  -0.03     0.00
  MONTH TO DATE    0.13                      0.47  -0.34     0.01
  SINCE DEC 1      0.13                      0.47  -0.34     0.01
  SINCE JAN 1     15.80                     19.79  -3.99    20.41

SNOWFALL (IN)
  YESTERDAY        0.0
  MONTH TO DATE    0.0
  SINCE DEC 1      0.0
  SINCE JUL 1      0.0

DEGREE DAYS
 HEATING
  YESTERDAY        4                         9     -5        2
  MONTH TO DATE   46                       146   -100      183
  SINCE DEC 1     46                       146   -100      183
  SINCE JUL 1    204                       261    -57      348

 COOLING
  YESTERDAY        0                         1     -1        0
  MONTH TO DATE   33                        22     11       23
  SINCE DEC 1     33                        22     11       23
  SINCE JAN 1   4508                      4277    231     4505
..................................................................


WIND (MPH)
  HIGHEST WIND SPEED    12   HIGHEST WIND DIRECTION    NW (330)
  HIGHEST GUST SPEED    15   HIGHEST GUST DIRECTION    NW (330)
  AVERAGE WIND SPEED     5.0


SKY COVER
  POSSIBLE SUNSHINE  MM
  AVERAGE SKY COVER 1.0


WEATHER CONDITIONS
 THE FOLLOWING WEATHER WAS RECORDED YESTERDAY.
  LIGHT RAIN
  FOG


RELATIVE HUMIDITY (PERCENT)
 HIGHEST   100           600 AM
 LOWEST     84           500 PM

..........................................................


THE LAREDO CLIMATE NORMALS FOR TODAY
                         NORMAL    RECORD    YEAR
 MAXIMUM TEMPERATURE (F)   67        87      2012
 MINIMUM TEMPERATURE (F)   46        17      1996


SUNRISE AND SUNSET
DECEMBER 19 2014......SUNRISE   723 AM CST   SUNSET   547 PM CST
DECEMBER 20 2014......SUNRISE   723 AM CST   SUNSET   548 PM CST


-  INDICATES NEGATIVE NUMBERS.
R  INDICATES RECORD WAS SET OR TIED.
MM INDICATES DATA IS MISSING.
T  INDICATES TRACE AMOUNT.




$$
