000
CDUS44 KCRP 110034 RRB
CLILRD

CLIMATE REPORT
NATIONAL WEATHER SERVICE CORPUS CHRISTI TX
632 PM CST SAT DEC 10 2016

...................................

...THE LAREDO CLIMATE SUMMARY FOR DECEMBER 10 2016...
VALID TODAY AS OF 600 PM LOCAL TIME.

CLIMATE NORMAL PERIOD 1981 TO 2010
CLIMATE RECORD PERIOD 1900 TO 2016


WEATHER ITEM   OBSERVED TIME   RECORD YEAR NORMAL DEPARTURE LAST
                VALUE   (LST)  VALUE       VALUE  FROM      YEAR
                                                  NORMAL
..................................................................
TEMPERATURE (F)
 TODAY
  MAXIMUM         49        MM  92    1939  68    -19       87
  MINIMUM         44        MM  20    1978  47     -3       56
  AVERAGE         47                        58    -11       72

PRECIPITATION (IN)
  TODAY            0.01          1.89 2011   0.03  -0.02     0.00
  MONTH TO DATE    1.50                      0.25   1.25     0.00
  SINCE DEC 1      1.50                      0.25   1.25     0.00
  SINCE JAN 1     24.38                     19.57   4.81    25.97

SNOWFALL (IN)
  TODAY            0.0
  MONTH TO DATE    0.0
  SINCE DEC 1      0.0
  SINCE JUL 1      0.0

DEGREE DAYS
 HEATING
  TODAY           18                         8     10        0
  MONTH TO DATE   82                        75      7       52
  SINCE DEC 1     82                        75      7       52
  SINCE JUL 1     99                       190    -91      123

 COOLING
  TODAY            0                         1     -1        7
  MONTH TO DATE    6                        14     -8        8
  SINCE DEC 1      6                        14     -8        8
  SINCE JAN 1   4732                      4269    463     4333
..................................................................


WIND (MPH)
  HIGHEST WIND SPEED     8   HIGHEST WIND DIRECTION     E (70)
  HIGHEST GUST SPEED    MM   HIGHEST GUST DIRECTION    MM


SKY COVER
  POSSIBLE SUNSHINE  MM
  AVERAGE SKY COVER 1.0


WEATHER CONDITIONS
 THE FOLLOWING WEATHER WAS RECORDED TODAY.
  LIGHT RAIN


RELATIVE HUMIDITY (PERCENT)
 HIGHEST    93           100 PM
 LOWEST     49          1200 AM
 AVERAGE    71

..........................................................


THE LAREDO CLIMATE NORMALS FOR TOMORROW
                         NORMAL    RECORD    YEAR
 MAXIMUM TEMPERATURE (F)   68        92      1987
 MINIMUM TEMPERATURE (F)   47        24      1916


SUNRISE AND SUNSET
DECEMBER 10 2016......SUNRISE   718 AM CST   SUNSET   544 PM CST
DECEMBER 11 2016......SUNRISE   718 AM CST   SUNSET   544 PM CST


-  INDICATES NEGATIVE NUMBERS.
R  INDICATES RECORD WAS SET OR TIED.
MM INDICATES DATA IS MISSING.
T  INDICATES TRACE AMOUNT.




$$
