000
CDUS44 KCRP 250721
CLILRD

CLIMATE REPORT
NATIONAL WEATHER SERVICE CORPUS CHRISTI TX
221 AM CDT WED MAY 25 2016


...THE LAREDO CLIMATE SUMMARY FOR MAY 24 2016...

CLIMATE NORMAL PERIOD 1981 TO 2010
CLIMATE RECORD PERIOD 1900 TO 2016


WEATHER ITEM   OBSERVED TIME   RECORD YEAR NORMAL DEPARTURE LAST
                VALUE   (LST)  VALUE       VALUE  FROM      YEAR
                                                  NORMAL
..................................................................
TEMPERATURE (F)
 YESTERDAY
  MAXIMUM         92    456 PM 108    2011  95     -3       90
                                      1989
  MINIMUM         77    556 AM  59    1940  73      4       68
  AVERAGE         85                        84      1       79

PRECIPITATION (IN)
  YESTERDAY        T             2.40 1936   0.08  -0.08     0.09
  MONTH TO DATE    2.33                      1.91   0.42     5.83
  SINCE MAR 1      8.21                      4.45   3.76    13.91
  SINCE JAN 1     10.10                      6.29   3.81    14.79

SNOWFALL (IN)
  YESTERDAY        0.0
  MONTH TO DATE    0.0
  SINCE MAR 1      0.0
  SINCE JUL 1      0.0

DEGREE DAYS
 HEATING
  YESTERDAY        0                         0      0        0
  MONTH TO DATE    0                         0      0        0
  SINCE MAR 1     18                        82    -64      129
  SINCE JUL 1    594                       926   -332     1064

 COOLING
  YESTERDAY       20                        19      1       14
  MONTH TO DATE  355                       404    -49      371
  SINCE MAR 1    996                       919     77      774
  SINCE JAN 1   1114                      1004    110      822
..................................................................


WIND (MPH)
  HIGHEST WIND SPEED    20   HIGHEST WIND DIRECTION    SE (140)
  HIGHEST GUST SPEED    38   HIGHEST GUST DIRECTION    SE (120)
  AVERAGE WIND SPEED    11.6


SKY COVER
  POSSIBLE SUNSHINE  MM
  AVERAGE SKY COVER 0.7


WEATHER CONDITIONS
 THE FOLLOWING WEATHER WAS RECORDED YESTERDAY.
  THUNDERSTORM
  HAZE


RELATIVE HUMIDITY (PERCENT)
 HIGHEST    91           700 AM
 LOWEST     60           500 PM

..........................................................


THE LAREDO CLIMATE NORMALS FOR TODAY
                         NORMAL    RECORD    YEAR
 MAXIMUM TEMPERATURE (F)   95       109      1989
 MINIMUM TEMPERATURE (F)   73        60      1918


SUNRISE AND SUNSET
MAY 25 2016...........SUNRISE   644 AM CDT   SUNSET   826 PM CDT
MAY 26 2016...........SUNRISE   644 AM CDT   SUNSET   826 PM CDT


-  INDICATES NEGATIVE NUMBERS.
R  INDICATES RECORD WAS SET OR TIED.
MM INDICATES DATA IS MISSING.
T  INDICATES TRACE AMOUNT.

$$

TMT
