000
CDUS44 KCRP 281007
CLILRD

CLIMATE REPORT
NATIONAL WEATHER SERVICE CORPUS CHRISTI TX
407 AM CST SAT FEB 28 2015


...................................

...THE LAREDO CLIMATE SUMMARY FOR FEBRUARY 27 2015...

CLIMATE NORMAL PERIOD 1981 TO 2010
CLIMATE RECORD PERIOD 1900 TO 2015


WEATHER ITEM   OBSERVED TIME   RECORD YEAR NORMAL DEPARTURE LAST
                VALUE   (LST)  VALUE       VALUE  FROM      YEAR
                                                  NORMAL
..................................................................
TEMPERATURE (F)
 YESTERDAY
  MAXIMUM         46   1206 AM 103    2011  75    -29       61
  MINIMUM         36   1155 PM  28    1924  53    -17       41
  AVERAGE         41                        64    -23       51

PRECIPITATION (IN)
  YESTERDAY        0.01          0.36 1995   0.04  -0.03     0.00
  MONTH TO DATE    0.28                      0.89  -0.61     0.13
  SINCE DEC 1      1.82                      2.67  -0.85     1.44
  SINCE JAN 1      0.87                      1.79  -0.92     0.21

SNOWFALL (IN)
  YESTERDAY        0.0
  MONTH TO DATE    0.0
  SINCE DEC 1      0.0
  SINCE JUL 1      0.0

DEGREE DAYS
 HEATING
  YESTERDAY       24                         4     20       14
  MONTH TO DATE  196                       160     36      208
  SINCE DEC 1    752                       724     28      826
  SINCE JUL 1    910                       839     71      991

 COOLING
  YESTERDAY        0                         3     -3        0
  MONTH TO DATE   39                        55    -16       99
  SINCE DEC 1     84                       118    -34      146
  SINCE JAN 1     48                        83    -35      109
..................................................................


WIND (MPH)
  HIGHEST WIND SPEED    21   HIGHEST WIND DIRECTION    NE (50)
  HIGHEST GUST SPEED    25   HIGHEST GUST DIRECTION    NE (50)
  AVERAGE WIND SPEED    11.9


SKY COVER
  POSSIBLE SUNSHINE  MM
  AVERAGE SKY COVER 1.0


WEATHER CONDITIONS
 THE FOLLOWING WEATHER WAS RECORDED YESTERDAY.
  LIGHT RAIN
  FOG


RELATIVE HUMIDITY (PERCENT)
 HIGHEST    96          1100 PM
 LOWEST     62           600 AM

..........................................................


THE LAREDO CLIMATE NORMALS FOR TODAY
                         NORMAL    RECORD    YEAR
 MAXIMUM TEMPERATURE (F)   75       100      1940
 MINIMUM TEMPERATURE (F)   53        27      1924


SUNRISE AND SUNSET
FEBRUARY 28 2015......SUNRISE   703 AM CST   SUNSET   638 PM CST
MARCH  1 2015.........SUNRISE   702 AM CST   SUNSET   638 PM CST


-  INDICATES NEGATIVE NUMBERS.
R  INDICATES RECORD WAS SET OR TIED.
MM INDICATES DATA IS MISSING.
T  INDICATES TRACE AMOUNT.




$$
