000
CDUS44 KCRP 080944 RRA
CLILRD

CLIMATE REPORT
NATIONAL WEATHER SERVICE CORPUS CHRISTI TX
339 AM CST MON FEB 8 2016


...................................

...THE LAREDO CLIMATE SUMMARY FOR FEBRUARY 7 2016...

CLIMATE NORMAL PERIOD 1981 TO 2010
CLIMATE RECORD PERIOD 1900 TO 2016


WEATHER ITEM   OBSERVED TIME   RECORD YEAR NORMAL DEPARTURE LAST
                VALUE   (LST)  VALUE       VALUE  FROM      YEAR
                                                  NORMAL
..................................................................
TEMPERATURE (F)
 YESTERDAY
  MAXIMUM         75        MM  92    1932  70      5       75
  MINIMUM         36        MM  20    1912  49    -13       54
  AVERAGE         56                        60     -4       65

PRECIPITATION (IN)
  YESTERDAY        0.00          0.65 2003   0.03  -0.03     0.00
  MONTH TO DATE    0.00                      0.22  -0.22     0.17
  SINCE DEC 1      2.01                      2.00   0.01     1.71
  SINCE JAN 1      1.88                      1.12   0.76     0.76

SNOWFALL (IN)
  YESTERDAY        0.0
  MONTH TO DATE    0.0
  SINCE DEC 1      0.0
  SINCE JUL 1      0.0

DEGREE DAYS
 HEATING
  YESTERDAY        9                         7      2        0
  MONTH TO DATE   57                        52      5       68
  SINCE DEC 1    468                       616   -148      624
  SINCE JUL 1    539                       731   -192      782

 COOLING
  YESTERDAY        0                         2     -2        0
  MONTH TO DATE    8                        10     -2        1
  SINCE DEC 1     78                        73      5       46
  SINCE JAN 1     15                        38    -23       10
..................................................................


WIND (MPH)
  HIGHEST WIND SPEED    17   HIGHEST WIND DIRECTION     S (160)
  HIGHEST GUST SPEED    20   HIGHEST GUST DIRECTION     S (180)
  AVERAGE WIND SPEED     7.5


SKY COVER
  POSSIBLE SUNSHINE  MM
  AVERAGE SKY COVER 0.0


WEATHER CONDITIONS
 THE FOLLOWING WEATHER WAS RECORDED YESTERDAY.
  NO SIGNIFICANT WEATHER WAS OBSERVED.


RELATIVE HUMIDITY (PERCENT)
 HIGHEST    59           300 AM
 LOWEST     14           500 PM

..........................................................


THE LAREDO CLIMATE NORMALS FOR TODAY
                         NORMAL    RECORD    YEAR
 MAXIMUM TEMPERATURE (F)   71        94      1918
 MINIMUM TEMPERATURE (F)   49        21      1933


SUNRISE AND SUNSET
FEBRUARY  8 2016......SUNRISE   720 AM CST   SUNSET   624 PM CST
FEBRUARY  9 2016......SUNRISE   720 AM CST   SUNSET   625 PM CST


-  INDICATES NEGATIVE NUMBERS.
R  INDICATES RECORD WAS SET OR TIED.
MM INDICATES DATA IS MISSING.
T  INDICATES TRACE AMOUNT.

$$

GW
