000
CDUS43 KARX 230643
CLILSE


CLIMATE REPORT
NATIONAL WEATHER SERVICE LA CROSSE WI
1243 AM CST THU FEB 23 2017


...................................

...THE LA CROSSE WI CLIMATE SUMMARY FOR FEBRUARY 22 2017...

CLIMATE NORMAL PERIOD 1981 TO 2010
CLIMATE RECORD PERIOD 1873 TO 2017


WEATHER ITEM   OBSERVED TIME   RECORD YEAR NORMAL DEPARTURE LAST
                VALUE   (LST)  VALUE       VALUE  FROM      YEAR
                                                  NORMAL
..................................................................
TEMPERATURE (F)
 YESTERDAY
  MAXIMUM         63R   426 PM  62    1984  34     29       37
  MINIMUM         41    816 PM -22    1873  16     25       27
  AVERAGE         52                        25     27       32

PRECIPITATION (IN)
  YESTERDAY        T             2.05 1922   0.04  -0.04     0.00
  MONTH TO DATE    0.58                      0.78  -0.20     0.78
  SINCE DEC 1      5.46                      3.26   2.20     6.58
  SINCE JAN 1      3.27                      1.90   1.37     1.65

SNOWFALL (IN)
  YESTERDAY       MM             8.8  1928   0.2   MM        0.0
  MONTH TO DATE    0.5                       6.5   -6.0     10.8
  SINCE JUL 1     30.8                      32.8   -2.0     27.4
  SNOW DEPTH       0

DEGREE DAYS
 HEATING
  YESTERDAY       13                        40    -27       33
  MONTH TO DATE  696                       959   -263      943
  SINCE JUL 1   4093                      5278  -1185     4382

 COOLING
  YESTERDAY        0                         0      0        0
  MONTH TO DATE    0                         0      0        0
  SINCE JAN 1      0                         0      0        0
..................................................................


WIND (MPH)
  HIGHEST WIND SPEED    17   HIGHEST WIND DIRECTION     S (180)
  HIGHEST GUST SPEED    21   HIGHEST GUST DIRECTION     S (180)
  AVERAGE WIND SPEED     7.1


SKY COVER
  POSSIBLE SUNSHINE  MM
  AVERAGE SKY COVER 0.1


WEATHER CONDITIONS
 THE FOLLOWING WEATHER WAS RECORDED YESTERDAY.
  NO SIGNIFICANT WEATHER WAS OBSERVED.


RELATIVE HUMIDITY (PERCENT)
 HIGHEST    83           800 PM
 LOWEST     43           400 PM
 AVERAGE    63

..........................................................


THE LA CROSSE WI CLIMATE NORMALS FOR TODAY
                         NORMAL    RECORD    YEAR
 MAXIMUM TEMPERATURE (F)   34        62      2000
 MINIMUM TEMPERATURE (F)   17       -29      1873


SUNRISE AND SUNSET
FEBRUARY 23 2017......SUNRISE   651 AM CST   SUNSET   546 PM CST
FEBRUARY 24 2017......SUNRISE   650 AM CST   SUNSET   547 PM CST


-  INDICATES NEGATIVE NUMBERS.
R  INDICATES RECORD WAS SET OR TIED.
MM INDICATES DATA IS MISSING.
T  INDICATES TRACE AMOUNT.




$$
