000
CDUS43 KARX 290657
CLILSE


CLIMATE REPORT
NATIONAL WEATHER SERVICE LA CROSSE WI
156 AM CDT MON MAY 29 2017


...................................

...THE LA CROSSE WI CLIMATE SUMMARY FOR MAY 28 2017...

CLIMATE NORMAL PERIOD 1981 TO 2010
CLIMATE RECORD PERIOD 1873 TO 2017


WEATHER ITEM   OBSERVED TIME   RECORD YEAR NORMAL DEPARTURE LAST
                VALUE   (LST)  VALUE       VALUE  FROM      YEAR
                                                  NORMAL
..................................................................
TEMPERATURE (F)
 YESTERDAY
  MAXIMUM         76    314 PM  95    1874  74      2       80
  MINIMUM         56   1219 AM  34    1947  52      4       63
  AVERAGE         66                        63      3       72

PRECIPITATION (IN)
  YESTERDAY        0.01          1.62 1879   0.12  -0.11     0.60
  MONTH TO DATE    7.13                      3.16   3.97     2.60
  SINCE MAR 1     13.76                      8.54   5.22     7.29
  SINCE JAN 1     17.62                     10.71   6.91     8.94

SNOWFALL (IN)
  YESTERDAY        0.0           0.0  2002   0.0    0.0      0.0
                                      2001
  MONTH TO DATE    T                         0.1   -0.1      0.0
  SINCE JUL 1     42.2                      43.4   -1.2     40.3
  SNOW DEPTH       0

DEGREE DAYS
 HEATING
  YESTERDAY        0                         4     -4        0
  MONTH TO DATE  203                       193     10      192
  SINCE JUL 1   5757                      7145  -1388     5949

 COOLING
  YESTERDAY        1                         2     -1        7
  MONTH TO DATE   31                        34     -3       52
  SINCE JAN 1     37                        41     -4       63
..................................................................


WIND (MPH)
  HIGHEST WIND SPEED    23   HIGHEST WIND DIRECTION     W (280)
  HIGHEST GUST SPEED    30   HIGHEST GUST DIRECTION     W (280)
  AVERAGE WIND SPEED     9.0


SKY COVER
  POSSIBLE SUNSHINE  MM
  AVERAGE SKY COVER 0.3


WEATHER CONDITIONS
 THE FOLLOWING WEATHER WAS RECORDED YESTERDAY.
  NO SIGNIFICANT WEATHER WAS OBSERVED.


RELATIVE HUMIDITY (PERCENT)
 HIGHEST    93          1200 AM
 LOWEST     33           500 PM
 AVERAGE    63

..........................................................


THE LA CROSSE WI CLIMATE NORMALS FOR TODAY
                         NORMAL    RECORD    YEAR
 MAXIMUM TEMPERATURE (F)   75        95      2006
                                             1934
 MINIMUM TEMPERATURE (F)   53        32      1965


SUNRISE AND SUNSET
MAY 29 2017...........SUNRISE   527 AM CDT   SUNSET   838 PM CDT
MAY 30 2017...........SUNRISE   527 AM CDT   SUNSET   839 PM CDT


-  INDICATES NEGATIVE NUMBERS.
R  INDICATES RECORD WAS SET OR TIED.
MM INDICATES DATA IS MISSING.
T  INDICATES TRACE AMOUNT.




$$
