000
CDUS46 KMTR 120826
CLILVK


CLIMATE REPORT
NATIONAL WEATHER SERVICE SAN FRANCISCO BAY AREA
1225 AM PST FRI FEB 12 2016


...................................

...THE LIVERMORE AIRPORT CLIMATE SUMMARY FOR FEBRUARY 11 2016...

CLIMATE NORMAL PERIOD 1981 TO 2010
CLIMATE RECORD PERIOD 1930 TO 2016


WEATHER ITEM   OBSERVED TIME   RECORD YEAR NORMAL DEPARTURE LAST
                VALUE   (LST)  VALUE       VALUE  FROM      YEAR
                                                  NORMAL
..................................................................
TEMPERATURE (F)
 YESTERDAY
  MAXIMUM         70    426 PM  72    2006  60     10       66
  MINIMUM         42    529 AM  29    1976  40      2       40
  AVERAGE         56                        50      6       53

PRECIPITATION (IN)
  YESTERDAY        0.00          1.35 1938   0.10  -0.10     0.00
  MONTH TO DATE    0.04                      1.02  -0.98     2.26
  SINCE OCT 1      8.98                      9.61  -0.63    11.88
  SINCE JAN 1      3.98                      4.03  -0.05     2.26

DEGREE DAYS
 HEATING
  YESTERDAY        9                        15     -6       12
  MONTH TO DATE  148                       177    -29       92
  SINCE DEC 1   1130                      1303   -173      807
  SINCE JUL 1   1545                      1775   -230     1038

 COOLING
  YESTERDAY        0                         0      0        0
  MONTH TO DATE    0                         0      0        0
  SINCE DEC 1      0                         0      0        0
  SINCE JAN 1      0                         0      0        0
..................................................................


WIND (MPH)
  RESULTANT WIND SPEED   1   RESULTANT WIND DIRECTION   E (70)
  HIGHEST WIND SPEED    12   HIGHEST WIND DIRECTION     E (70)
  HIGHEST GUST SPEED    13   HIGHEST GUST DIRECTION     E (80)
  AVERAGE WIND SPEED     2.5


SKY COVER
  POSSIBLE SUNSHINE  MM
  AVERAGE SKY COVER 0.1


WEATHER CONDITIONS
 THE FOLLOWING WEATHER WAS RECORDED YESTERDAY.
  FOG
  HAZE


RELATIVE HUMIDITY (PERCENT)
 HIGHEST    89           400 AM
 LOWEST     47           100 PM
 AVERAGE    68

..........................................................


THE LIVERMORE AIRPORT CLIMATE NORMALS FOR TODAY
                         NORMAL    RECORD    YEAR
 MAXIMUM TEMPERATURE (F)   60        73      1996
 MINIMUM TEMPERATURE (F)   40        26      1949


SUNRISE AND SUNSET
FEBRUARY 12 2016......SUNRISE   701 AM PST   SUNSET   543 PM PST
FEBRUARY 13 2016......SUNRISE   700 AM PST   SUNSET   544 PM PST


-  INDICATES NEGATIVE NUMBERS.
R  INDICATES RECORD WAS SET OR TIED.
MM INDICATES DATA IS MISSING.
T  INDICATES TRACE AMOUNT.




$$
