000
CDUS46 KMTR 260828
CLILVK


CLIMATE REPORT
NATIONAL WEATHER SERVICE SAN FRANCISCO BAY AREA
128 AM PDT THU MAY 26 2016


...................................

...THE LIVERMORE AIRPORT CLIMATE SUMMARY FOR MAY 25 2016...

CLIMATE NORMAL PERIOD 1981 TO 2010
CLIMATE RECORD PERIOD 1930 TO 2016


WEATHER ITEM   OBSERVED TIME   RECORD YEAR NORMAL DEPARTURE LAST
                VALUE   (LST)  VALUE       VALUE  FROM      YEAR
                                                  NORMAL
..................................................................
TEMPERATURE (F)
 YESTERDAY
  MAXIMUM         71   1226 PM  97    1979  77     -6       72
  MINIMUM         55    440 AM  39    1980  51      4       55
  AVERAGE         63                        64     -1       64

PRECIPITATION (IN)
  YESTERDAY        0.00          0.68 1931   0.01  -0.01     0.00
  MONTH TO DATE    0.20                      0.56  -0.36     0.47
  SINCE OCT 1     15.38                     15.38   0.00    13.51
  SINCE JAN 1     10.38                      9.80   0.58     3.89

DEGREE DAYS
 HEATING
  YESTERDAY        2                         3     -1        1
  MONTH TO DATE   61                       110    -49       77
  SINCE MAR 1    481                       725   -244      371
  SINCE JUL 1   2186                      2732   -546     1557

 COOLING
  YESTERDAY        0                         2     -2        0
  MONTH TO DATE   25                        36    -11       11
  SINCE MAR 1     33                        45    -12       31
  SINCE JAN 1     33                        45    -12       31
..................................................................


WIND (MPH)
  RESULTANT WIND SPEED   9   RESULTANT WIND DIRECTION   W (260)
  HIGHEST WIND SPEED    21   HIGHEST WIND DIRECTION     W (280)
  HIGHEST GUST SPEED    25   HIGHEST GUST DIRECTION     W (280)
  AVERAGE WIND SPEED    10.2


SKY COVER
  POSSIBLE SUNSHINE  MM
  AVERAGE SKY COVER 0.6


WEATHER CONDITIONS
 THE FOLLOWING WEATHER WAS RECORDED YESTERDAY.
  NO SIGNIFICANT WEATHER WAS OBSERVED.


RELATIVE HUMIDITY (PERCENT)
 HIGHEST    83           600 AM
 LOWEST     49          1200 PM
 AVERAGE    66

..........................................................


THE LIVERMORE AIRPORT CLIMATE NORMALS FOR TODAY
                         NORMAL    RECORD    YEAR
 MAXIMUM TEMPERATURE (F)   77       103      1951
 MINIMUM TEMPERATURE (F)   51        37      1953


SUNRISE AND SUNSET
MAY 26 2016...........SUNRISE   550 AM PDT   SUNSET   820 PM PDT
MAY 27 2016...........SUNRISE   549 AM PDT   SUNSET   820 PM PDT


-  INDICATES NEGATIVE NUMBERS.
R  INDICATES RECORD WAS SET OR TIED.
MM INDICATES DATA IS MISSING.
T  INDICATES TRACE AMOUNT.




$$
