000
CDUS46 KMTR 010826
CLILVK


CLIMATE REPORT
NATIONAL WEATHER SERVICE SAN FRANCISCO BAY AREA
126 AM PDT FRI AUG 1 2014


...................................

...THE LIVERMORE AIRPORT CLIMATE SUMMARY FOR JULY 31 2014...

CLIMATE NORMAL PERIOD 1981 TO 2010
CLIMATE RECORD PERIOD 1930 TO 2014


WEATHER ITEM   OBSERVED TIME   RECORD YEAR NORMAL DEPARTURE LAST
                VALUE   (LST)  VALUE       VALUE  FROM      YEAR
                                                  NORMAL
..................................................................
TEMPERATURE (F)
 YESTERDAY
  MAXIMUM         98    349 PM 106    1977  88     10       83
  MINIMUM         60    520 AM  46    1969  57      3       55
  AVERAGE         79                        73      6       69

PRECIPITATION (IN)
  YESTERDAY        0.00          0.14 1966   0.00   0.00     0.00
  MONTH TO DATE    T                         T      0.00     0.00
  SINCE JUL 1      T                         T      0.00     0.00
  SINCE JAN 1      4.88                      9.90  -5.02     2.12

DEGREE DAYS
 HEATING
  YESTERDAY        0                         0      0        0
  MONTH TO DATE    0                         0      0        0
  SINCE JUN 1      4                        36    -32        5
  SINCE JUL 1      0                         4     -4        0

 COOLING
  YESTERDAY       14                         8      6        4
  MONTH TO DATE  327                       231     96      277
  SINCE JUN 1    520                       341    179      467
  SINCE JAN 1    646                       394    252      568
..................................................................


WIND (MPH)
  RESULTANT WIND SPEED   6   RESULTANT WIND DIRECTION   W (290)
  HIGHEST WIND SPEED    16   HIGHEST WIND DIRECTION     W (280)
  HIGHEST GUST SPEED    18   HIGHEST GUST DIRECTION     W (270)
  AVERAGE WIND SPEED     7.2


SKY COVER
  POSSIBLE SUNSHINE  MM
  AVERAGE SKY COVER 0.0


WEATHER CONDITIONS
 THE FOLLOWING WEATHER WAS RECORDED YESTERDAY.
  NO SIGNIFICANT WEATHER WAS OBSERVED.


RELATIVE HUMIDITY (PERCENT)
 HIGHEST    84           500 AM
 LOWEST     16           400 PM
 AVERAGE    50

..........................................................


THE LIVERMORE AIRPORT CLIMATE NORMALS FOR TODAY
                         NORMAL    RECORD    YEAR
 MAXIMUM TEMPERATURE (F)   88       107      1993
 MINIMUM TEMPERATURE (F)   57        46      1961


SUNRISE AND SUNSET
AUGUST  1 2014........SUNRISE   611 AM PDT   SUNSET   816 PM PDT
AUGUST  2 2014........SUNRISE   612 AM PDT   SUNSET   815 PM PDT


-  INDICATES NEGATIVE NUMBERS.
R  INDICATES RECORD WAS SET OR TIED.
MM INDICATES DATA IS MISSING.
T  INDICATES TRACE AMOUNT.




$$
