000
CDUS46 KMTR 220826
CLILVK


CLIMATE REPORT
NATIONAL WEATHER SERVICE SAN FRANCISCO BAY AREA
126 AM PDT WED OCT 22 2014


...................................

...THE LIVERMORE AIRPORT CLIMATE SUMMARY FOR OCTOBER 21 2014...

CLIMATE NORMAL PERIOD 1981 TO 2010
CLIMATE RECORD PERIOD 1930 TO 2014


WEATHER ITEM   OBSERVED TIME   RECORD YEAR NORMAL DEPARTURE LAST
                VALUE   (LST)  VALUE       VALUE  FROM      YEAR
                                                  NORMAL
..................................................................
TEMPERATURE (F)
 YESTERDAY
  MAXIMUM         73    333 PM  94    2003  75     -2       84
  MINIMUM         47    648 AM  32    1949  48     -1       50
  AVERAGE         60                        62     -2       67

PRECIPITATION (IN)
  YESTERDAY        0.00          0.85 1985   0.03  -0.03     0.00
  MONTH TO DATE    0.02                      0.50  -0.48     0.00
  SINCE JUL 1      0.23                      0.73  -0.50     0.47
  SINCE JAN 1      5.11                     10.63  -5.52     2.59

DEGREE DAYS
 HEATING
  YESTERDAY        5                         4      1        0
  MONTH TO DATE    9                        51    -42       25
  SINCE SEP 1      9                        68    -59       29
  SINCE JUL 1      9                        75    -66       29

 COOLING
  YESTERDAY        0                         1     -1        2
  MONTH TO DATE  115                        37     78       26
  SINCE SEP 1    347                       201    146      211
  SINCE JAN 1   1261                       826    435     1035
..................................................................


WIND (MPH)
  RESULTANT WIND SPEED   0   RESULTANT WIND DIRECTION   W (260)
  HIGHEST WIND SPEED    16   HIGHEST WIND DIRECTION     W (270)
  HIGHEST GUST SPEED    18   HIGHEST GUST DIRECTION     W (270)
  AVERAGE WIND SPEED     3.5


SKY COVER
  POSSIBLE SUNSHINE  MM
  AVERAGE SKY COVER 0.0


WEATHER CONDITIONS
 THE FOLLOWING WEATHER WAS RECORDED YESTERDAY.
  NO SIGNIFICANT WEATHER WAS OBSERVED.


RELATIVE HUMIDITY (PERCENT)
 HIGHEST    93          1200 AM
 LOWEST     27           300 PM
 AVERAGE    60

..........................................................


THE LIVERMORE AIRPORT CLIMATE NORMALS FOR TODAY
                         NORMAL    RECORD    YEAR
 MAXIMUM TEMPERATURE (F)   75        90      1964
 MINIMUM TEMPERATURE (F)   48        35      1961


SUNRISE AND SUNSET
OCTOBER 22 2014.......SUNRISE   722 AM PDT   SUNSET   620 PM PDT
OCTOBER 23 2014.......SUNRISE   723 AM PDT   SUNSET   619 PM PDT


-  INDICATES NEGATIVE NUMBERS.
R  INDICATES RECORD WAS SET OR TIED.
MM INDICATES DATA IS MISSING.
T  INDICATES TRACE AMOUNT.




$$
