000
CDUS43 KTOP 232152
CLILWC


CLIMATE REPORT
NATIONAL WEATHER SERVICE TOPEKA KS
451 PM CDT SAT MAY 23 2015


...................................

...THE LAWRENCE KS CLIMATE SUMMARY FOR MAY 23 2015...
VALID TODAY AS OF 430 PM LOCAL TIME.

CLIMATE NORMAL PERIOD 1981 TO 2010
CLIMATE RECORD PERIOD 9999 TO 9999


WEATHER ITEM   OBSERVED NORMAL DEPARTURE LAST
                VALUE   VALUE  FROM      YEAR
                               NORMAL
...............................................
TEMPERATURE (F)
 TODAY
  MAXIMUM         67     79    -12       84
  MINIMUM         58     56      2       59
  AVERAGE         63     67     -4       72

PRECIPITATION (IN)
  TODAY            T      0.20  -0.20      T
  MONTH TO DATE    5.27   3.73   1.54     1.17
  SINCE MAR 1      8.79  10.12  -1.33     5.71
  SINCE JAN 1     10.48  12.43  -1.95     6.76

DEGREE DAYS
 HEATING
  TODAY            2      2      0        0
  MONTH TO DATE   88     94     -6      114
  SINCE MAR 1    931   1058   -127     1209
  SINCE JUL 1   5220   5073    147     5635

 COOLING
  TODAY            0      4     -4        7
  MONTH TO DATE   48     56     -8      102
  SINCE MAR 1     53     79    -26      112
  SINCE JAN 1     53     79    -26      112
...............................................


WIND (MPH)
  HIGHEST WIND SPEED    16   HIGHEST WIND DIRECTION    SE (130)
  HIGHEST GUST SPEED    20   HIGHEST GUST DIRECTION    SE (130)
  AVERAGE WIND SPEED     9.5



WEATHER CONDITIONS
 THE FOLLOWING WEATHER WAS RECORDED TODAY.
  LIGHT RAIN


RELATIVE HUMIDITY (PERCENT)
 HIGHEST    86
 LOWEST     72
 AVERAGE    79

..........................................................


THE LAWRENCE KS CLIMATE NORMALS FOR TOMORROW
                         NORMAL
 MAXIMUM TEMPERATURE (F)   79
 MINIMUM TEMPERATURE (F)   56


SUNRISE AND SUNSET
MAY 23 2015...........SUNRISE   602 AM CDT   SUNSET   834 PM CDT
MAY 24 2015...........SUNRISE   601 AM CDT   SUNSET   834 PM CDT


-  INDICATES NEGATIVE NUMBERS.
R  INDICATES RECORD WAS SET OR TIED.
MM INDICATES DATA IS MISSING.
T  INDICATES TRACE AMOUNT.




$$
