000
CDUS43 KTOP 260632
CLILWC


CLIMATE REPORT
NATIONAL WEATHER SERVICE TOPEKA KS
132 AM CDT SUN MAR 26 2017


...................................

...THE LAWRENCE KS CLIMATE SUMMARY FOR MARCH 25 2017...

CLIMATE NORMAL PERIOD 1981 TO 2010
CLIMATE RECORD PERIOD 9999 TO 9999


WEATHER ITEM   OBSERVED NORMAL DEPARTURE LAST
                VALUE   VALUE  FROM      YEAR
                               NORMAL
...............................................
TEMPERATURE (F)
 YESTERDAY
  MAXIMUM         53     60     -7       61
  MINIMUM         44     35      9       18
  AVERAGE         49     48      1       40

PRECIPITATION (IN)
  YESTERDAY        0.16   0.09   0.07     0.00
  MONTH TO DATE    0.29   2.07  -1.78     0.59
  SINCE MAR 1      0.29   2.07  -1.78     0.59
  SINCE JAN 1      1.30   4.38  -3.08     1.71

DEGREE DAYS
 HEATING
  YESTERDAY       16     17     -1       25
  MONTH TO DATE  436    544   -108      398
  SINCE MAR 1    436    544   -108      398
  SINCE JUL 1   3717   4559   -842     3900

 COOLING
  YESTERDAY        0      0      0        0
  MONTH TO DATE    7      0      7        3
  SINCE MAR 1      7      0      7        3
  SINCE JAN 1      7      0      7        3
...............................................


WIND (MPH)
  HIGHEST WIND SPEED    17   HIGHEST WIND DIRECTION    NW (300)
  HIGHEST GUST SPEED    20   HIGHEST GUST DIRECTION    NW (300)
  AVERAGE WIND SPEED    10.9


SKY COVER
  AVERAGE SKY COVER 1.0


WEATHER CONDITIONS
 THE FOLLOWING WEATHER WAS RECORDED YESTERDAY.
  THUNDERSTORM
  LIGHT RAIN
  FOG


RELATIVE HUMIDITY (PERCENT)
 HIGHEST   100
 LOWEST     86
 AVERAGE    93

..........................................................


THE LAWRENCE KS CLIMATE NORMALS FOR TODAY
                         NORMAL
 MAXIMUM TEMPERATURE (F)   61
 MINIMUM TEMPERATURE (F)   36


SUNRISE AND SUNSET
MARCH 26 2017.........SUNRISE   714 AM CDT   SUNSET   739 PM CDT
MARCH 27 2017.........SUNRISE   713 AM CDT   SUNSET   740 PM CDT


-  INDICATES NEGATIVE NUMBERS.
R  INDICATES RECORD WAS SET OR TIED.
MM INDICATES DATA IS MISSING.
T  INDICATES TRACE AMOUNT.




$$
