659
CDUS43 KTOP 240631
CLILWC


CLIMATE REPORT
NATIONAL WEATHER SERVICE TOPEKA KS
131 AM CDT MON APR 24 2017


...................................

...THE LAWRENCE KS CLIMATE SUMMARY FOR APRIL 23 2017...

CLIMATE NORMAL PERIOD 1981 TO 2010
CLIMATE RECORD PERIOD 9999 TO 9999


WEATHER ITEM   OBSERVED NORMAL DEPARTURE LAST
                VALUE   VALUE  FROM      YEAR
                               NORMAL
...............................................
TEMPERATURE (F)
 YESTERDAY
  MAXIMUM         72     69      3       81
  MINIMUM         34     45    -11       42
  AVERAGE         53     57     -4       62

PRECIPITATION (IN)
  YESTERDAY        0.00   0.14  -0.14     0.00
  MONTH TO DATE    4.29   2.68   1.61     1.13
  SINCE MAR 1      6.65   5.30   1.35     2.78
  SINCE JAN 1      7.66   7.61   0.05     3.90

DEGREE DAYS
 HEATING
  YESTERDAY       12      9      3        3
  MONTH TO DATE  173    272    -99      207
  SINCE MAR 1    692    913   -221      691
  SINCE JUL 1   3973   4928   -955     4193

 COOLING
  YESTERDAY        0      1     -1        0
  MONTH TO DATE   25     16      9        4
  SINCE MAR 1     32     19     13        7
  SINCE JAN 1     32     19     13        7
...............................................


WIND (MPH)
  HIGHEST WIND SPEED    14   HIGHEST WIND DIRECTION    SE (150)
  HIGHEST GUST SPEED    17   HIGHEST GUST DIRECTION    SE (150)
  AVERAGE WIND SPEED     4.7


SKY COVER
  AVERAGE SKY COVER 0.0


WEATHER CONDITIONS
 THE FOLLOWING WEATHER WAS RECORDED YESTERDAY.
  NO SIGNIFICANT WEATHER WAS OBSERVED.


RELATIVE HUMIDITY (PERCENT)
 HIGHEST   100
 LOWEST     23
 AVERAGE    62

..........................................................


THE LAWRENCE KS CLIMATE NORMALS FOR TODAY
                         NORMAL
 MAXIMUM TEMPERATURE (F)   70
 MINIMUM TEMPERATURE (F)   46


SUNRISE AND SUNSET
APRIL 24 2017.........SUNRISE   631 AM CDT   SUNSET   807 PM CDT
APRIL 25 2017.........SUNRISE   630 AM CDT   SUNSET   808 PM CDT


-  INDICATES NEGATIVE NUMBERS.
R  INDICATES RECORD WAS SET OR TIED.
MM INDICATES DATA IS MISSING.
T  INDICATES TRACE AMOUNT.




$$
