000
CDUS43 KTOP 242137
CLILWC


CLIMATE REPORT
NATIONAL WEATHER SERVICE TOPEKA KS
437 PM CDT SUN SEP 24 2017


...................................

...THE LAWRENCE KS CLIMATE SUMMARY FOR SEPTEMBER 24 2017...
VALID TODAY AS OF 430 PM LOCAL TIME.

CLIMATE NORMAL PERIOD 1981 TO 2010
CLIMATE RECORD PERIOD 9999 TO 9999


WEATHER ITEM   OBSERVED NORMAL DEPARTURE LAST
                VALUE   VALUE  FROM      YEAR
                               NORMAL
...............................................
TEMPERATURE (F)
 TODAY
  MAXIMUM         90     78     12       90
  MINIMUM         66     51     15       67
  AVERAGE         78     64     14       79

PRECIPITATION (IN)
  TODAY            0.00   0.13  -0.13     1.14
  MONTH TO DATE    3.00   3.39  -0.39     5.84
  SINCE SEP 1      3.00   3.39  -0.39     5.84
  SINCE JAN 1     30.14  31.25  -1.11    29.43

DEGREE DAYS
 HEATING
  TODAY            0      3     -3        0
  MONTH TO DATE   10     32    -22        2
  SINCE SEP 1     10     32    -22        2
  SINCE JUL 1     13     35    -22        2

 COOLING
  TODAY           13      3     10       14
  MONTH TO DATE  189    137     52      221
  SINCE SEP 1    189    137     52      221
  SINCE JAN 1   1268   1328    -60     1538
...............................................


WIND (MPH)
  HIGHEST WIND SPEED    17   HIGHEST WIND DIRECTION     S (160)
  HIGHEST GUST SPEED    23   HIGHEST GUST DIRECTION     S (160)
  AVERAGE WIND SPEED     7.6



WEATHER CONDITIONS
 THE FOLLOWING WEATHER WAS RECORDED TODAY.
  NO SIGNIFICANT WEATHER WAS OBSERVED.


RELATIVE HUMIDITY (PERCENT)
 HIGHEST    93
 LOWEST     47
 AVERAGE    70

..........................................................


THE LAWRENCE KS CLIMATE NORMALS FOR TOMORROW
                         NORMAL
 MAXIMUM TEMPERATURE (F)   77
 MINIMUM TEMPERATURE (F)   51


SUNRISE AND SUNSET
SEPTEMBER 24 2017.....SUNRISE   711 AM CDT   SUNSET   714 PM CDT
SEPTEMBER 25 2017.....SUNRISE   711 AM CDT   SUNSET   713 PM CDT


-  INDICATES NEGATIVE NUMBERS.
R  INDICATES RECORD WAS SET OR TIED.
MM INDICATES DATA IS MISSING.
T  INDICATES TRACE AMOUNT.




$$
