000
CDUS43 KTOP 040638
CLILWC


CLIMATE REPORT
NATIONAL WEATHER SERVICE TOPEKA KS
138 AM CDT WED MAY 4 2016


...................................

...THE LAWRENCE KS CLIMATE SUMMARY FOR MAY 3 2016...

CLIMATE NORMAL PERIOD 1981 TO 2010
CLIMATE RECORD PERIOD 9999 TO 9999


WEATHER ITEM   OBSERVED NORMAL DEPARTURE LAST
                VALUE   VALUE  FROM      YEAR
                               NORMAL
...............................................
TEMPERATURE (F)
 YESTERDAY
  MAXIMUM         70     72     -2       84
  MINIMUM         37     49    -12       60
  AVERAGE         54     60     -6       72

PRECIPITATION (IN)
  YESTERDAY        0.00   0.18  -0.18     0.02
  MONTH TO DATE    T      0.54  -0.54     0.02
  SINCE MAR 1      6.14   6.93  -0.79     3.54
  SINCE JAN 1      7.26   9.24  -1.98     5.23

DEGREE DAYS
 HEATING
  YESTERDAY       11      6      5        0
  MONTH TO DATE   38     18     20        6
  SINCE MAR 1    762    982   -220      849
  SINCE JUL 1   4264   4997   -733     5138

 COOLING
  YESTERDAY        0      1     -1        7
  MONTH TO DATE    0      3     -3        7
  SINCE MAR 1     18     26     -8       12
  SINCE JAN 1     18     26     -8       12
...............................................


WIND (MPH)
  HIGHEST WIND SPEED    13   HIGHEST WIND DIRECTION    NW (310)
  HIGHEST GUST SPEED    17   HIGHEST GUST DIRECTION     W (280)
  AVERAGE WIND SPEED     2.9


SKY COVER
  AVERAGE SKY COVER 0.1


WEATHER CONDITIONS
 THE FOLLOWING WEATHER WAS RECORDED YESTERDAY.
  FOG
  FOG W/VISIBILITY <= 1/4 MILE
  HAZE


RELATIVE HUMIDITY (PERCENT)
 HIGHEST   100
 LOWEST     37
 AVERAGE    69

..........................................................


THE LAWRENCE KS CLIMATE NORMALS FOR TODAY
                         NORMAL
 MAXIMUM TEMPERATURE (F)   73
 MINIMUM TEMPERATURE (F)   49


SUNRISE AND SUNSET
MAY  4 2016...........SUNRISE   619 AM CDT   SUNSET   817 PM CDT
MAY  5 2016...........SUNRISE   618 AM CDT   SUNSET   818 PM CDT


-  INDICATES NEGATIVE NUMBERS.
R  INDICATES RECORD WAS SET OR TIED.
MM INDICATES DATA IS MISSING.
T  INDICATES TRACE AMOUNT.




$$
