000
CDUS46 KOTX 010837
CLILWS


CLIMATE REPORT
NATIONAL WEATHER SERVICE SPOKANE, WA
137 AM PDT WED JUL 1 2015


...................................

...THE LEWISTON ID AIRPORT CLIMATE SUMMARY FOR JUNE 30 2015...

CLIMATE NORMAL PERIOD 1981 TO 2010
CLIMATE RECORD PERIOD 1881 TO 2015


WEATHER ITEM   OBSERVED TIME   RECORD YEAR NORMAL DEPARTURE LAST
                VALUE   (LST)  VALUE       VALUE  FROM      YEAR
                                                  NORMAL
..................................................................
TEMPERATURE (F)
 YESTERDAY
  MAXIMUM        100    357 PM 108    1924  84     16       84
  MINIMUM         74    523 AM  40    1949  56     18       54
  AVERAGE         87                        70     17       69

PRECIPITATION (IN)
  YESTERDAY        0.00          0.78 1885   0.03  -0.03     0.00
  MONTH TO DATE    1.22                      1.24  -0.02     0.95
  SINCE OCT 1     10.28                     10.29  -0.01     7.77
  SINCE JAN 1      6.09                      7.18  -1.09     6.24

SNOWFALL (IN)
  YESTERDAY        0.0           0.0  1995   0.0    0.0      0.0
  MONTH TO DATE    0.0                       0.0    0.0      0.0
  SINCE JUN 1      0.0                       0.0    0.0      0.0
  SINCE JUL 1      1.5                      10.5   -9.0     16.5
  SNOW DEPTH       0

DEGREE DAYS
 HEATING
  YESTERDAY        0                         1     -1        0
  MONTH TO DATE    2                        70    -68       41
  SINCE JUN 1      2                        70    -68       41
  SINCE JUL 1   4208                      5167   -959     5330

 COOLING
  YESTERDAY       22                         6     16        4
  MONTH TO DATE  315                        98    217       90
  SINCE JUN 1    315                        98    217       90
  SINCE JAN 1    367                       130    237      118
..................................................................


WIND (MPH)
  HIGHEST WIND SPEED    16   HIGHEST WIND DIRECTION    NW (320)
  HIGHEST GUST SPEED    22   HIGHEST GUST DIRECTION     W (290)
  AVERAGE WIND SPEED     5.6


SKY COVER
  POSSIBLE SUNSHINE  MM
  AVERAGE SKY COVER 0.0


WEATHER CONDITIONS
 THE FOLLOWING WEATHER WAS RECORDED YESTERDAY.
  NO SIGNIFICANT WEATHER WAS OBSERVED.


RELATIVE HUMIDITY (PERCENT)
 HIGHEST    58           500 AM
 LOWEST     16           500 PM
 AVERAGE    37

..........................................................


THE LEWISTON ID AIRPORT CLIMATE NORMALS FOR TODAY
                         NORMAL    RECORD    YEAR
 MAXIMUM TEMPERATURE (F)   84       107      2013
 MINIMUM TEMPERATURE (F)   57        44      1956
                                             1894


SUNRISE AND SUNSET
JULY  1 2015..........SUNRISE   500 AM PDT   SUNSET   844 PM PDT
JULY  2 2015..........SUNRISE   500 AM PDT   SUNSET   844 PM PDT


-  INDICATES NEGATIVE NUMBERS.
R  INDICATES RECORD WAS SET OR TIED.
MM INDICATES DATA IS MISSING.
T  INDICATES TRACE AMOUNT.




$$
