000
CDUS46 KOTX 040043
CLILWS


CLIMATE REPORT
NATIONAL WEATHER SERVICE SPOKANE, WA
442 PM PST SAT DEC 3 2016


...................................

...THE LEWISTON ID AIRPORT CLIMATE SUMMARY FOR DECEMBER 3 2016...
VALID AS OF 0400 PM LOCAL TIME.

CLIMATE NORMAL PERIOD 1981 TO 2010
CLIMATE RECORD PERIOD 1881 TO 2016


WEATHER ITEM   OBSERVED TIME   RECORD YEAR NORMAL DEPARTURE LAST
                VALUE   (LST)  VALUE       VALUE  FROM      YEAR
                                                  NORMAL
..................................................................
TEMPERATURE (F)
 TODAY
  MAXIMUM         51   1207 PM  62    1980  42      9       47
  MINIMUM         40    808 AM  -4    1919  30     10       33
  AVERAGE         46                        36     10       40

PRECIPITATION (IN)
  TODAY            0.00          0.35 1947   0.03  -0.03     0.00
  MONTH TO DATE    T                         0.10  -0.10      T
  SINCE OCT 1      3.29                      2.24   1.05     1.70
  SINCE JAN 1     13.48                     11.44   2.04     8.47

SNOWFALL (IN)
  TODAY            0.0           3.6  2005   0.1   -0.1      0.0
  MONTH TO DATE    0.0                       0.3   -0.3       T
  SINCE DEC 1      0.0                       0.3   -0.3       T
  SINCE JUL 1      0.0                       2.1   -2.1       T
  SNOW DEPTH       0

DEGREE DAYS
 HEATING
  TODAY           19                        29    -10       25
  MONTH TO DATE   75                        87    -12       92
  SINCE DEC 1     75                        87    -12       92
  SINCE JUL 1   1024                      1327   -303     1095

 COOLING
  TODAY            0                         0      0        0
  MONTH TO DATE    0                         0      0        0
  SINCE DEC 1      0                         0      0        0
  SINCE JAN 1    863                       807     56     1215
..................................................................


WIND (MPH)
  HIGHEST WIND SPEED    21   HIGHEST WIND DIRECTION     S (180)
  HIGHEST GUST SPEED    25   HIGHEST GUST DIRECTION     S (170)
  AVERAGE WIND SPEED     7.4


SKY COVER
  POSSIBLE SUNSHINE  MM
  AVERAGE SKY COVER 0.7


WEATHER CONDITIONS
 THE FOLLOWING WEATHER WAS RECORDED TODAY.
  NO SIGNIFICANT WEATHER WAS OBSERVED.


RELATIVE HUMIDITY (PERCENT)
 HIGHEST    76
 LOWEST     52
 AVERAGE    64

..........................................................


THE LEWISTON ID AIRPORT CLIMATE NORMALS FOR TOMORROW
                         NORMAL    RECORD    YEAR
 MAXIMUM TEMPERATURE (F)   41        63      2007
 MINIMUM TEMPERATURE (F)   29        -5      1919


SUNRISE AND SUNSET
DECEMBER  3 2016......SUNRISE   714 AM PST   SUNSET   402 PM PST
DECEMBER  4 2016......SUNRISE   715 AM PST   SUNSET   402 PM PST


-  INDICATES NEGATIVE NUMBERS.
R  INDICATES RECORD WAS SET OR TIED.
MM INDICATES DATA IS MISSING.
T  INDICATES TRACE AMOUNT.




$$
