000
CDUS46 KOTX 270829
CLILWS


CLIMATE REPORT
NATIONAL WEATHER SERVICE SPOKANE, WA
130 AM PDT FRI MAR 27 2015


...................................

...THE LEWISTON ID AIRPORT CLIMATE SUMMARY FOR MARCH 26 2015...

CLIMATE NORMAL PERIOD 1981 TO 2010
CLIMATE RECORD PERIOD 1881 TO 2015


WEATHER ITEM   OBSERVED TIME   RECORD YEAR NORMAL DEPARTURE LAST
                VALUE   (LST)  VALUE       VALUE  FROM      YEAR
                                                  NORMAL
..................................................................
TEMPERATURE (F)
 YESTERDAY
  MAXIMUM         69    432 PM  71    1974  58     11       58
                                      1941
  MINIMUM         42    350 AM  19    1955  38      4       42
  AVERAGE         56                        48      8       50

PRECIPITATION (IN)
  YESTERDAY        0.00          1.01 1883   0.04  -0.04     0.03
  MONTH TO DATE    1.09                      0.96   0.13     0.69
  SINCE OCT 1      7.57                      5.93   1.64     4.64
  SINCE JAN 1      3.38                      2.82   0.56     3.11

SNOWFALL (IN)
  YESTERDAY        0.0           1.1  1965   0.0    0.0      0.0
  MONTH TO DATE    0.0                       0.7   -0.7      0.6
  SINCE MAR 1      0.0                       0.7   -0.7      0.6
  SINCE JUL 1      1.5                      10.5   -9.0     16.5
  SNOW DEPTH       0

DEGREE DAYS
 HEATING
  YESTERDAY        9                        17     -8       15
  MONTH TO DATE  440                       529    -89      508
  SINCE MAR 1    440                       529    -89      508
  SINCE JUL 1   3662                      4384   -722     4669

 COOLING
  YESTERDAY        0                         0      0        0
  MONTH TO DATE    0                         0      0        0
  SINCE MAR 1      0                         0      0        0
  SINCE JAN 1      0                         0      0        0
..................................................................


WIND (MPH)
  HIGHEST WIND SPEED    12   HIGHEST WIND DIRECTION    NE (50)
  HIGHEST GUST SPEED    15   HIGHEST GUST DIRECTION    NE (30)
  AVERAGE WIND SPEED     4.7


SKY COVER
  POSSIBLE SUNSHINE  MM
  AVERAGE SKY COVER 0.3


WEATHER CONDITIONS
 THE FOLLOWING WEATHER WAS RECORDED YESTERDAY.
  NO SIGNIFICANT WEATHER WAS OBSERVED.


RELATIVE HUMIDITY (PERCENT)
 HIGHEST    92           300 AM
 LOWEST     44           400 PM
 AVERAGE    68

..........................................................


THE LEWISTON ID AIRPORT CLIMATE NORMALS FOR TODAY
                         NORMAL    RECORD    YEAR
 MAXIMUM TEMPERATURE (F)   58        73      1986
                                             1941
 MINIMUM TEMPERATURE (F)   38        21      1975


SUNRISE AND SUNSET
MARCH 27 2015.........SUNRISE   638 AM PDT   SUNSET   710 PM PDT
MARCH 28 2015.........SUNRISE   636 AM PDT   SUNSET   711 PM PDT


-  INDICATES NEGATIVE NUMBERS.
R  INDICATES RECORD WAS SET OR TIED.
MM INDICATES DATA IS MISSING.
T  INDICATES TRACE AMOUNT.




$$
