000
CDUS46 KOTX 010831
CLILWS


CLIMATE REPORT
NATIONAL WEATHER SERVICE SPOKANE, WA
127 AM PDT MON SEP 1 2014


...................................

...THE LEWISTON ID AIRPORT CLIMATE SUMMARY FOR AUGUST 31 2014...

CLIMATE NORMAL PERIOD 1981 TO 2010
CLIMATE RECORD PERIOD 1881 TO 2014


WEATHER ITEM   OBSERVED TIME   RECORD YEAR NORMAL DEPARTURE LAST
                VALUE   (LST)  VALUE       VALUE  FROM      YEAR
                                                  NORMAL
..................................................................
TEMPERATURE (F)
 YESTERDAY
  MAXIMUM         78    334 PM 106    1967  84     -6       95
  MINIMUM         60    539 AM  44    1907  56      4       58
  AVERAGE         69                        70     -1       77

PRECIPITATION (IN)
  YESTERDAY        T           0.90   1896  0.03  -0.03     0.00
  MONTH TO DATE    1.17                     0.69   0.48     0.50
  SINCE OCT 1      9.20                    11.64  -2.44    10.55
  SINCE JAN 1      7.67                     8.53  -0.86     6.39

SNOWFALL (IN)
  YESTERDAY        0.0                      0.0    0.0      0.0
  MONTH TO DATE    0.0                      0.0    0.0      0.0
  SINCE JUN 1      0.0                      0.0    0.0      0.0
  SINCE JUL 1      0.0                      0.0    0.0      0.0
  SNOW DEPTH       0

DEGREE DAYS
 HEATING
  YESTERDAY        0                         1     -1        0
  MONTH TO DATE    0                         5     -5        0
  SINCE JUN 1     41                        85    -44       44
  SINCE JUL 1      0                        15    -15        0

 COOLING
  YESTERDAY        4                         6     -2       12
  MONTH TO DATE  369                       287     82      386
  SINCE JUN 1    942                       685    257      937
  SINCE JAN 1    970                       717    253      994
..................................................................


WIND (MPH)
  HIGHEST WIND SPEED    21   HIGHEST WIND DIRECTION    NW (300)
  HIGHEST GUST SPEED    27   HIGHEST GUST DIRECTION    NW (310)
  AVERAGE WIND SPEED     7.5


SKY COVER
  POSSIBLE SUNSHINE  MM
  AVERAGE SKY COVER 0.4


WEATHER CONDITIONS
 THE FOLLOWING WEATHER WAS RECORDED YESTERDAY.
  LIGHT RAIN


RELATIVE HUMIDITY (PERCENT)
 HIGHEST    56          1200 AM
 LOWEST     29           500 PM
 AVERAGE    43

..........................................................


THE LEWISTON ID AIRPORT CLIMATE NORMALS FOR TODAY
                         NORMAL    RECORD    YEAR
 MAXIMUM TEMPERATURE (F)   84       102      1938
 MINIMUM TEMPERATURE (F)   56        44      1999


SUNRISE AND SUNSET
SEPTEMBER  1 2014.....SUNRISE   608 AM PDT   SUNSET   727 PM PDT
SEPTEMBER  2 2014.....SUNRISE   610 AM PDT   SUNSET   725 PM PDT


-  INDICATES NEGATIVE NUMBERS.
R  INDICATES RECORD WAS SET OR TIED.
MM INDICATES DATA IS MISSING.
T  INDICATES TRACE AMOUNT.

$$
