969
CDUS46 KOTX 080824
CLILWS


CLIMATE REPORT
NATIONAL WEATHER SERVICE SPOKANE, WA
1223 AM PST MON FEB 8 2016


...................................

...THE LEWISTON ID AIRPORT CLIMATE SUMMARY FOR FEBRUARY 7 2016...

CLIMATE NORMAL PERIOD 1981 TO 2010
CLIMATE RECORD PERIOD 1881 TO 2016


WEATHER ITEM   OBSERVED TIME   RECORD YEAR NORMAL DEPARTURE LAST
                VALUE   (LST)  VALUE       VALUE  FROM      YEAR
                                                  NORMAL
..................................................................
TEMPERATURE (F)
 YESTERDAY
  MAXIMUM         48    422 PM  66    2015  45      3       66
  MINIMUM         27    639 AM -13    1929  31     -4       48
  AVERAGE         38                        38      0       57

PRECIPITATION (IN)
  YESTERDAY        0.00          0.76 1938   0.03  -0.03     0.14
  MONTH TO DATE    0.02                      0.20  -0.18     0.56
  SINCE OCT 1      4.40                      4.39   0.01     5.58
  SINCE JAN 1      0.95                      1.28  -0.33     1.39

SNOWFALL (IN)
  YESTERDAY        0.0           5.0  1985   0.1   -0.1      0.0
  MONTH TO DATE    0.2                       0.6   -0.4       T
  SINCE DEC 1      6.4                       6.5   -0.1      1.5
  SINCE JUL 1      6.4                       8.3   -1.9      1.5
  SNOW DEPTH       0

DEGREE DAYS
 HEATING
  YESTERDAY       27                        27      0        8
  MONTH TO DATE  178                       194    -16      135
  SINCE DEC 1   1851                      2073   -222     1788
  SINCE JUL 1   2854                      3313   -459     2766

 COOLING
  YESTERDAY        0                         0      0        0
  MONTH TO DATE    0                         0      0        0
  SINCE DEC 1      0                         0      0        0
  SINCE JAN 1      0                         0      0        0
..................................................................


WIND (MPH)
  HIGHEST WIND SPEED     8   HIGHEST WIND DIRECTION     S (160)
  HIGHEST GUST SPEED    10   HIGHEST GUST DIRECTION    NE (40)
  AVERAGE WIND SPEED     2.9


SKY COVER
  POSSIBLE SUNSHINE  MM
  AVERAGE SKY COVER 0.1


WEATHER CONDITIONS
 THE FOLLOWING WEATHER WAS RECORDED YESTERDAY.
  NO SIGNIFICANT WEATHER WAS OBSERVED.


RELATIVE HUMIDITY (PERCENT)
 HIGHEST    92           700 AM
 LOWEST     56           300 PM
 AVERAGE    74

..........................................................


THE LEWISTON ID AIRPORT CLIMATE NORMALS FOR TODAY
                         NORMAL    RECORD    YEAR
 MAXIMUM TEMPERATURE (F)   45        60      1945
 MINIMUM TEMPERATURE (F)   31       -15      1929


SUNRISE AND SUNSET
FEBRUARY  8 2016......SUNRISE   703 AM PST   SUNSET   502 PM PST
FEBRUARY  9 2016......SUNRISE   701 AM PST   SUNSET   504 PM PST


-  INDICATES NEGATIVE NUMBERS.
R  INDICATES RECORD WAS SET OR TIED.
MM INDICATES DATA IS MISSING.
T  INDICATES TRACE AMOUNT.




$$
