687
CDUS46 KOTX 282331
CLILWS


CLIMATE REPORT
NATIONAL WEATHER SERVICE SPOKANE, WA
430 PM PDT THU APR 28 2016


...................................

...THE LEWISTON ID AIRPORT CLIMATE SUMMARY FOR APRIL 28 2016...
VALID AS OF 0400 PM LOCAL TIME.

CLIMATE NORMAL PERIOD 1981 TO 2010
CLIMATE RECORD PERIOD 1881 TO 2016


WEATHER ITEM   OBSERVED TIME   RECORD YEAR NORMAL DEPARTURE LAST
                VALUE   (LST)  VALUE       VALUE  FROM      YEAR
                                                  NORMAL
..................................................................
TEMPERATURE (F)
 TODAY
  MAXIMUM         67    123 PM  98    1939  66      1       86
  MINIMUM         47    440 AM  27    1907  42      5       46
  AVERAGE         57                        54      3       66

PRECIPITATION (IN)
  TODAY            0.00          0.73 1952   0.05  -0.05     0.00
  MONTH TO DATE    0.83                      1.23  -0.40     0.29
  SINCE OCT 1      7.97                      7.35   0.62     7.95
  SINCE JAN 1      4.52                      4.24   0.28     3.76

SNOWFALL (IN)
  TODAY            0.0           T    1962   0.0    0.0      0.0
  MONTH TO DATE    0.0                       0.0    0.0      0.0
  SINCE MAR 1      0.0                       0.7   -0.7      0.0
  SINCE JUL 1      6.4                      10.5   -4.1      1.5
  SNOW DEPTH      MM

DEGREE DAYS
 HEATING
  TODAY            8                        11     -3        0
  MONTH TO DATE  202                       391   -189      386
  SINCE MAR 1    756                      1003   -247      875
  SINCE JUL 1   4020                      4858   -838     4097

 COOLING
  TODAY            0                         0      0        1
  MONTH TO DATE    7                         0      7        1
  SINCE MAR 1      7                         0      7        1
  SINCE JAN 1      7                         0      7        1
..................................................................


WIND (MPH)
  HIGHEST WIND SPEED    18   HIGHEST WIND DIRECTION     E (80)
  HIGHEST GUST SPEED    24   HIGHEST GUST DIRECTION     W (290)
  AVERAGE WIND SPEED     6.0


SKY COVER
  POSSIBLE SUNSHINE  MM
  AVERAGE SKY COVER 0.5


WEATHER CONDITIONS
 THE FOLLOWING WEATHER WAS RECORDED TODAY.
  NO SIGNIFICANT WEATHER WAS OBSERVED.


RELATIVE HUMIDITY (PERCENT)
 HIGHEST    66
 LOWEST     40
 AVERAGE    53

..........................................................


THE LEWISTON ID AIRPORT CLIMATE NORMALS FOR TOMORROW
                         NORMAL    RECORD    YEAR
 MAXIMUM TEMPERATURE (F)   66        93      1926
 MINIMUM TEMPERATURE (F)   43        29      1950
                                             1907


SUNRISE AND SUNSET
APRIL 28 2016.........SUNRISE   538 AM PDT   SUNSET   754 PM PDT
APRIL 29 2016.........SUNRISE   536 AM PDT   SUNSET   755 PM PDT


-  INDICATES NEGATIVE NUMBERS.
R  INDICATES RECORD WAS SET OR TIED.
MM INDICATES DATA IS MISSING.
T  INDICATES TRACE AMOUNT.




$$
