000
CDUS46 KOTX 250822
CLILWS


CLIMATE REPORT
NATIONAL WEATHER SERVICE SPOKANE, WA
1221 AM PST THU DEC 25 2014


...................................

...THE LEWISTON ID AIRPORT CLIMATE SUMMARY FOR DECEMBER 24 2014...

CLIMATE NORMAL PERIOD 1981 TO 2010
CLIMATE RECORD PERIOD 1881 TO 2014


WEATHER ITEM   OBSERVED TIME   RECORD YEAR NORMAL DEPARTURE LAST
                VALUE   (LST)  VALUE       VALUE  FROM      YEAR
                                                  NORMAL
..................................................................
TEMPERATURE (F)
 YESTERDAY
  MAXIMUM         50    539 AM  60    1922  39     11       44
  MINIMUM         38    725 PM -13    1983  27     11       27
  AVERAGE         44                        33     11       36

PRECIPITATION (IN)
  YESTERDAY        0.21          0.68 1936   0.03   0.18     0.00
  MONTH TO DATE    1.80                      0.75   1.05     0.72
  SINCE OCT 1      4.15                      2.89   1.26     1.52
  SINCE JAN 1     12.07                     12.09  -0.02     9.48

SNOWFALL (IN)
  YESTERDAY        0.0           4.4  1964   0.1   -0.1      0.0
  MONTH TO DATE    T                         2.6   -2.6      2.5
  SINCE DEC 1      T                         2.6   -2.6      2.5
  SINCE JUL 1      T                         4.4   -4.4      2.5
  SNOW DEPTH       0

DEGREE DAYS
 HEATING
  YESTERDAY       21                        32    -11       29
  MONTH TO DATE  582                       746   -164      843
  SINCE DEC 1    582                       746   -164      843
  SINCE JUL 1   1560                      1986   -426     2197

 COOLING
  YESTERDAY        0                         0      0        0
  MONTH TO DATE    0                         0      0        0
  SINCE DEC 1      0                         0      0        0
  SINCE JAN 1   1095                       807    288     1178
..................................................................


WIND (MPH)
  HIGHEST WIND SPEED    25   HIGHEST WIND DIRECTION     S (200)
  HIGHEST GUST SPEED    33   HIGHEST GUST DIRECTION     S (190)
  AVERAGE WIND SPEED    12.7


SKY COVER
  POSSIBLE SUNSHINE  MM
  AVERAGE SKY COVER 1.0


WEATHER CONDITIONS
 THE FOLLOWING WEATHER WAS RECORDED YESTERDAY.
  LIGHT RAIN
  FOG


RELATIVE HUMIDITY (PERCENT)
 HIGHEST    92          1200 PM
 LOWEST     46           500 AM
 AVERAGE    69

..........................................................


THE LEWISTON ID AIRPORT CLIMATE NORMALS FOR TODAY
                         NORMAL    RECORD    YEAR
 MAXIMUM TEMPERATURE (F)   39        59      1980
                                             1929
 MINIMUM TEMPERATURE (F)   27        -6      1924


SUNRISE AND SUNSET
DECEMBER 25 2014......SUNRISE   730 AM PST   SUNSET   406 PM PST
DECEMBER 26 2014......SUNRISE   731 AM PST   SUNSET   407 PM PST


-  INDICATES NEGATIVE NUMBERS.
R  INDICATES RECORD WAS SET OR TIED.
MM INDICATES DATA IS MISSING.
T  INDICATES TRACE AMOUNT.




$$
