000
CDUS46 KOTX 280821
CLILWS


CLIMATE REPORT
NATIONAL WEATHER SERVICE SPOKANE, WA
121 AM PDT FRI AUG 28 2015


...................................

...THE LEWISTON ID AIRPORT CLIMATE SUMMARY FOR AUGUST 27 2015...

CLIMATE NORMAL PERIOD 1981 TO 2010
CLIMATE RECORD PERIOD 1881 TO 2015


WEATHER ITEM   OBSERVED TIME   RECORD YEAR NORMAL DEPARTURE LAST
                VALUE   (LST)  VALUE       VALUE  FROM      YEAR
                                                  NORMAL
..................................................................
TEMPERATURE (F)
 YESTERDAY
  MAXIMUM         94    354 PM 103    1929  86      8       94
  MINIMUM         63    655 AM  43    1962  57      6       59
  AVERAGE         79                        71      8       77

PRECIPITATION (IN)
  YESTERDAY        0.00          0.74 1968   0.03  -0.03     0.00
  MONTH TO DATE    T                         0.59  -0.59     1.17
  SINCE OCT 1     10.30                     11.54  -1.24     9.20
  SINCE JAN 1      6.11                      8.43  -2.32     7.67

SNOWFALL (IN)
  YESTERDAY        0.0           0.0  1998   0.0    0.0      0.0
  MONTH TO DATE    0.0                       0.0    0.0      0.0
  SINCE JUN 1      0.0                       0.0    0.0      0.0
  SINCE JUL 1      0.0                       0.0    0.0      0.0
  SNOW DEPTH       0

DEGREE DAYS
 HEATING
  YESTERDAY        0                         1     -1        0
  MONTH TO DATE    0                         1     -1        0
  SINCE JUN 1      2                        78    -76       41
  SINCE JUL 1      0                         8     -8        0

 COOLING
  YESTERDAY       14                         7      7       12
  MONTH TO DATE  340                       261     79      335
  SINCE JUN 1   1086                       659    427      908
  SINCE JAN 1   1138                       691    447      936
..................................................................


WIND (MPH)
  HIGHEST WIND SPEED    13   HIGHEST WIND DIRECTION    NW (310)
  HIGHEST GUST SPEED    14   HIGHEST GUST DIRECTION    NW (330)
  AVERAGE WIND SPEED     3.4


SKY COVER
  POSSIBLE SUNSHINE  MM
  AVERAGE SKY COVER 0.0


WEATHER CONDITIONS
 THE FOLLOWING WEATHER WAS RECORDED YESTERDAY.
  HAZE


RELATIVE HUMIDITY (PERCENT)
 HIGHEST    40           600 AM
 LOWEST     14           300 PM
 AVERAGE    27

..........................................................


THE LEWISTON ID AIRPORT CLIMATE NORMALS FOR TODAY
                         NORMAL    RECORD    YEAR
 MAXIMUM TEMPERATURE (F)   86       103      2006
                                             1922
 MINIMUM TEMPERATURE (F)   57        43      1960


SUNRISE AND SUNSET
AUGUST 28 2015........SUNRISE   603 AM PDT   SUNSET   735 PM PDT
AUGUST 29 2015........SUNRISE   604 AM PDT   SUNSET   733 PM PDT


-  INDICATES NEGATIVE NUMBERS.
R  INDICATES RECORD WAS SET OR TIED.
MM INDICATES DATA IS MISSING.
T  INDICATES TRACE AMOUNT.




$$
