000
CDUS46 KOTX 260908
CLILWS


CLIMATE REPORT
NATIONAL WEATHER SERVICE SPOKANE, WA
208 AM PDT SUN MAR 26 2017


...................................

...THE LEWISTON ID AIRPORT CLIMATE SUMMARY FOR MARCH 25 2017...

CLIMATE NORMAL PERIOD 1981 TO 2010
CLIMATE RECORD PERIOD 1881 TO 2017


WEATHER ITEM   OBSERVED TIME   RECORD YEAR NORMAL DEPARTURE LAST
                VALUE   (LST)  VALUE       VALUE  FROM      YEAR
                                                  NORMAL
..................................................................
TEMPERATURE (F)
 YESTERDAY
  MAXIMUM         51    349 PM  76    1960  58     -7       52
  MINIMUM         39   1159 PM  17    1955  38      1       37
  AVERAGE         45                        48     -3       45

PRECIPITATION (IN)
  YESTERDAY        0.08          0.51 1905   0.04   0.04     0.08
  MONTH TO DATE    2.95                      0.92   2.03     2.02
  SINCE OCT 1     10.61                      5.89   4.72     7.05
  SINCE JAN 1      5.73                      2.78   2.95     3.60

SNOWFALL (IN)
  YESTERDAY       MM             0.1  1964   0.0   MM        0.0
  MONTH TO DATE    4.8                       0.7    4.1      0.0
  SINCE MAR 1      4.8                       0.7    4.1      0.0
  SINCE JUL 1     39.2                      10.5   28.7      6.4
  SNOW DEPTH       0

DEGREE DAYS
 HEATING
  YESTERDAY       20                        18      2       20
  MONTH TO DATE  489                       512    -23      450
  SINCE MAR 1    489                       512    -23      450
  SINCE JUL 1   4525                      4367    158     3714

 COOLING
  YESTERDAY        0                         0      0        0
  MONTH TO DATE    0                         0      0        0
  SINCE MAR 1      0                         0      0        0
  SINCE JAN 1      0                         0      0        0
..................................................................


WIND (MPH)
  HIGHEST WIND SPEED    18   HIGHEST WIND DIRECTION    NW (300)
  HIGHEST GUST SPEED    22   HIGHEST GUST DIRECTION    NW (300)
  AVERAGE WIND SPEED     4.2


SKY COVER
  POSSIBLE SUNSHINE  MM
  AVERAGE SKY COVER 0.6


WEATHER CONDITIONS
 THE FOLLOWING WEATHER WAS RECORDED YESTERDAY.
  LIGHT RAIN
  FOG


RELATIVE HUMIDITY (PERCENT)
 HIGHEST    96           800 AM
 LOWEST     61           400 PM
 AVERAGE    79

..........................................................


THE LEWISTON ID AIRPORT CLIMATE NORMALS FOR TODAY
                         NORMAL    RECORD    YEAR
 MAXIMUM TEMPERATURE (F)   58        71      1974
                                             1941
 MINIMUM TEMPERATURE (F)   38        19      1955


SUNRISE AND SUNSET
MARCH 26 2017.........SUNRISE   639 AM PDT   SUNSET   709 PM PDT
MARCH 27 2017.........SUNRISE   637 AM PDT   SUNSET   711 PM PDT


-  INDICATES NEGATIVE NUMBERS.
R  INDICATES RECORD WAS SET OR TIED.
MM INDICATES DATA IS MISSING.
T  INDICATES TRACE AMOUNT.




$$
