000
CDUS45 KTFX 242330
CLILWT


CLIMATE REPORT
NATIONAL WEATHER SERVICE GREAT FALLS MT
430 PM MST FRI NOV 24 2017


...................................

...THE LEWISTOWN MT CLIMATE SUMMARY FOR NOVEMBER 24 2017...
VALID TODAY AS OF 0400 PM LOCAL TIME.

CLIMATE NORMAL PERIOD 1981 TO 2010
CLIMATE RECORD PERIOD 1896 TO 2017


WEATHER ITEM   OBSERVED TIME   RECORD YEAR NORMAL DEPARTURE LAST
                VALUE   (LST)  VALUE       VALUE  FROM      YEAR
                                                  NORMAL
..................................................................
TEMPERATURE (F)
 TODAY
  MAXIMUM         53   1222 AM  66    1914  39     14       44
  MINIMUM         32    824 AM -19    1993  18     14       25
  AVERAGE         43                        28     15       35

PRECIPITATION (IN)
  TODAY            0.00          1.80 1896   0.02  -0.02      T
  MONTH TO DATE    0.40                      0.58  -0.18     0.06
  SINCE OCT 1      1.38                      1.71  -0.33     4.07
  SINCE JAN 1     11.99                     16.06  -4.07    20.10

DEGREE DAYS
 HEATING
  TODAY           22                        37    -15       30
  MONTH TO DATE  823                       763     60      494
  SINCE SEP 1   1786                      1743     43     1418
  SINCE JUL 1   1824                      1901    -77     1529

 COOLING
  TODAY            0                         0      0        0
  MONTH TO DATE    0                         0      0        0
  SINCE SEP 1     33                        14     19       14
  SINCE JAN 1    375                       210    165      259
..................................................................


WIND (MPH)
  HIGHEST WIND SPEED    39   HIGHEST WIND DIRECTION     W (280)
  HIGHEST GUST SPEED    54   HIGHEST GUST DIRECTION     W (280)
  AVERAGE WIND SPEED    15.1


SKY COVER
  AVERAGE SKY COVER 0.1


WEATHER CONDITIONS
 THE FOLLOWING WEATHER WAS RECORDED TODAY.
  NO SIGNIFICANT WEATHER WAS OBSERVED.


RELATIVE HUMIDITY (PERCENT)
 HIGHEST    66
 LOWEST     33
 AVERAGE    50

..........................................................


THE LEWISTOWN MT CLIMATE NORMALS FOR TOMORROW
                         NORMAL    RECORD    YEAR
 MAXIMUM TEMPERATURE (F)   39        64      1960
 MINIMUM TEMPERATURE (F)   17       -26      1985


SUNRISE AND SUNSET
NOVEMBER 24 2017......SUNRISE   734 AM MST   SUNSET   434 PM MST
NOVEMBER 25 2017......SUNRISE   736 AM MST   SUNSET   434 PM MST


-  INDICATES NEGATIVE NUMBERS.
R  INDICATES RECORD WAS SET OR TIED.
MM INDICATES DATA IS MISSING.
T  INDICATES TRACE AMOUNT.




$$
