000
CDUS45 KTFX 280951
CLILWT


CLIMATE REPORT
NATIONAL WEATHER SERVICE GREAT FALLS MT
250 AM MST FRI NOV 28 2014


...................................

...THE LEWISTOWN MT CLIMATE SUMMARY FOR NOVEMBER 27 2014...

CLIMATE NORMAL PERIOD 1981 TO 2010
CLIMATE RECORD PERIOD 1896 TO 2014


WEATHER ITEM   OBSERVED TIME   RECORD YEAR NORMAL DEPARTURE LAST
                VALUE   (LST)  VALUE       VALUE  FROM      YEAR
                                                  NORMAL
..................................................................
TEMPERATURE (F)
 YESTERDAY
  MAXIMUM         55    305 PM  66    1922  38     17       46
  MINIMUM         31    110 AM -25    1985  17     14       23
  AVERAGE         43                        27     16       35

PRECIPITATION (IN)
  YESTERDAY        0.00          0.40 1897   0.03  -0.03     0.00
  MONTH TO DATE    0.65                      0.65   0.00     0.35
  SINCE OCT 1      1.51                      1.78  -0.27     1.42
  SINCE JAN 1     18.08                     16.13   1.95    21.83

SNOWFALL (IN)
  YESTERDAY       MM
  SNOW DEPTH      MM

DEGREE DAYS
 HEATING
  YESTERDAY       22                        38    -16       30
  MONTH TO DATE  967                       875     92      901
  SINCE SEP 1   1668                      1855   -187     1864
  SINCE JUL 1   1749                      2013   -264     1903

 COOLING
  YESTERDAY        0                         0      0        0
  MONTH TO DATE    0                         0      0        0
  SINCE SEP 1     14                        14      0       47
  SINCE JAN 1    295                       210     85      277
..................................................................


WIND (MPH)
  HIGHEST WIND SPEED    30   HIGHEST WIND DIRECTION    SW (240)
  HIGHEST GUST SPEED    37   HIGHEST GUST DIRECTION    SW (240)
  AVERAGE WIND SPEED    14.0


SKY COVER
  AVERAGE SKY COVER 0.5


WEATHER CONDITIONS
 THE FOLLOWING WEATHER WAS RECORDED YESTERDAY.
  NO SIGNIFICANT WEATHER WAS OBSERVED.


RELATIVE HUMIDITY (PERCENT)
 HIGHEST    85          1200 AM
 LOWEST     47           200 PM
 AVERAGE    66

..........................................................


THE LEWISTOWN MT CLIMATE NORMALS FOR TODAY
                         NORMAL    RECORD    YEAR
 MAXIMUM TEMPERATURE (F)   38        66      1901
 MINIMUM TEMPERATURE (F)   16       -24      1897


SUNRISE AND SUNSET
NOVEMBER 28 2014......SUNRISE   739 AM MST   SUNSET   432 PM MST
NOVEMBER 29 2014......SUNRISE   741 AM MST   SUNSET   432 PM MST


-  INDICATES NEGATIVE NUMBERS.
R  INDICATES RECORD WAS SET OR TIED.
MM INDICATES DATA IS MISSING.
T  INDICATES TRACE AMOUNT.




$$
