000
CDUS45 KTFX 020951
CLILWT


CLIMATE REPORT
NATIONAL WEATHER SERVICE GREAT FALLS MT
350 AM MDT THU OCT 2 2014


...................................

...THE LEWISTOWN MT CLIMATE SUMMARY FOR OCTOBER 1 2014...

CLIMATE NORMAL PERIOD 1981 TO 2010
CLIMATE RECORD PERIOD 1896 TO 2014


WEATHER ITEM   OBSERVED TIME   RECORD YEAR NORMAL DEPARTURE LAST
                VALUE   (LST)  VALUE       VALUE  FROM      YEAR
                                                  NORMAL
..................................................................
TEMPERATURE (F)
 YESTERDAY
  MAXIMUM         56    319 PM  90    2011  62     -6       60
  MINIMUM         39   1059 PM  15    1950  35      4       38
  AVERAGE         48                        49     -1       49

PRECIPITATION (IN)
  YESTERDAY        0.01          0.51 1989   0.05  -0.04      T
  MONTH TO DATE    0.01                      0.05  -0.04      T
  SINCE OCT 1      0.01                      0.05  -0.04      T
  SINCE JAN 1     16.58                     14.40   2.18    20.41

SNOWFALL (IN)
  YESTERDAY       MM
  SNOW DEPTH       0

DEGREE DAYS
 HEATING
  YESTERDAY       17                        16      1       16
  MONTH TO DATE   17                        16      1       16
  SINCE SEP 1    291                       335    -44      240
  SINCE JUL 1    372                       493   -121      279

 COOLING
  YESTERDAY        0                         0      0        0
  MONTH TO DATE    0                         0      0        0
  SINCE SEP 1     14                        14      0       47
  SINCE JAN 1    295                       210     85      277
..................................................................


WIND (MPH)
  HIGHEST WIND SPEED    21   HIGHEST WIND DIRECTION    NW (300)
  HIGHEST GUST SPEED    26   HIGHEST GUST DIRECTION    NW (300)
  AVERAGE WIND SPEED    11.5


SKY COVER
  AVERAGE SKY COVER 0.6


WEATHER CONDITIONS
 THE FOLLOWING WEATHER WAS RECORDED YESTERDAY.
  LIGHT RAIN


RELATIVE HUMIDITY (PERCENT)
 HIGHEST    92           200 AM
 LOWEST     43           300 PM
 AVERAGE    68

..........................................................


THE LEWISTOWN MT CLIMATE NORMALS FOR TODAY
                         NORMAL    RECORD    YEAR
 MAXIMUM TEMPERATURE (F)   62        88      1922
 MINIMUM TEMPERATURE (F)   35        12      1950


SUNRISE AND SUNSET
OCTOBER  2 2014.......SUNRISE   718 AM MDT   SUNSET   655 PM MDT
OCTOBER  3 2014.......SUNRISE   719 AM MDT   SUNSET   653 PM MDT


-  INDICATES NEGATIVE NUMBERS.
R  INDICATES RECORD WAS SET OR TIED.
MM INDICATES DATA IS MISSING.
T  INDICATES TRACE AMOUNT.




$$
