000
CDUS45 KTFX 270935
CLILWT


CLIMATE REPORT
NATIONAL WEATHER SERVICE GREAT FALLS MT
334 AM MDT THU APR 27 2017


...................................

...THE LEWISTOWN MT CLIMATE SUMMARY FOR APRIL 26 2017...

CLIMATE NORMAL PERIOD 1981 TO 2010
CLIMATE RECORD PERIOD 1896 TO 2017


WEATHER ITEM   OBSERVED TIME   RECORD YEAR NORMAL DEPARTURE LAST
                VALUE   (LST)  VALUE       VALUE  FROM      YEAR
                                                  NORMAL
..................................................................
TEMPERATURE (F)
 YESTERDAY
  MAXIMUM         49   1201 PM  86    1910  57     -8       39
  MINIMUM         28    543 AM  17    1988  32     -4       31
  AVERAGE         39                        44     -5       35

PRECIPITATION (IN)
  YESTERDAY        0.15          1.04 1899   0.05   0.10     0.03
  MONTH TO DATE    2.18                      1.17   1.01     1.36
  SINCE OCT 1      8.04                      5.67   2.37     5.64
  SINCE JAN 1      3.64                      3.17   0.47     3.56

SNOWFALL (IN)
  YESTERDAY       MM
  SNOW DEPTH       T

DEGREE DAYS
 HEATING
  YESTERDAY       26                        21      5       30
  MONTH TO DATE  584                       628    -44      451
  SINCE MAR 1   1466                      1623   -157     1246
  SINCE JUL 1   7277                      7427   -150     6204

 COOLING
  YESTERDAY        0                         0      0        0
  MONTH TO DATE    0                         0      0        0
  SINCE MAR 1      0                         0      0        0
  SINCE JAN 1      0                         0      0        0
..................................................................


WIND (MPH)
  HIGHEST WIND SPEED    15   HIGHEST WIND DIRECTION     S (190)
  HIGHEST GUST SPEED    17   HIGHEST GUST DIRECTION     S (190)
  AVERAGE WIND SPEED     6.9


SKY COVER
  AVERAGE SKY COVER 0.7


WEATHER CONDITIONS
 THE FOLLOWING WEATHER WAS RECORDED YESTERDAY.
  RAIN
  LIGHT RAIN
  FOG


RELATIVE HUMIDITY (PERCENT)
 HIGHEST   100           500 AM
 LOWEST     60           100 PM
 AVERAGE    80

..........................................................


THE LEWISTOWN MT CLIMATE NORMALS FOR TODAY
                         NORMAL    RECORD    YEAR
 MAXIMUM TEMPERATURE (F)   57        82      1987
 MINIMUM TEMPERATURE (F)   32        15      1994


SUNRISE AND SUNSET
APRIL 27 2017.........SUNRISE   608 AM MDT   SUNSET   824 PM MDT
APRIL 28 2017.........SUNRISE   607 AM MDT   SUNSET   825 PM MDT


-  INDICATES NEGATIVE NUMBERS.
R  INDICATES RECORD WAS SET OR TIED.
MM INDICATES DATA IS MISSING.
T  INDICATES TRACE AMOUNT.




$$
