000
CDUS45 KTFX 011014
CLILWT


CLIMATE REPORT
NATIONAL WEATHER SERVICE GREAT FALLS MT
414 AM MDT SAT AUG 1 2015


...................................

...THE LEWISTOWN MT CLIMATE SUMMARY FOR JULY 31 2015...

CLIMATE NORMAL PERIOD 1981 TO 2010
CLIMATE RECORD PERIOD 1896 TO 2015


WEATHER ITEM   OBSERVED TIME   RECORD YEAR NORMAL DEPARTURE LAST
                VALUE   (LST)  VALUE       VALUE  FROM      YEAR
                                                  NORMAL
..................................................................
TEMPERATURE (F)
 YESTERDAY
  MAXIMUM         90    353 PM 105    1900  83      7       92
  MINIMUM         52    516 AM  35    1968  52      0       54
  AVERAGE         71                        68      3       73

PRECIPITATION (IN)
  YESTERDAY        0.00          0.39 2001   0.05  -0.05     0.00
  MONTH TO DATE    1.89                      1.93  -0.04     0.92
  SINCE OCT 1     12.50                     13.77  -1.27    11.10
  SINCE JAN 1     10.19                     11.27  -1.08     9.02

SNOWFALL (IN)
  YESTERDAY       MM
  SNOW DEPTH       0

DEGREE DAYS
 HEATING
  YESTERDAY        0                         1     -1        0
  MONTH TO DATE   33                        71    -38       10
  SINCE JUN 1    119                       300   -181      296
  SINCE JUL 1     33                        73    -40       10

 COOLING
  YESTERDAY        6                         4      2        8
  MONTH TO DATE  101                        88     13      153
  SINCE JUN 1    176                       108     68      154
  SINCE JAN 1    176                       110     66      154
..................................................................


WIND (MPH)
  HIGHEST WIND SPEED    14   HIGHEST WIND DIRECTION     N (360)
  HIGHEST GUST SPEED    20   HIGHEST GUST DIRECTION     N (350)
  AVERAGE WIND SPEED     7.0


SKY COVER
  AVERAGE SKY COVER 0.0


WEATHER CONDITIONS
 THE FOLLOWING WEATHER WAS RECORDED YESTERDAY.
  NO SIGNIFICANT WEATHER WAS OBSERVED.


RELATIVE HUMIDITY (PERCENT)
 HIGHEST    66           500 AM
 LOWEST     16          1200 PM
 AVERAGE    41

..........................................................


THE LEWISTOWN MT CLIMATE NORMALS FOR TODAY
                         NORMAL    RECORD    YEAR
 MAXIMUM TEMPERATURE (F)   83        96      1973
 MINIMUM TEMPERATURE (F)   52        37      2002


SUNRISE AND SUNSET
AUGUST  1 2015........SUNRISE   557 AM MDT   SUNSET   851 PM MDT
AUGUST  2 2015........SUNRISE   558 AM MDT   SUNSET   849 PM MDT


-  INDICATES NEGATIVE NUMBERS.
R  INDICATES RECORD WAS SET OR TIED.
MM INDICATES DATA IS MISSING.
T  INDICATES TRACE AMOUNT.




$$
