000
CDUS45 KTFX 210934
CLILWT


CLIMATE REPORT
NATIONAL WEATHER SERVICE GREAT FALLS MT
333 AM MDT THU AUG 21 2014


...................................

...THE LEWISTOWN MT CLIMATE SUMMARY FOR AUGUST 20 2014...

CLIMATE NORMAL PERIOD 1981 TO 2010
CLIMATE RECORD PERIOD 1896 TO 2014


WEATHER ITEM   OBSERVED TIME   RECORD YEAR NORMAL DEPARTURE LAST
                VALUE   (LST)  VALUE       VALUE  FROM      YEAR
                                                  NORMAL
..................................................................
TEMPERATURE (F)
 YESTERDAY
  MAXIMUM         80    247 PM  97    1931  80      0       85
  MINIMUM         58   1159 PM  32    1916  49      9       48
  AVERAGE         69                        64      5       67

PRECIPITATION (IN)
  YESTERDAY        0.05          2.67 1964   0.05   0.00     0.00
  MONTH TO DATE    1.34                      1.13   0.21     2.09
  SINCE OCT 1     12.44                     14.90  -2.46    20.46
  SINCE JAN 1     10.36                     12.40  -2.04    17.95

SNOWFALL (IN)
  YESTERDAY       MM
  SNOW DEPTH       0

DEGREE DAYS
 HEATING
  YESTERDAY        0                         3     -3        0
  MONTH TO DATE    0                        39    -39       14
  SINCE JUN 1    296                       339    -43      255
  SINCE JUL 1     10                       112   -102       35

 COOLING
  YESTERDAY        4                         2      2        2
  MONTH TO DATE  122                        69     53       46
  SINCE JUN 1    276                       177     99      169
  SINCE JAN 1    276                       179     97      172
..................................................................


WIND (MPH)
  HIGHEST WIND SPEED    18   HIGHEST WIND DIRECTION    NW (320)
  HIGHEST GUST SPEED    27   HIGHEST GUST DIRECTION    NW (320)
  AVERAGE WIND SPEED     7.4


SKY COVER
  AVERAGE SKY COVER 0.2


WEATHER CONDITIONS
 THE FOLLOWING WEATHER WAS RECORDED YESTERDAY.
  THUNDERSTORM
  LIGHT RAIN


RELATIVE HUMIDITY (PERCENT)
 HIGHEST    78           900 PM
 LOWEST     30           300 PM
 AVERAGE    54

..........................................................


THE LEWISTOWN MT CLIMATE NORMALS FOR TODAY
                         NORMAL    RECORD    YEAR
 MAXIMUM TEMPERATURE (F)   80        97      1969
 MINIMUM TEMPERATURE (F)   49        29      1904


SUNRISE AND SUNSET
AUGUST 21 2014........SUNRISE   623 AM MDT   SUNSET   818 PM MDT
AUGUST 22 2014........SUNRISE   624 AM MDT   SUNSET   816 PM MDT


-  INDICATES NEGATIVE NUMBERS.
R  INDICATES RECORD WAS SET OR TIED.
MM INDICATES DATA IS MISSING.
T  INDICATES TRACE AMOUNT.




$$
