000
CDUS45 KTFX 280748
CLILWT


CLIMATE REPORT
NATIONAL WEATHER SERVICE GREAT FALLS MT
1246 AM MST TUE FEB 28 2017


...................................

...THE LEWISTOWN MT CLIMATE SUMMARY FOR FEBRUARY 27 2017...

CLIMATE NORMAL PERIOD 1981 TO 2010
CLIMATE RECORD PERIOD 1896 TO 2017


WEATHER ITEM   OBSERVED TIME   RECORD YEAR NORMAL DEPARTURE LAST
                VALUE   (LST)  VALUE       VALUE  FROM      YEAR
                                                  NORMAL
..................................................................
TEMPERATURE (F)
 YESTERDAY
  MAXIMUM         23    405 PM  70    1932  39    -16       61
  MINIMUM          5    756 AM -24    1960  17    -12       34
  AVERAGE         14                        28    -14       48

PRECIPITATION (IN)
  YESTERDAY        0.01          0.29 1940   0.01   0.00     0.17
  MONTH TO DATE    0.68                      0.42   0.26     0.70
  SINCE OCT 1      5.43                      3.49   1.94     3.45
  SINCE JAN 1      1.03                      0.99   0.04     1.37

SNOWFALL (IN)
  YESTERDAY       MM
  SNOW DEPTH       4

DEGREE DAYS
 HEATING
  YESTERDAY       51                        37     14       17
  MONTH TO DATE 1021                      1061    -40      786
  SINCE DEC 1   4039                      3638    401     3150
  SINCE JUL 1   5765                      5766     -1     4907

 COOLING
  YESTERDAY        0                         0      0        0
  MONTH TO DATE    0                         0      0        0
  SINCE DEC 1      0                         0      0        0
  SINCE JAN 1      0                         0      0        0
..................................................................


WIND (MPH)
  HIGHEST WIND SPEED    15   HIGHEST WIND DIRECTION     E (110)
  HIGHEST GUST SPEED    19   HIGHEST GUST DIRECTION    SE (120)
  AVERAGE WIND SPEED     7.3


SKY COVER
  AVERAGE SKY COVER 0.6


WEATHER CONDITIONS
 THE FOLLOWING WEATHER WAS RECORDED YESTERDAY.
  LIGHT SNOW
  FOG


RELATIVE HUMIDITY (PERCENT)
 HIGHEST    96           800 AM
 LOWEST     68           300 PM
 AVERAGE    82

..........................................................


THE LEWISTOWN MT CLIMATE NORMALS FOR TODAY
                         NORMAL    RECORD    YEAR
 MAXIMUM TEMPERATURE (F)   39        66      1986
 MINIMUM TEMPERATURE (F)   17       -17      1962


SUNRISE AND SUNSET
FEBRUARY 28 2017......SUNRISE   659 AM MST   SUNSET   602 PM MST
MARCH  1 2017.........SUNRISE   657 AM MST   SUNSET   604 PM MST


-  INDICATES NEGATIVE NUMBERS.
R  INDICATES RECORD WAS SET OR TIED.
MM INDICATES DATA IS MISSING.
T  INDICATES TRACE AMOUNT.




$$
