000
CDUS43 KILX 290646
CLILWV


CLIMATE REPORT
NATIONAL WEATHER SERVICE LINCOLN IL
144 AM CDT FRI AUG 29 2014


...................................

...THE LAWRENCEVILLE IL AIRPORT CLIMATE SUMMARY FOR AUGUST 28 2014...

CLIMATE NORMAL PERIOD 1981 TO 2010
CLIMATE RECORD PERIOD 9999 TO 9999


WEATHER ITEM   OBSERVED TIME   RECORD YEAR NORMAL DEPARTURE LAST
                VALUE   (LST)  VALUE       VALUE  FROM      YEAR
                                                  NORMAL
..................................................................
TEMPERATURE (F)
 YESTERDAY
  MAXIMUM         89    412 PM  MM      MM  87      2       96
  MINIMUM         71    600 AM  MM      MM  64      7       70
  AVERAGE         80                        75      5       83

PRECIPITATION (IN)
  YESTERDAY        0.00         MM      MM   0.10  -0.10     0.00
  MONTH TO DATE    4.49                      3.09   1.40     0.80
  SINCE JUN 1     12.92                     11.49   1.43    15.70
  SINCE JAN 1     28.53                     29.05  -0.52    40.73

DEGREE DAYS
 HEATING
  YESTERDAY        0                         0      0        0
  MONTH TO DATE    0                         0      0        4
  SINCE JUN 1      0                         7     -7        8
  SINCE JUL 1      0                         0      0        5

 COOLING
  YESTERDAY       15                        10      5       18
  MONTH TO DATE  294                       324    -30      268
  SINCE JUN 1    841                      1012   -171      833
  SINCE JAN 1   1032                      1151   -119     1001
..................................................................


WIND (MPH)
  HIGHEST WIND SPEED    15   HIGHEST WIND DIRECTION     S (200)
  HIGHEST GUST SPEED    18   HIGHEST GUST DIRECTION     S (200)
  AVERAGE WIND SPEED     4.1


SKY COVER
  POSSIBLE SUNSHINE  MM
  AVERAGE SKY COVER 0.1


WEATHER CONDITIONS
 THE FOLLOWING WEATHER WAS RECORDED YESTERDAY.
  FOG


RELATIVE HUMIDITY (PERCENT)
 HIGHEST   100           300 AM
 LOWEST     56           300 PM
 AVERAGE    78

..........................................................


THE LAWRENCEVILLE IL AIRPORT CLIMATE NORMALS FOR TODAY
                         NORMAL    RECORD    YEAR
 MAXIMUM TEMPERATURE (F)   87        MM        MM
 MINIMUM TEMPERATURE (F)   63        MM        MM


SUNRISE AND SUNSET
AUGUST 29 2014........SUNRISE   617 AM CDT   SUNSET   725 PM CDT
AUGUST 30 2014........SUNRISE   618 AM CDT   SUNSET   724 PM CDT


-  INDICATES NEGATIVE NUMBERS.
R  INDICATES RECORD WAS SET OR TIED.
MM INDICATES DATA IS MISSING.
T  INDICATES TRACE AMOUNT.




$$
