000
CDUS43 KILX 260634
CLILWV


CLIMATE REPORT
NATIONAL WEATHER SERVICE LINCOLN IL
133 AM CDT SUN MAR 26 2017


...................................

...THE LAWRENCEVILLE IL AIRPORT CLIMATE SUMMARY FOR MARCH 25 2017...

CLIMATE NORMAL PERIOD 1981 TO 2010
CLIMATE RECORD PERIOD 9999 TO 9999


WEATHER ITEM   OBSERVED TIME   RECORD YEAR NORMAL DEPARTURE LAST
                VALUE   (LST)  VALUE       VALUE  FROM      YEAR
                                                  NORMAL
..................................................................
TEMPERATURE (F)
 YESTERDAY
  MAXIMUM         73    136 PM  MM      MM  59     14       48
  MINIMUM         60   1159 PM  MM      MM  37     23       34
  AVERAGE         67                        48     19       41

PRECIPITATION (IN)
  YESTERDAY        0.03         MM      MM   0.14  -0.11      T
  MONTH TO DATE    1.98                      2.54  -0.56     3.11
  SINCE MAR 1      1.98                      2.54  -0.56     3.11
  SINCE JAN 1      6.13                      6.93  -0.80     7.35

DEGREE DAYS
 HEATING
  YESTERDAY        0                        17    -17       24
  MONTH TO DATE  511                       525    -14      378
  SINCE MAR 1    511                       525    -14      378
  SINCE JUL 1   3566                      4200   -634     3605

 COOLING
  YESTERDAY        2                         0      2        0
  MONTH TO DATE    2                         0      2        0
  SINCE MAR 1      2                         0      2        0
  SINCE JAN 1      2                         0      2        0
..................................................................


WIND (MPH)
  HIGHEST WIND SPEED    30   HIGHEST WIND DIRECTION     S (180)
  HIGHEST GUST SPEED    40   HIGHEST GUST DIRECTION     S (170)
  AVERAGE WIND SPEED    15.7


SKY COVER
  POSSIBLE SUNSHINE  MM
  AVERAGE SKY COVER 0.6


WEATHER CONDITIONS
 THE FOLLOWING WEATHER WAS RECORDED YESTERDAY.
  LIGHT RAIN
  FOG


RELATIVE HUMIDITY (PERCENT)
 HIGHEST    84           500 PM
 LOWEST     49           100 PM
 AVERAGE    67

..........................................................


THE LAWRENCEVILLE IL AIRPORT CLIMATE NORMALS FOR TODAY
                         NORMAL    RECORD    YEAR
 MAXIMUM TEMPERATURE (F)   59        MM        MM
 MINIMUM TEMPERATURE (F)   38        MM        MM


SUNRISE AND SUNSET
MARCH 26 2017.........SUNRISE   644 AM CDT   SUNSET   708 PM CDT
MARCH 27 2017.........SUNRISE   643 AM CDT   SUNSET   709 PM CDT


-  INDICATES NEGATIVE NUMBERS.
R  INDICATES RECORD WAS SET OR TIED.
MM INDICATES DATA IS MISSING.
T  INDICATES TRACE AMOUNT.




$$
