000
CDUS43 KILX 240659
CLILWV


CLIMATE REPORT
NATIONAL WEATHER SERVICE LINCOLN IL
1259 AM CST MON NOV 24 2014


...................................

...THE LAWRENCEVILLE IL AIRPORT CLIMATE SUMMARY FOR NOVEMBER 23 2014...

CLIMATE NORMAL PERIOD 1981 TO 2010
CLIMATE RECORD PERIOD 9999 TO 9999


WEATHER ITEM   OBSERVED TIME   RECORD YEAR NORMAL DEPARTURE LAST
                VALUE   (LST)  VALUE       VALUE  FROM      YEAR
                                                  NORMAL
..................................................................
TEMPERATURE (F)
 YESTERDAY
  MAXIMUM         57   1159 PM  MM      MM  52      5       35
  MINIMUM         46    131 AM  MM      MM  34     12       20
  AVERAGE         52                        43      9       28

PRECIPITATION (IN)
  YESTERDAY        1.41         MM      MM   0.14   1.27     0.00
  MONTH TO DATE    1.98                      2.98  -1.00     1.52
  SINCE SEP 1      9.47                     10.15  -0.68     8.94
  SINCE JAN 1     38.27                     39.50  -1.23    50.58

DEGREE DAYS
 HEATING
  YESTERDAY       13                        22     -9       37
  MONTH TO DATE  619                       395    224      465
  SINCE SEP 1    945                       691    254      771
  SINCE JUL 1    945                       692    253      776

 COOLING
  YESTERDAY        0                         0      0        0
  MONTH TO DATE    0                         0      0        0
  SINCE SEP 1    145                       203    -58      232
  SINCE JAN 1   1218                      1386   -168     1287
..................................................................


WIND (MPH)
  HIGHEST WIND SPEED    25   HIGHEST WIND DIRECTION    SW (230)
  HIGHEST GUST SPEED    34   HIGHEST GUST DIRECTION    SW (230)
  AVERAGE WIND SPEED    11.5


SKY COVER
  POSSIBLE SUNSHINE  MM
  AVERAGE SKY COVER 0.7


WEATHER CONDITIONS
 THE FOLLOWING WEATHER WAS RECORDED YESTERDAY.
  HEAVY RAIN
  RAIN
  LIGHT RAIN
  FOG
  HAZE


RELATIVE HUMIDITY (PERCENT)
 HIGHEST   100           200 PM
 LOWEST     66          1200 AM
 AVERAGE    83

..........................................................


THE LAWRENCEVILLE IL AIRPORT CLIMATE NORMALS FOR TODAY
                         NORMAL    RECORD    YEAR
 MAXIMUM TEMPERATURE (F)   51        MM        MM
 MINIMUM TEMPERATURE (F)   34        MM        MM


SUNRISE AND SUNSET
NOVEMBER 24 2014......SUNRISE   642 AM CST   SUNSET   431 PM CST
NOVEMBER 25 2014......SUNRISE   643 AM CST   SUNSET   431 PM CST


-  INDICATES NEGATIVE NUMBERS.
R  INDICATES RECORD WAS SET OR TIED.
MM INDICATES DATA IS MISSING.
T  INDICATES TRACE AMOUNT.




$$
