000
CDUS43 KILX 180702
CLILWV


CLIMATE REPORT
NATIONAL WEATHER SERVICE LINCOLN IL
100 AM CST THU JAN 18 2018


...................................

...THE LAWRENCEVILLE IL AIRPORT CLIMATE SUMMARY FOR JANUARY 17 2018...

CLIMATE NORMAL PERIOD 1981 TO 2010
CLIMATE RECORD PERIOD 9999 TO 9999


WEATHER ITEM   OBSERVED TIME   RECORD YEAR NORMAL DEPARTURE LAST
                VALUE   (LST)  VALUE       VALUE  FROM      YEAR
                                                  NORMAL
..................................................................
TEMPERATURE (F)
 YESTERDAY
  MAXIMUM         16    329 PM  MM      MM  39    -23       58
  MINIMUM         -4    733 AM  MM      MM  23    -27       41
  AVERAGE          6                        31    -25       50

PRECIPITATION (IN)
  YESTERDAY        T            MM      MM   0.10  -0.10      T
  MONTH TO DATE    1.44                      1.54  -0.10     2.03
  SINCE DEC 1      2.48                      4.93  -2.45     3.70
  SINCE JAN 1      1.44                      1.54  -0.10     2.03

DEGREE DAYS
 HEATING
  YESTERDAY       59                        34     25       15
  MONTH TO DATE  770                       578    192      534
  SINCE DEC 1   1742                      1519    223     1538
  SINCE JUL 1   2511                      2377    134     2160

 COOLING
  YESTERDAY        0                         0      0        0
  MONTH TO DATE    0                         0      0        0
  SINCE DEC 1      0                         0      0        0
  SINCE JAN 1      0                         0      0        0
..................................................................


WIND (MPH)
  HIGHEST WIND SPEED    15   HIGHEST WIND DIRECTION    NW (300)
  HIGHEST GUST SPEED    18   HIGHEST GUST DIRECTION     W (290)
  AVERAGE WIND SPEED     6.6


SKY COVER
  POSSIBLE SUNSHINE  MM
  AVERAGE SKY COVER 0.2


WEATHER CONDITIONS
 THE FOLLOWING WEATHER WAS RECORDED YESTERDAY.
  LIGHT SNOW
  FOG
  HAZE


RELATIVE HUMIDITY (PERCENT)
 HIGHEST    91           400 AM
 LOWEST     61          1200 PM
 AVERAGE    76

..........................................................


THE LAWRENCEVILLE IL AIRPORT CLIMATE NORMALS FOR TODAY
                         NORMAL    RECORD    YEAR
 MAXIMUM TEMPERATURE (F)   39        MM        MM
 MINIMUM TEMPERATURE (F)   23        MM        MM


SUNRISE AND SUNSET
JANUARY 18 2018.......SUNRISE   706 AM CST   SUNSET   456 PM CST
JANUARY 19 2018.......SUNRISE   705 AM CST   SUNSET   457 PM CST


-  INDICATES NEGATIVE NUMBERS.
R  INDICATES RECORD WAS SET OR TIED.
MM INDICATES DATA IS MISSING.
T  INDICATES TRACE AMOUNT.




$$
