000
CDUS43 KILX 190659
CLILWV


CLIMATE REPORT
NATIONAL WEATHER SERVICE LINCOLN IL
1258 AM CST THU JAN 19 2017


...................................

...THE LAWRENCEVILLE IL AIRPORT CLIMATE SUMMARY FOR JANUARY 18 2017...

CLIMATE NORMAL PERIOD 1981 TO 2010
CLIMATE RECORD PERIOD 9999 TO 9999


WEATHER ITEM   OBSERVED TIME   RECORD YEAR NORMAL DEPARTURE LAST
                VALUE   (LST)  VALUE       VALUE  FROM      YEAR
                                                  NORMAL
..................................................................
TEMPERATURE (F)
 YESTERDAY
  MAXIMUM         41    528 PM  MM      MM  39      2       17
  MINIMUM         37   1159 PM  MM      MM  23     14        5
  AVERAGE         39                        31      8       11

PRECIPITATION (IN)
  YESTERDAY        0.00         MM      MM   0.08  -0.08      T
  MONTH TO DATE    2.03                      1.62   0.41     0.81
  SINCE DEC 1      3.70                      5.01  -1.31     5.75
  SINCE JAN 1      2.03                      1.62   0.41     0.81

DEGREE DAYS
 HEATING
  YESTERDAY       26                        34     -8       54
  MONTH TO DATE  560                       612    -52      641
  SINCE DEC 1   1564                      1553     11     1272
  SINCE JUL 1   2186                      2411   -225     1969

 COOLING
  YESTERDAY        0                         0      0        0
  MONTH TO DATE    0                         0      0        0
  SINCE DEC 1      0                         0      0        0
  SINCE JAN 1      0                         0      0        0
..................................................................


WIND (MPH)
  HIGHEST WIND SPEED    17   HIGHEST WIND DIRECTION    NW (300)
  HIGHEST GUST SPEED    21   HIGHEST GUST DIRECTION     W (290)
  AVERAGE WIND SPEED     6.1


SKY COVER
  POSSIBLE SUNSHINE  MM
  AVERAGE SKY COVER 0.8


WEATHER CONDITIONS
 THE FOLLOWING WEATHER WAS RECORDED YESTERDAY.
  FOG


RELATIVE HUMIDITY (PERCENT)
 HIGHEST   100           800 PM
 LOWEST     85          1000 AM
 AVERAGE    93

..........................................................


THE LAWRENCEVILLE IL AIRPORT CLIMATE NORMALS FOR TODAY
                         NORMAL    RECORD    YEAR
 MAXIMUM TEMPERATURE (F)   39        MM        MM
 MINIMUM TEMPERATURE (F)   23        MM        MM


SUNRISE AND SUNSET
JANUARY 19 2017.......SUNRISE   705 AM CST   SUNSET   458 PM CST
JANUARY 20 2017.......SUNRISE   705 AM CST   SUNSET   459 PM CST


-  INDICATES NEGATIVE NUMBERS.
R  INDICATES RECORD WAS SET OR TIED.
MM INDICATES DATA IS MISSING.
T  INDICATES TRACE AMOUNT.




$$
