000
CDUS43 KILX 232148
CLILWV


CLIMATE REPORT
NATIONAL WEATHER SERVICE LINCOLN IL
447 PM CDT FRI JUN 23 2017


...................................

...THE LAWRENCEVILLE IL AIRPORT CLIMATE SUMMARY FOR JUNE 23 2017...
VALID TODAY AS OF 0400 PM LOCAL TIME.

CLIMATE NORMAL PERIOD 1981 TO 2010
CLIMATE RECORD PERIOD 9999 TO 9999


WEATHER ITEM   OBSERVED TIME   RECORD YEAR NORMAL DEPARTURE LAST
                VALUE   (LST)  VALUE       VALUE  FROM      YEAR
                                                  NORMAL
..................................................................
TEMPERATURE (F)
 TODAY
  MAXIMUM         77    128 PM  MM      MM  87    -10       96
  MINIMUM         72    259 PM  MM      MM  66      6       72
  AVERAGE         75                        76     -1       84

PRECIPITATION (IN)
  TODAY            1.78         MM      MM   0.12   1.66     0.00
  MONTH TO DATE    2.33                      3.01  -0.68     1.78
  SINCE JUN 1      2.33                      3.01  -0.68     1.78
  SINCE JAN 1     20.14                     20.57  -0.43    19.45

DEGREE DAYS
 HEATING
  TODAY            0                         0      0        0
  MONTH TO DATE    0                         6     -6        0
  SINCE JUN 1      0                         6     -6        0
  SINCE JUL 1   3881                      4679   -798     4069

 COOLING
  TODAY           10                        11     -1       19
  MONTH TO DATE  256                       207     49      278
  SINCE JUN 1    256                       207     49      278
  SINCE JAN 1    429                       346     83      398
..................................................................


WIND (MPH)
  HIGHEST WIND SPEED    17   HIGHEST WIND DIRECTION     S (200)
  HIGHEST GUST SPEED    23   HIGHEST GUST DIRECTION     S (200)
  AVERAGE WIND SPEED     9.4


SKY COVER
  POSSIBLE SUNSHINE  MM
  AVERAGE SKY COVER 0.8


WEATHER CONDITIONS
 THE FOLLOWING WEATHER WAS RECORDED TODAY.
  THUNDERSTORM
  HEAVY RAIN
  RAIN
  LIGHT RAIN
  FOG
  FOG W/VISIBILITY <= 1/4 MILE


RELATIVE HUMIDITY (PERCENT)
 HIGHEST   100          1200 AM
 LOWEST     88           100 PM
 AVERAGE    94

..........................................................


THE LAWRENCEVILLE IL AIRPORT CLIMATE NORMALS FOR TOMORROW
                         NORMAL    RECORD    YEAR
 MAXIMUM TEMPERATURE (F)   87        MM        MM
 MINIMUM TEMPERATURE (F)   66        MM        MM


SUNRISE AND SUNSET
JUNE 23 2017..........SUNRISE   526 AM CDT   SUNSET   819 PM CDT
JUNE 24 2017..........SUNRISE   527 AM CDT   SUNSET   819 PM CDT


-  INDICATES NEGATIVE NUMBERS.
R  INDICATES RECORD WAS SET OR TIED.
MM INDICATES DATA IS MISSING.
T  INDICATES TRACE AMOUNT.




$$
